{"id":2230,"date":"2022-06-30T17:10:14","date_gmt":"2022-06-30T15:10:14","guid":{"rendered":"http:\/\/reich-sein.eu\/club\/?page_id=2230"},"modified":"2022-12-30T19:58:19","modified_gmt":"2022-12-30T17:58:19","slug":"wissen","status":"publish","type":"page","link":"https:\/\/reich-sein.eu\/club\/mittel\/wissen\/","title":{"rendered":"Wissen"},"content":{"rendered":"<h2><span style=\"color: #0000ff;\"><strong>Wissen, Weisheiten (ER-Fahrungen)<\/strong><\/span><\/h2>\n<p><strong><em>\u201eDie Lippen der Weisheit sind verschlossen,\u00a0nur nicht f\u00fcr die Ohren des Verst\u00e4ndnisses.\u201c<\/em><\/strong> (<cite>Kybalion)<\/cite><\/p>\n<p><strong>\u201e<i>DIE TUGEND DER SEELE IST DAS WISSEN; <\/i><\/strong><br \/>\n<strong><i>DENN WER WEISS, IST GUT UND EHRF\u00dcRCHTIG UND HAT DIE G\u00d6TTLICHKEIT ERLANGT<\/i>.\u201c<\/strong><br \/>\n(Hermes Trismegistus)<\/p>\n<p><em><strong>\u201eDer Besitz von Wissen, wenn er nicht t\u00e4tig zu Ausdruck und Handlung kommt, ist gleich dem Aufh\u00e4ufen kostbarer Metalle \u2013 ein nutzloses und t\u00f6richtes Ding. Wissen ist wie Reichtum dazu bestimmt, gebraucht zu werden. Dieses Gesetz der Anwendung ist universal, und derjenige, der es verletzt, leidet durch seinen Konflikt mit den Naturkr\u00e4ften.\u201c<\/strong>\u00a0\u00a0<\/em>(<cite>Kybalion)<\/cite><\/p>\n<p>Das Wissen um jede der <em><strong>drei Ebenen<\/strong> (materiell, feinstofflich, spirituelle)<\/em>\u00a0 erm\u00f6glicht die Manifestation Deines Willens in die Realit\u00e4t.<br \/>\nTats\u00e4chlich ist dieses geheim gehaltene (&#8222;esoterische&#8220;)\u00a0 Wissen denen bekannt, die Dich kontrollieren.<br \/>\nDeshalb wollen SIE, da\u00df Du blind und taub f\u00fcr dieser Wissen bist oder st\u00e4ndig besch\u00e4ftigt und abgelenkt davon wirst.<\/p>\n<p>Aber Dein (g\u00f6ttlicher) Wille ist st\u00e4rker als ihre (satanische, luziferische) T\u00e4uschung und Ablenkung.<\/p>\n<p>UND: Das wahre Wissen steht nicht in B\u00fcchern und k\u00f6nnen SIE auch nicht v\u00f6llig verbergen (wie die Original-Bibel im Keller des Vatikan) oder verbrennen (wie die\u00a0gr\u00f6\u00dfte B\u00fcchersammlung der Antike in Alexandria 48 v. Chr.).<\/p>\n<p>Das wahre Wissen und die Weisheit sch\u00f6pfst Du aus Dir selbst und kann durch Dich aus dem Informationsfeld herunter geladen (empfangen) werden.<\/p>\n<p><em>Geld erwerben erfordert Klugheit, <\/em><br \/>\n<em>Geld bewahren erfordert Weisheit und <\/em><br \/>\n<em>Geld richtig ausgeben ist eine Kunst.<\/em><br \/>\n(Berthold Auerbach, deutscher Schriftsteller)<\/p>\n<p>Auf dem Weg zur Weisheit brauchen Menschen Erfahrung durch Alter, Wahrheit und Logik.<br \/>\nWeisheit ist dann der erreichte Verstandes-Zustand, der in bestimmten Situationen vern\u00fcnftig und klug operiert, und der durch Lernen hinzugenommene Wissensinhalte so integriert, da\u00df aus sinnhaften Teilst\u00fccken NEUES (Sinnvolles) erdacht wird.<br \/>\nWeisheit ist Sinnvolles = Richtiges, das in Sinn-Fragmenten im Geist abgelegt ist, um es bei Bedarf wieder angemessen hervorzuholen und zu nutzen.<\/p>\n<p><strong>Die ewige Weisheit sagt:<\/strong> Nur wir sind f\u00fcr unser Leben und die Zukunft verantwortlich!.<\/p>\n<h3><span style=\"color: #0000ff;\"><strong><span class=\"author notFaded\" data-width=\"\">Esmeralda Goldworthy &amp;<span class=\"contribution\"><span class=\"a-color-secondary\">\u00a0<\/span><\/span><\/span><span class=\"author notFaded\" data-width=\"\">Libero magia Verlag\u00a0<\/span><\/strong><\/span><\/h3>\n<div id=\"titleblock_feature_div\" class=\"celwidget\" data-feature-name=\"titleblock\" data-csa-c-type=\"widget\" data-csa-c-content-id=\"titleblock\" data-csa-c-slot-id=\"titleblock_feature_div\" data-csa-c-asin=\"3949675302\" data-csa-c-is-in-initial-active-row=\"false\" data-csa-c-id=\"pljfr2-jvy8q9-okicu2-53wc13\" data-cel-widget=\"titleblock_feature_div\">\n<div class=\"a-section a-spacing-none\">\n<h3 id=\"title\" class=\"a-spacing-none a-text-normal\"><strong><span style=\"color: #0000ff;\"><span id=\"productTitle\" class=\"a-size-extra-large\">Das geheime Wissen der Hexen: So verbindest du dich mit deinen magischen Kr\u00e4ften und erreichst spirituellen Wohlstand\u00a0<\/span><span id=\"productSubtitle\" class=\"a-size-large a-color-secondary\">Taschenbuch (24. August 2022)<\/span><\/span><\/strong><\/h3>\n<p><a href=\"https:\/\/amzn.to\/3VAtqV6\"><img loading=\"lazy\" decoding=\"async\" class=\"alignleft size-full wp-image-5315\" src=\"http:\/\/reich-sein.eu\/club\/wp-content\/uploads\/2022\/12\/41IOEVEOkLL._SX346_BO1204203200_.jpg\" alt=\"\" width=\"348\" height=\"499\" srcset=\"https:\/\/reich-sein.eu\/club\/wp-content\/uploads\/2022\/12\/41IOEVEOkLL._SX346_BO1204203200_.jpg 348w, https:\/\/reich-sein.eu\/club\/wp-content\/uploads\/2022\/12\/41IOEVEOkLL._SX346_BO1204203200_-209x300.jpg 209w\" sizes=\"auto, (max-width: 348px) 100vw, 348px\" \/><\/a><\/p>\n<p>Oft f\u00fchlen wir uns im hektischen Alltag wie ein Spielball der Umst\u00e4nde. Und manchmal kommt ein Gef\u00fchl der Ohnmacht auf. Doch keine Sorge! Du glaubst daran, dass Magie deine Lebensumst\u00e4nde ver\u00e4ndern kann?\u00a0<span class=\"a-text-bold\">Dass es h\u00f6here M\u00e4chte gibt, die deinen K\u00f6rper, deinen Geist und deine Seele nachhaltig vor Unheil sch\u00fctzen k\u00f6nnen?<\/span><\/p>\n<p><span class=\"a-text-bold\">Es ist tats\u00e4chlich wahr:<\/span>\u00a0Es existiert Zauberei, die unsere Leben auf nat\u00fcrliche Weise zu einem besseren Ort machen kann. Und jeder kann sie mit dem notwenigen Glauben an sich selbst anwenden. Auch in dir stecken magische Kr\u00e4fte!<\/p>\n<p><span class=\"a-text-bold\">Doch hier liegt das hinderliche Problem:<\/span><\/p>\n<p>Vielen Junghexen, Einsteigern und magisch Interessierten mangelt es an konkretem Wissen: Wie soll ich konkret vorgehen und was gilt es zu beachten?<\/p>\n<p>Wie kann ich b\u00f6se Energie auf mich selbst, meinen Haushalt und meine Familie vermeiden? Wie kann ich Negatives aufl\u00f6sen? Und wirken daf\u00fcr auch einfache, pragmatische Sachen \u2013 ohne hunderte Euros f\u00fcr spezielles Material oder Rituale auszugeben?<\/p>\n<p><span class=\"a-text-bold\"><u>Denn Fakt ist:<\/u><\/span>\u00a0Wenn man mit magischen Kr\u00e4ften nicht richtig umzugehen wei\u00df, wartet man nicht nur vergeblich auf die gew\u00fcnschte Wirkung. Im schlimmsten Fall kann Zauberei auch f\u00fcr dich selbst gef\u00e4hrlich werden. Um modernen Hexen den Einstieg zu erleichtern, hat Esmeralda Goldworthy dieses Buch verfasst:<\/p>\n<h4><span class=\"a-text-bold\">Altbew\u00e4hrtes Wissen f\u00fcr den modernen Alltag \u2014 So gelingt dein Einstieg in die magische Welt der Hexerei<\/span><\/h4>\n<p>Dieses Buch nimmt dich an die Hand und f\u00fchrt durch die faszinierende Welt der Magie. In einfacher, lebendiger Sprache gewinnst du einen \u00dcberblick \u00fcber das wichtigste Grundlagenwissen.<\/p>\n<p>Mit folgenden Inhalten wirst du deine magischen F\u00e4higkeiten zum Bl\u00fchen bringen \u2013 und das ein oder andere Mal staunen, was nicht alles mit einfachen Mitteln m\u00f6glich ist, unter anderem:<\/p>\n<ul class=\"a-unordered-list a-vertical\">\n<li><span class=\"a-text-bold\">Komplette Schritt f\u00fcr Schritt-Anleitungen<\/span>, wie Hexen ihre magischen Rituale durchf\u00fchren (inkl. Wohlstands-Ritual)<\/li>\n<li><span class=\"a-text-bold\">Die wichtigsten Grunds\u00e4tze und Regeln<\/span>, wenn du mit wei\u00dfer Magie verantwortungsvoll umgehen m\u00f6chtest<\/li>\n<\/ul>\n<ul class=\"a-unordered-list a-vertical\">\n<li><span class=\"a-text-bold\">Die Kraft des Wicca Jahreskreis<\/span>: Wie du im Einklang mit den nat\u00fcrlichen Gesetzm\u00e4\u00dfigkeiten der Jahreszeiten lebst und zauberst<\/li>\n<\/ul>\n<ul class=\"a-unordered-list a-vertical\">\n<li>Mit welchem einfachem Ritual du deinen eigenen Altar f\u00fcr\u00a0<span class=\"a-text-bold\">gelingsichere Zauber<\/span>\u00a0weihen kannst<\/li>\n<\/ul>\n<ul class=\"a-unordered-list a-vertical\">\n<li><span class=\"a-list-item\">Erfahre\u00a0<span class=\"a-text-bold\">seelische und mentale Beruhigung<\/span>\u00a0durch Magie, indem du eine energetische Hausreinigung durchf\u00fchrst<\/span><\/li>\n<\/ul>\n<ul class=\"a-unordered-list a-vertical\">\n<li><span class=\"a-list-item\">Welche\u00a0<span class=\"a-text-bold\">magischen Werkzeuge\u00a0<\/span>und f\u00fcr jede Junghexe Pflicht sind und wie du mit ihnen optimal arbeitest<\/span><\/li>\n<\/ul>\n<ul class=\"a-unordered-list a-vertical\">\n<li><span class=\"a-list-item\"><span class=\"a-text-bold\">Die besten Tipps und Tricks<\/span>\u00a0f\u00fcr wirkungsvolle Zauberspr\u00fcche<\/span><\/li>\n<\/ul>\n<ul class=\"a-unordered-list a-vertical\">\n<li><span class=\"a-list-item\">Wie du einen\u00a0<span class=\"a-text-bold\">wirkungsvollen Zaubertrank<\/span>\u00a0f\u00fcr Hellsichtigkeit herstellst<\/span><\/li>\n<\/ul>\n<ul class=\"a-unordered-list a-vertical\">\n<li><span class=\"a-list-item\">Wie du mit dem\u00a0<span class=\"a-text-bold\">Baumhoroskop der Druiden<\/span>\u00a0Zauber individuell auf dein Sternzeichen abstimmen kannst<\/span><\/li>\n<\/ul>\n<ul class=\"a-unordered-list a-vertical\">\n<li><span class=\"a-list-item\">Wie du mit dem\u00a0<span class=\"a-text-bold\">Imbolc-Zauber\u00a0<\/span>ein heilendes Ritual gegen k\u00f6rperliche und seelische Beschwerden durchf\u00fchrst<\/span><\/li>\n<\/ul>\n<ul class=\"a-unordered-list a-vertical\">\n<li><span class=\"a-list-item\"><span class=\"a-text-bold\">Die besten Ritual- und Zauberpflanzen<\/span>\u00a0f\u00fcr deine Kr\u00e4utermagie<\/span><\/li>\n<\/ul>\n<ul class=\"a-unordered-list a-vertical\">\n<li>Wie ein keltischer Apfel-Schutzzauber\u00a0<span class=\"a-text-bold\">dunkle M\u00e4chte aus deinem Umfeld vertreiben\u00a0<\/span>kann<\/li>\n<li><span class=\"a-list-item\"><span class=\"a-text-bold\">Und vieles mehr.<\/span><\/span><\/li>\n<\/ul>\n<p>Alle Kapitel sind\u00a0<span class=\"a-text-bold\">kompakt, leicht verst\u00e4ndlich<\/span>\u00a0und ohne erhobenen Zeigefinger verfasst. So kannst du in Harmonie mit dir selbst leben und handeln.<\/p>\n<h4>Diese Hexenkunst wird dein Leben und das Leben deiner Liebsten ver\u00e4ndern.<\/h4>\n<p><a href=\"https:\/\/amzn.to\/3VAtqV6\">https:\/\/amzn.to\/3VAtqV6<\/a><\/p>\n<p>&nbsp;<\/p>\n<\/div>\n<\/div>\n<p>&nbsp;<\/p>\n<p>&nbsp;<\/p>\n<h2 class=\"pane-title\"><\/h2>\n","protected":false},"excerpt":{"rendered":"<p>Wissen, Weisheiten (ER-Fahrungen) \u201eDie Lippen der Weisheit sind verschlossen,\u00a0nur nicht f\u00fcr die Ohren des Verst\u00e4ndnisses.\u201c (Kybalion) \u201eDIE TUGEND DER SEELE IST DAS WISSEN; DENN WER WEISS, IST GUT UND EHRF\u00dcRCHTIG UND HAT DIE G\u00d6TTLICHKEIT ERLANGT.\u201c (Hermes Trismegistus) \u201eDer Besitz von Wissen, wenn er nicht t\u00e4tig zu Ausdruck und Handlung kommt, ist gleich dem Aufh\u00e4ufen kostbarer [&hellip;]<\/p>\n","protected":false},"author":1,"featured_media":0,"parent":5069,"menu_order":0,"comment_status":"closed","ping_status":"closed","template":"members-style1-nosidebar.php","meta":{"footnotes":"","_links_to":"","_links_to_target":""},"class_list":["post-2230","page","type-page","status-publish","hentry"],"_links":{"self":[{"href":"https:\/\/reich-sein.eu\/club\/wp-json\/wp\/v2\/pages\/2230","targetHints":{"allow":["GET"]}}],"collection":[{"href":"https:\/\/reich-sein.eu\/club\/wp-json\/wp\/v2\/pages"}],"about":[{"href":"https:\/\/reich-sein.eu\/club\/wp-json\/wp\/v2\/types\/page"}],"author":[{"embeddable":true,"href":"https:\/\/reich-sein.eu\/club\/wp-json\/wp\/v2\/users\/1"}],"replies":[{"embeddable":true,"href":"https:\/\/reich-sein.eu\/club\/wp-json\/wp\/v2\/comments?post=2230"}],"version-history":[{"count":21,"href":"https:\/\/reich-sein.eu\/club\/wp-json\/wp\/v2\/pages\/2230\/revisions"}],"predecessor-version":[{"id":5316,"href":"https:\/\/reich-sein.eu\/club\/wp-json\/wp\/v2\/pages\/2230\/revisions\/5316"}],"up":[{"embeddable":true,"href":"https:\/\/reich-sein.eu\/club\/wp-json\/wp\/v2\/pages\/5069"}],"wp:attachment":[{"href":"https:\/\/reich-sein.eu\/club\/wp-json\/wp\/v2\/media?parent=2230"}],"curies":[{"name":"wp","href":"https:\/\/api.w.org\/{rel}","templated":true}]}}