{"id":2260,"date":"2022-06-30T17:43:59","date_gmt":"2022-06-30T15:43:59","guid":{"rendered":"http:\/\/reich-sein.eu\/club\/?page_id=2260"},"modified":"2022-11-24T15:32:33","modified_gmt":"2022-11-24T13:32:33","slug":"gottes-formeln","status":"publish","type":"page","link":"https:\/\/reich-sein.eu\/club\/seins-dimensionen\/bewusstsein\/gottes-formeln\/","title":{"rendered":"Gottes-Formeln"},"content":{"rendered":"<h2><span style=\"color: #0000ff;\"><strong>Gottes-Formeln: In seinem heiligen Namen\u00a0<\/strong><\/span><\/h2>\n<p><strong><em><span class=\"toctext\">G\u00e4be es Gott nicht, so m\u00fcsste man ihn erfinden.<\/span><\/em><\/strong><\/p>\n<p>Die H\u00f6here\u00a0<strong>Wirklichkeit<\/strong> kann man verschieden nennen, aber meint dasselbe Universum, das nicht &#8222;zuf\u00e4llig&#8220; entstand:<\/p>\n<ul>\n<li><strong>Gott<\/strong><\/li>\n<li><strong>Kosmische\u00a0Intelligenz<\/strong><\/li>\n<li><strong>Kosmische\u00a0Energie\u00a0<\/strong><\/li>\n<li><strong>die Einigkeit<\/strong><\/li>\n<li><strong>der heilige Ursprung (UR-Sprung)<\/strong><\/li>\n<li><strong>Natur (Nat-Ur)<\/strong><\/li>\n<li><strong>das \u201eAbsolute\u201c<\/strong><\/li>\n<\/ul>\n<p>&nbsp;<\/p>\n<p>1 Die 99 sch\u00f6nsten Namen Gottes (ALLAHs)<br \/>\n2 Die 72 Namen des Herrn (Engel)<br \/>\n3 Das Gottes-Reich im Namen Gottes<br \/>\n4 Einssein mit der Quelle<\/p>\n","protected":false},"excerpt":{"rendered":"<p>Gottes-Formeln: In seinem heiligen Namen\u00a0 G\u00e4be es Gott nicht, so m\u00fcsste man ihn erfinden. Die H\u00f6here\u00a0Wirklichkeit kann man verschieden nennen, aber meint dasselbe Universum, das nicht &#8222;zuf\u00e4llig&#8220; entstand: Gott Kosmische\u00a0Intelligenz Kosmische\u00a0Energie\u00a0 die Einigkeit der heilige Ursprung (UR-Sprung) Natur (Nat-Ur) das \u201eAbsolute\u201c &nbsp; 1 Die 99 sch\u00f6nsten Namen Gottes (ALLAHs) 2 Die 72 Namen des Herrn [&hellip;]<\/p>\n","protected":false},"author":1,"featured_media":0,"parent":1687,"menu_order":2,"comment_status":"closed","ping_status":"closed","template":"members-style1-nosidebar.php","meta":{"footnotes":"","_links_to":"","_links_to_target":""},"class_list":["post-2260","page","type-page","status-publish","hentry"],"_links":{"self":[{"href":"https:\/\/reich-sein.eu\/club\/wp-json\/wp\/v2\/pages\/2260","targetHints":{"allow":["GET"]}}],"collection":[{"href":"https:\/\/reich-sein.eu\/club\/wp-json\/wp\/v2\/pages"}],"about":[{"href":"https:\/\/reich-sein.eu\/club\/wp-json\/wp\/v2\/types\/page"}],"author":[{"embeddable":true,"href":"https:\/\/reich-sein.eu\/club\/wp-json\/wp\/v2\/users\/1"}],"replies":[{"embeddable":true,"href":"https:\/\/reich-sein.eu\/club\/wp-json\/wp\/v2\/comments?post=2260"}],"version-history":[{"count":8,"href":"https:\/\/reich-sein.eu\/club\/wp-json\/wp\/v2\/pages\/2260\/revisions"}],"predecessor-version":[{"id":4516,"href":"https:\/\/reich-sein.eu\/club\/wp-json\/wp\/v2\/pages\/2260\/revisions\/4516"}],"up":[{"embeddable":true,"href":"https:\/\/reich-sein.eu\/club\/wp-json\/wp\/v2\/pages\/1687"}],"wp:attachment":[{"href":"https:\/\/reich-sein.eu\/club\/wp-json\/wp\/v2\/media?parent=2260"}],"curies":[{"name":"wp","href":"https:\/\/api.w.org\/{rel}","templated":true}]}}