{"id":2276,"date":"2022-06-30T17:52:05","date_gmt":"2022-06-30T15:52:05","guid":{"rendered":"http:\/\/reich-sein.eu\/club\/?page_id=2276"},"modified":"2022-08-16T15:48:26","modified_gmt":"2022-08-16T13:48:26","slug":"individuelles-wohlsein","status":"publish","type":"page","link":"https:\/\/reich-sein.eu\/club\/seins-dimensionen\/bewusstsein\/individuelles-wohlsein\/","title":{"rendered":"Individuelles Wohlsein"},"content":{"rendered":"<h2><span style=\"color: #0000ff;\"><strong>Individuelles Wohlsein<\/strong><\/span><\/h2>\n<p>1 Wohl-Sein (Wohlbefinden, Wellbeing, Wellness)<br \/>\n2 Aufbau des Allgemeinen Wohlbefindens<br \/>\n3 Carol Ryff: Aspekte des Psychischen Wohlbefindens<br \/>\n4 Der Zustand des Wohl-Seins in der F\u00fclle<br \/>\n5 Carl Gustav Jung: F\u00fcnf Schl\u00fcssel zum Gl\u00fcck<br \/>\n6 Martin Seligman: PERMA-Modell<br \/>\n7 Die 8 Dimensionen des Wohlseins (Well-Beings)<br \/>\n8 Pendel von Mangel und \u00dcberflu\u00df<br \/>\n9 Zust\u00e4nde des Mangels und des \u00dcberfl\u00fcsses<br \/>\n10 Das Konzept des Wohl-Seins in der F\u00fclle<\/p>\n<p>&nbsp;<\/p>\n<p><strong>Der Gl\u00fcckliche<\/strong><\/p>\n<p><em>Gar hochgebohren ist der Mann,<\/em><br \/>\n<em>Der seinem Willen leben kann,<\/em><br \/>\n<em>De\u00df edler Muth sein Adel ist,<\/em><br \/>\n<em>Sein Ruhm die Wahrheit sonder List.<\/em><\/p>\n<p><em>Dem Leidenschaft niemals gebot,<\/em><br \/>\n<em>Nicht f\u00fcrchtet Leben, oder Tod,<\/em><br \/>\n<em>Weis seiner Zeit wohl bessern Brauch,<\/em><br \/>\n<em>Als f\u00fcrs Ger\u00fccht, der Narren Hauch.<\/em><\/p>\n<p><em>Von Hof und Frohnen frank und frei,<\/em><br \/>\n<em>Von Heuchlern fern und B\u00fcberei,<\/em><br \/>\n<em>Was soll der Schmeichler bei ihm thun?<\/em><br \/>\n<em>Auch f\u00fcr&#8217;m Tyrannen kann er ruhn.<\/em><\/p>\n<p><em>Er neidet nicht und hat nicht Neid,<\/em><br \/>\n<em>Kennt nicht der Thoren Ueppigkeit;<\/em><br \/>\n<em>Kennt nicht gest\u00fcrzten Stolzes Schmach,<\/em><br \/>\n<em>Was der f\u00fcr Wunden folgen nach.<\/em><\/p>\n<p><em>Der nicht den Staat, nur sich regiert,<\/em><br \/>\n<em>Und harmlos so den Szepter f\u00fchrt,<\/em><br \/>\n<em>Mehr gibt, als nimmt, und bittet Gott<\/em><br \/>\n<em>Um Dankbarkeit und t\u00e4glich Brod.<\/em><\/p>\n<p><em>Der Mann ist frei und hochgebohr&#8217;n,<\/em><br \/>\n<em>Hat Gl\u00fcck und Hoheit nie verlohr&#8217;n,<\/em><br \/>\n<em>Vor H\u00f6hen sicher, wie vorm Fall,<\/em><br \/>\n<em>Und h\u00e4tt&#8216; er nichts, so hat er&#8217;s All!<\/em><\/p>\n<p>-Johann Gottfried von Herder-<\/p>\n","protected":false},"excerpt":{"rendered":"<p>Individuelles Wohlsein 1 Wohl-Sein (Wohlbefinden, Wellbeing, Wellness) 2 Aufbau des Allgemeinen Wohlbefindens 3 Carol Ryff: Aspekte des Psychischen Wohlbefindens 4 Der Zustand des Wohl-Seins in der F\u00fclle 5 Carl Gustav Jung: F\u00fcnf Schl\u00fcssel zum Gl\u00fcck 6 Martin Seligman: PERMA-Modell 7 Die 8 Dimensionen des Wohlseins (Well-Beings) 8 Pendel von Mangel und \u00dcberflu\u00df 9 Zust\u00e4nde des [&hellip;]<\/p>\n","protected":false},"author":1,"featured_media":0,"parent":1687,"menu_order":10,"comment_status":"closed","ping_status":"closed","template":"members-style1US.php","meta":{"footnotes":"","_links_to":"","_links_to_target":""},"class_list":["post-2276","page","type-page","status-publish","hentry"],"_links":{"self":[{"href":"https:\/\/reich-sein.eu\/club\/wp-json\/wp\/v2\/pages\/2276","targetHints":{"allow":["GET"]}}],"collection":[{"href":"https:\/\/reich-sein.eu\/club\/wp-json\/wp\/v2\/pages"}],"about":[{"href":"https:\/\/reich-sein.eu\/club\/wp-json\/wp\/v2\/types\/page"}],"author":[{"embeddable":true,"href":"https:\/\/reich-sein.eu\/club\/wp-json\/wp\/v2\/users\/1"}],"replies":[{"embeddable":true,"href":"https:\/\/reich-sein.eu\/club\/wp-json\/wp\/v2\/comments?post=2276"}],"version-history":[{"count":2,"href":"https:\/\/reich-sein.eu\/club\/wp-json\/wp\/v2\/pages\/2276\/revisions"}],"predecessor-version":[{"id":2459,"href":"https:\/\/reich-sein.eu\/club\/wp-json\/wp\/v2\/pages\/2276\/revisions\/2459"}],"up":[{"embeddable":true,"href":"https:\/\/reich-sein.eu\/club\/wp-json\/wp\/v2\/pages\/1687"}],"wp:attachment":[{"href":"https:\/\/reich-sein.eu\/club\/wp-json\/wp\/v2\/media?parent=2276"}],"curies":[{"name":"wp","href":"https:\/\/api.w.org\/{rel}","templated":true}]}}