{"id":2312,"date":"2022-06-30T18:08:50","date_gmt":"2022-06-30T16:08:50","guid":{"rendered":"http:\/\/reich-sein.eu\/club\/?page_id=2312"},"modified":"2022-11-24T15:38:08","modified_gmt":"2022-11-24T13:38:08","slug":"fuehlen","status":"publish","type":"page","link":"https:\/\/reich-sein.eu\/club\/seins-dimensionen\/informieren\/fuehlen\/","title":{"rendered":"F\u00fchlen"},"content":{"rendered":"<h2><span style=\"color: #0000ff;\"><strong>F\u00fchlen, Gef\u00fchle, Emotionen meistern<\/strong><\/span><\/h2>\n<p>(= Energien zum Mobilisieren von Bewegung auf ein Ziel)<\/p>\n<p><strong>EMOTIONEN SIND DER TREIBSTOFF DER SCH\u00d6PFUNG!<\/strong><\/p>\n<h3><strong><span style=\"color: #0000ff;\">Mit den Herzen f\u00fchlen<\/span><\/strong><\/h3>\n<p>&nbsp;<\/p>\n<h3 class=\"title style-scope ytd-video-primary-info-renderer\"><span style=\"color: #0000ff;\"><strong>Die eine Frage, die alles ver\u00e4ndert: Was ist Deine gr\u00f6\u00dfte Angst?<\/strong><\/span><\/h3>\n<p>Unsere gr\u00f6\u00dfte Angst ist nicht, ungl\u00fccklich zu sein. Unsere gr\u00f6\u00dfte Angst ist grenzenlos gl\u00fccklich zu sein. Unser Gl\u00fcck, nicht unser Ungl\u00fcck \u00e4ngstigt uns am meisten. Wir fragen uns: Wer bin ich denn, dass ich so brillant sein soll? Aber wer bist Du, es nicht zu sein? Du bist ein Kind Gottes. Es dient der Welt nicht, wenn Du Dich ungl\u00fccklich machst. Sich ungl\u00fccklich zu machen, nur damit sich andere um Dich herum sich nicht unsicher f\u00fchlen, hat nichts Erleuchtetes. Wir wurden geboren, um die Herrlichkeit Gottes, der in uns ist, zu manifestieren. Er ist nicht nur in einigen von uns, er ist in jedem Einzelnen. Und wenn wir unser unendliches Gl\u00fcck scheinen lassen, geben wir damit unbewusst anderen die Erlaubnis, es auch zu tun. Wenn wir von unserem eigenen Ungl\u00fcck befreit sind, befreit unsere Gegenwart automatisch die anderen.<\/p>\n<p>-In Anlehnung an Marianne Williamsons Text \u201eUnsere gr\u00f6\u00dfte Angst\u201c.<\/p>\n<p><iframe loading=\"lazy\" title=\"YouTube video player\" src=\"https:\/\/www.youtube.com\/embed\/ZUtWomxJteE\" width=\"560\" height=\"315\" frameborder=\"0\" allowfullscreen=\"allowfullscreen\"><\/iframe><\/p>\n","protected":false},"excerpt":{"rendered":"<p>F\u00fchlen, Gef\u00fchle, Emotionen meistern (= Energien zum Mobilisieren von Bewegung auf ein Ziel) EMOTIONEN SIND DER TREIBSTOFF DER SCH\u00d6PFUNG! Mit den Herzen f\u00fchlen &nbsp; Die eine Frage, die alles ver\u00e4ndert: Was ist Deine gr\u00f6\u00dfte Angst? Unsere gr\u00f6\u00dfte Angst ist nicht, ungl\u00fccklich zu sein. Unsere gr\u00f6\u00dfte Angst ist grenzenlos gl\u00fccklich zu sein. Unser Gl\u00fcck, nicht unser [&hellip;]<\/p>\n","protected":false},"author":1,"featured_media":0,"parent":1672,"menu_order":8,"comment_status":"closed","ping_status":"closed","template":"members-style1-nosidebar.php","meta":{"footnotes":"","_links_to":"","_links_to_target":""},"class_list":["post-2312","page","type-page","status-publish","hentry"],"_links":{"self":[{"href":"https:\/\/reich-sein.eu\/club\/wp-json\/wp\/v2\/pages\/2312","targetHints":{"allow":["GET"]}}],"collection":[{"href":"https:\/\/reich-sein.eu\/club\/wp-json\/wp\/v2\/pages"}],"about":[{"href":"https:\/\/reich-sein.eu\/club\/wp-json\/wp\/v2\/types\/page"}],"author":[{"embeddable":true,"href":"https:\/\/reich-sein.eu\/club\/wp-json\/wp\/v2\/users\/1"}],"replies":[{"embeddable":true,"href":"https:\/\/reich-sein.eu\/club\/wp-json\/wp\/v2\/comments?post=2312"}],"version-history":[{"count":6,"href":"https:\/\/reich-sein.eu\/club\/wp-json\/wp\/v2\/pages\/2312\/revisions"}],"predecessor-version":[{"id":2809,"href":"https:\/\/reich-sein.eu\/club\/wp-json\/wp\/v2\/pages\/2312\/revisions\/2809"}],"up":[{"embeddable":true,"href":"https:\/\/reich-sein.eu\/club\/wp-json\/wp\/v2\/pages\/1672"}],"wp:attachment":[{"href":"https:\/\/reich-sein.eu\/club\/wp-json\/wp\/v2\/media?parent=2312"}],"curies":[{"name":"wp","href":"https:\/\/api.w.org\/{rel}","templated":true}]}}