{"id":2473,"date":"2022-08-17T09:47:53","date_gmt":"2022-08-17T07:47:53","guid":{"rendered":"http:\/\/reich-sein.eu\/club\/?page_id=2473"},"modified":"2022-11-24T15:49:48","modified_gmt":"2022-11-24T13:49:48","slug":"richtige-frequenzen","status":"publish","type":"page","link":"https:\/\/reich-sein.eu\/club\/seins-dimensionen\/informieren\/richtige-frequenzen\/","title":{"rendered":"Richtige Frequenzen"},"content":{"rendered":"<h2><span style=\"color: #0000ff;\"><strong>Richtige Frequenzen senden und empfangen<\/strong><\/span><\/h2>\n<p>Frequenzen und Symboliken sind der Schl\u00fcssel des ganzen.<\/p>\n<p>Um das Ganze begreifen zu k\u00f6nnen, mu\u00dft Du in Frequenzen &#8222;denken&#8220; k\u00f6nnen und wissen, worauf Du Deine Energie, Deine Frequenz, Dein Bewusstsein lenkst.<\/p>\n<p><em>\u201eMan sollte alle Tage wenigstens <\/em><\/p>\n<ul>\n<li><em>ein kleines Lied <span style=\"color: #0000ff;\">h\u00f6ren<\/span>, <\/em><\/li>\n<li><em>ein gutes Gedicht <span style=\"color: #0000ff;\">lesen,<\/span><\/em><\/li>\n<li><em> ein treffliches Gem\u00e4lde <span style=\"color: #0000ff;\">sehen<\/span> und, wenn es m\u00f6glich zu machen w\u00e4re, <\/em><\/li>\n<li><em>ein vern\u00fcnftiges Wort <span style=\"color: #0000ff;\">sprechen<\/span>.\u201c\u00a0\u00a0<\/em><\/li>\n<\/ul>\n<p>(Johann Wolfgang von Goethe)<\/p>\n<p><span style=\"color: #0000ff;\"><strong>Tabelle, die ungef\u00e4hre Richtwerte \u00fcber Frequenzen enth\u00e4lt, die spezifischen Hirn-Funktionen<\/strong><\/span><br \/>\n<span style=\"color: #0000ff;\"><strong>zuzuordnen sind.<\/strong><\/span><br \/>\nF\u00fcr die Richtigkeit dieser Angaben liegt jedoch keine wissenschaftliche Quelle vor, die Tabelle wurde uns anonym zugestellt:<br \/>\nDelta: 0.1 to 3 Hz.<br \/>\nThe Delta level is normally associated with a deep dreamless sleep, trance state, and non-REM type of sleep:<br \/>\n1.00 Hz Feeling of well-being; pituitary stimulation to release growth hormone; overall view of inter-relationships.<br \/>\nTheta: 3 to 7 Hz.<br \/>\nThe Theta level is normally associated with recall, fantasy, imagery, creativity, inspiration, future planning, dreaming, switching thoughts, and drowsiness.<br \/>\n3.50 Hz Feeling of one with everything; accelerated language retention.<br \/>\n5.50 Hz Moves beyond knowledge to knowing; shows visions of growth needed.<br \/>\n6.30 Hz Mental and astral projection; accelerated learning and increased memory retention.<br \/>\nAlpha: 7 to 13 Hz.<br \/>\nThe Alpha level is associated with a non-drowsy but relaxed, tranquil state of consciousness, primarily with pleasant inward awareness; body\/mind integration.<br \/>\n7.00 Hz Mental and astral projections; bending objects; psychic surgery<br \/>\n7.50 Hz Inter-awareness of self and purpose; guided meditation; creative thought for art, invention, music, etc.;<br \/>\ncontact with spirit guides for direction<br \/>\n7.83 Hz Earth resonance (Beck)<br \/>\n8.00 Hz Level for past life regression<br \/>\n8.30 Hz Pickup visual imagery of mental objects<br \/>\n9.00 Hz Awareness of causes of body imbalances and means for balance<br \/>\n10.50 Hz Frequency to go for healing of the body; mind\/body connection; firewalking<br \/>\n12.00 Hz Centering; frequency of earth resonance (Hercules &#8211; a researcher)<br \/>\nBeta: 13 to 30 Hz.<br \/>\nThe Beta level is associated with outward awareness, the taking in and evaluating of various forms of data received through the senses; it is present with worry, anger, fear, hunger, and surprise.<br \/>\n13.00 Hz &#8211; 30.00 Hz is the NORMAL awakened, daily functioning state.<br \/>\nHigh Beta: 30 to 500 Hz.<br \/>\nThe High Beta level is not associated currently with any state of mind. Some effects have been observed, but currently not enough research has been done in this area, to prove, or disprove, anything.<br \/>\n35.00 Hz Awakening of mid-chakras; balance of chakras<br \/>\n55.00 Hz Tantric yoga; stimulates the kundalini<br \/>\n63.00 Hz Astral projection<br \/>\n70.00 Hz Mental and astral projection<br \/>\n80.00 Hz Awareness and control of right direction<br \/>\n83.00 Hz Third eye opening for some people<br \/>\n90.00 Hz Good feelings; security, well being, balancing<br \/>\n105.00 Hz Overall view of complete situation<br \/>\n108.00 Hz Total knowing<br \/>\n120.00 &#8211; 500.00 Hz P.S.I.; moving of objects, changing matter; transmutation<\/p>\n<h3><span style=\"color: #0000ff;\"><strong>T\u00f6ne (&#8222;Am Anfang war der Ton&#8220;)<\/strong><\/span><\/h3>\n<ul>\n<li><strong>Ur-Ton OM oder AUM<\/strong><\/li>\n<li><strong>Individueller Ton<\/strong><\/li>\n<li><strong>Solfeggio<\/strong><\/li>\n<li><strong>Musik<\/strong><\/li>\n<li><strong>Lieder <\/strong>(Wo man singt, da la\u00df Dich nieder, b\u00f6se Menschen singen keine Lieder.)<\/li>\n<li><strong>T\u00f6nen und H\u00f6ren\u00a0<\/strong><\/li>\n<li><strong>Singen und Zuh\u00f6ren<\/strong><\/li>\n<li><strong>Besingen<\/strong><\/li>\n<\/ul>\n<h3><span style=\"color: #0000ff;\"><strong>Gedanken<\/strong><\/span><\/h3>\n<ul>\n<li><a href=\"https:\/\/youtu.be\/fLTluUuuJxo\"><strong>TIMELINES XXIV &#8211; WIR STEUERN DIE MANIFESTATIONS-FREQUENZEN DER PATRIX DURCH UNSERE GEDANKEN<\/strong><\/a><\/li>\n<li><strong><span style=\"color: #0000ff;\">Formulieren und Empfangen<\/span><\/strong><\/li>\n<li><strong>Bedenken<\/strong><\/li>\n<li><strong>Bedanken<\/strong><\/li>\n<\/ul>\n<h3><span style=\"color: #0000ff;\"><strong>Gef\u00fchle (Emotionen)<\/strong><\/span><\/h3>\n<ul>\n<li><span style=\"color: #0000ff;\"><strong>Aktivieren und Genie\u00dfen<\/strong><\/span><\/li>\n<li>Bef\u00fchlen<\/li>\n<\/ul>\n<h3><span style=\"color: #0000ff;\"><strong>Worte<\/strong><\/span><\/h3>\n<ul>\n<li><strong>Sprache<\/strong><\/li>\n<li><strong>Spr\u00fcche<\/strong>, Formeln (Zauber-Spr\u00fcche), Weisheits-Zitate<\/li>\n<li><strong>Mystics<\/strong><\/li>\n<li><span style=\"color: #0000ff;\"><strong>Schreiben und Lesen<\/strong><\/span><\/li>\n<li><strong>Beschreiben<\/strong><\/li>\n<\/ul>\n<h3><span style=\"color: #0000ff;\"><strong>Sprechen<\/strong><\/span><\/h3>\n<ul>\n<li><strong>Stimme (\u00e4u\u00dfere und innere Stimme)<\/strong><\/li>\n<li><span style=\"color: #0000ff;\"><strong>Sprechen und Zuh\u00f6ren<\/strong><\/span><\/li>\n<li><strong>Besprechen<\/strong><\/li>\n<\/ul>\n<h3><span style=\"color: #0000ff;\"><strong>Bilder\u00a0(&#8222;Ein Bild sagt mehr als Tausend Worte&#8220;)<\/strong><\/span><\/h3>\n<ul>\n<li><span style=\"color: #0000ff;\"><strong>Malen und Ansehen<\/strong><\/span><\/li>\n<li><strong>Bezeichnen<\/strong><\/li>\n<\/ul>\n<h3><span style=\"color: #0000ff;\"><strong>Symbole<\/strong><\/span><\/h3>\n<ul>\n<li><strong>Heilige Geometrie<\/strong><\/li>\n<\/ul>\n<p><em>\u201eAlles, was geschieht, ist Symbol, und, indem es vollkommen sich selbst darstellt, deutet es auf das \u00dcbrige. In dieser Betrachtung scheint mir die h\u00f6chste Anma\u00dfung und die h\u00f6chste Bescheidenheit zu liegen.\u201c<\/em> (Johann Wolfgang von Goethe)<\/p>\n<h3><span style=\"color: #0000ff;\"><strong>Zahlen<\/strong><\/span><\/h3>\n<ul>\n<li><strong>Grabovoi<\/strong><\/li>\n<li><span style=\"color: #0000ff;\"><strong>Z\u00e4hlen und Bezahlen<\/strong><\/span><\/li>\n<li><strong>Berechnen<\/strong><\/li>\n<\/ul>\n<p><iframe loading=\"lazy\" title=\"YouTube video player\" src=\"https:\/\/www.youtube.com\/embed\/fLTluUuuJxo\" width=\"560\" height=\"315\" frameborder=\"0\" allowfullscreen=\"allowfullscreen\"><\/iframe><\/p>\n","protected":false},"excerpt":{"rendered":"<p>Richtige Frequenzen senden und empfangen Frequenzen und Symboliken sind der Schl\u00fcssel des ganzen. Um das Ganze begreifen zu k\u00f6nnen, mu\u00dft Du in Frequenzen &#8222;denken&#8220; k\u00f6nnen und wissen, worauf Du Deine Energie, Deine Frequenz, Dein Bewusstsein lenkst. \u201eMan sollte alle Tage wenigstens ein kleines Lied h\u00f6ren, ein gutes Gedicht lesen, ein treffliches Gem\u00e4lde sehen und, wenn [&hellip;]<\/p>\n","protected":false},"author":1,"featured_media":0,"parent":1672,"menu_order":0,"comment_status":"closed","ping_status":"closed","template":"members-style1-nosidebar.php","meta":{"footnotes":"","_links_to":"","_links_to_target":""},"class_list":["post-2473","page","type-page","status-publish","hentry"],"_links":{"self":[{"href":"https:\/\/reich-sein.eu\/club\/wp-json\/wp\/v2\/pages\/2473","targetHints":{"allow":["GET"]}}],"collection":[{"href":"https:\/\/reich-sein.eu\/club\/wp-json\/wp\/v2\/pages"}],"about":[{"href":"https:\/\/reich-sein.eu\/club\/wp-json\/wp\/v2\/types\/page"}],"author":[{"embeddable":true,"href":"https:\/\/reich-sein.eu\/club\/wp-json\/wp\/v2\/users\/1"}],"replies":[{"embeddable":true,"href":"https:\/\/reich-sein.eu\/club\/wp-json\/wp\/v2\/comments?post=2473"}],"version-history":[{"count":22,"href":"https:\/\/reich-sein.eu\/club\/wp-json\/wp\/v2\/pages\/2473\/revisions"}],"predecessor-version":[{"id":3373,"href":"https:\/\/reich-sein.eu\/club\/wp-json\/wp\/v2\/pages\/2473\/revisions\/3373"}],"up":[{"embeddable":true,"href":"https:\/\/reich-sein.eu\/club\/wp-json\/wp\/v2\/pages\/1672"}],"wp:attachment":[{"href":"https:\/\/reich-sein.eu\/club\/wp-json\/wp\/v2\/media?parent=2473"}],"curies":[{"name":"wp","href":"https:\/\/api.w.org\/{rel}","templated":true}]}}