{"id":2483,"date":"2022-08-17T11:01:45","date_gmt":"2022-08-17T09:01:45","guid":{"rendered":"http:\/\/reich-sein.eu\/club\/?page_id=2483"},"modified":"2022-11-24T16:08:39","modified_gmt":"2022-11-24T14:08:39","slug":"bilder","status":"publish","type":"page","link":"https:\/\/reich-sein.eu\/club\/seins-dimensionen\/informieren\/bilder\/","title":{"rendered":"Bilder"},"content":{"rendered":"<h2><span style=\"color: #0000ff;\"><strong>Bilder und Symbole<\/strong><\/span><\/h2>\n<p><strong>Heilige Geometrie steckt in allem Lebendigen:<\/strong><\/p>\n<p><a href=\"http:\/\/reich-sein.eu\/club\/wp-content\/uploads\/2022\/08\/Heilige-Geometrie-in-allem-Lebendigem.jpg\"><img loading=\"lazy\" decoding=\"async\" class=\"size-full wp-image-2487 alignnone\" src=\"http:\/\/reich-sein.eu\/club\/wp-content\/uploads\/2022\/08\/Heilige-Geometrie-in-allem-Lebendigem.jpg\" alt=\"\" width=\"722\" height=\"720\" srcset=\"https:\/\/reich-sein.eu\/club\/wp-content\/uploads\/2022\/08\/Heilige-Geometrie-in-allem-Lebendigem.jpg 722w, https:\/\/reich-sein.eu\/club\/wp-content\/uploads\/2022\/08\/Heilige-Geometrie-in-allem-Lebendigem-150x150.jpg 150w, https:\/\/reich-sein.eu\/club\/wp-content\/uploads\/2022\/08\/Heilige-Geometrie-in-allem-Lebendigem-300x300.jpg 300w\" sizes=\"auto, (max-width: 722px) 100vw, 722px\" \/><\/a><\/p>\n<p>Energetische Autonomie beginnt nach der Polarit\u00e4t<\/p>\n<p>Jede geometrische Form strebt eine Veredlung auf n\u00e4chster Entwicklungsstufe an. Wir sehen das im Mikro-, wie im Makrokosmos. Wir sind ein Teil dessen. Wie im kleinen so in Gro\u00dfen.<\/p>\n<p>Du tr\u00e4gst mit deinem Bewusstsein den Schl\u00fcssel zur Weiterentwicklung bereits in dir. Nutze deinen freien Willen und erhalte das Feedback des Leben<\/p>\n<p><a href=\"http:\/\/reich-sein.eu\/club\/wp-content\/uploads\/2022\/08\/Geometrie.jpg\"><img loading=\"lazy\" decoding=\"async\" class=\"aligncenter size-full wp-image-2608\" src=\"http:\/\/reich-sein.eu\/club\/wp-content\/uploads\/2022\/08\/Geometrie.jpg\" alt=\"\" width=\"814\" height=\"720\" srcset=\"https:\/\/reich-sein.eu\/club\/wp-content\/uploads\/2022\/08\/Geometrie.jpg 814w, https:\/\/reich-sein.eu\/club\/wp-content\/uploads\/2022\/08\/Geometrie-300x265.jpg 300w, https:\/\/reich-sein.eu\/club\/wp-content\/uploads\/2022\/08\/Geometrie-768x679.jpg 768w\" sizes=\"auto, (max-width: 814px) 100vw, 814px\" \/><\/a><\/p>\n","protected":false},"excerpt":{"rendered":"<p>Bilder und Symbole Heilige Geometrie steckt in allem Lebendigen: Energetische Autonomie beginnt nach der Polarit\u00e4t Jede geometrische Form strebt eine Veredlung auf n\u00e4chster Entwicklungsstufe an. Wir sehen das im Mikro-, wie im Makrokosmos. Wir sind ein Teil dessen. Wie im kleinen so in Gro\u00dfen. Du tr\u00e4gst mit deinem Bewusstsein den Schl\u00fcssel zur Weiterentwicklung bereits in [&hellip;]<\/p>\n","protected":false},"author":1,"featured_media":0,"parent":1672,"menu_order":0,"comment_status":"closed","ping_status":"closed","template":"members-style1-nosidebar.php","meta":{"footnotes":"","_links_to":"","_links_to_target":""},"class_list":["post-2483","page","type-page","status-publish","hentry"],"_links":{"self":[{"href":"https:\/\/reich-sein.eu\/club\/wp-json\/wp\/v2\/pages\/2483","targetHints":{"allow":["GET"]}}],"collection":[{"href":"https:\/\/reich-sein.eu\/club\/wp-json\/wp\/v2\/pages"}],"about":[{"href":"https:\/\/reich-sein.eu\/club\/wp-json\/wp\/v2\/types\/page"}],"author":[{"embeddable":true,"href":"https:\/\/reich-sein.eu\/club\/wp-json\/wp\/v2\/users\/1"}],"replies":[{"embeddable":true,"href":"https:\/\/reich-sein.eu\/club\/wp-json\/wp\/v2\/comments?post=2483"}],"version-history":[{"count":6,"href":"https:\/\/reich-sein.eu\/club\/wp-json\/wp\/v2\/pages\/2483\/revisions"}],"predecessor-version":[{"id":2609,"href":"https:\/\/reich-sein.eu\/club\/wp-json\/wp\/v2\/pages\/2483\/revisions\/2609"}],"up":[{"embeddable":true,"href":"https:\/\/reich-sein.eu\/club\/wp-json\/wp\/v2\/pages\/1672"}],"wp:attachment":[{"href":"https:\/\/reich-sein.eu\/club\/wp-json\/wp\/v2\/media?parent=2483"}],"curies":[{"name":"wp","href":"https:\/\/api.w.org\/{rel}","templated":true}]}}