{"id":2729,"date":"2022-09-06T11:06:09","date_gmt":"2022-09-06T09:06:09","guid":{"rendered":"http:\/\/reich-sein.eu\/club\/?page_id=2729"},"modified":"2022-11-23T22:45:39","modified_gmt":"2022-11-23T20:45:39","slug":"energie","status":"publish","type":"page","link":"https:\/\/reich-sein.eu\/club\/seins-dimensionen\/energie\/","title":{"rendered":"ENERGIE"},"content":{"rendered":"<h2><span style=\"color: #0000ff;\"><strong>Energie ist LICHT <\/strong><\/span><\/h2>\n<p><span style=\"color: #0000ff;\"><strong>(= Lichtquanten aus Welle und Partikel)<\/strong><\/span><\/p>\n<p>Alles ist Licht.<\/p>\n<p>Das Licht ist die Quelle. Alles entspringt der Quelle!<\/p>\n<p>Du bist dieses Licht. Du bist daher auch die Quelle.<\/p>\n<p>Alles, was in der Quelle vorhanden ist, kann sich in Dir manifestieren.<\/p>\n<p>Alles, was Du hier in den niederen Dimensionen (der 3D-Welt) erschaffst, sendest Du als Teil des Bewusstseins aus, das sich mit dem Ganzen des EINEN integriert.<\/p>\n<p>Erlaube Deinem Geist, offen f\u00fcr <strong>neue M\u00f6glichkeiten<\/strong> zu sein.<\/p>\n<p>Anstatt Dir immer wieder die gleichen Fragen zu stellen, bringe LICHT in die Situation und frage Dich etwas Neues. Wenn Du erkennst, da\u00df sich vieles schnell \u00e4ndert, erlaube Deinem Geist,<\/p>\n<ul>\n<li>frei genug zu sein, um h\u00f6here F\u00fchrung zu erhalten, und<\/li>\n<li>verwende LIEBE und LICHT als <em><span style=\"color: #0000ff;\"><strong>Werkzeuge<\/strong><\/span><\/em>, um Dir durch diesen Ver\u00e4nderungsprozess zu helfen.<\/li>\n<\/ul>\n<p>Wenn Du um Hilfe bittest (betest), kannst Du Dich auch auf das konzentrieren, was Du erreichen m\u00f6chtest.<\/p>\n<p>Die Verwendung von Licht als Werkzeug wird dabei die Art und Weise ver\u00e4ndern, wie die Dinge in Deiner Realit\u00e4t funktionieren.<\/p>\n<p>Deshalb ist es wichtig, da\u00df wir alle <span style=\"color: #0000ff;\"><strong>unsere Energie darauf konzentrieren, <\/strong><\/span><\/p>\n<ul>\n<li><strong>was wir wollen und <\/strong><\/li>\n<li><strong>wie wir es in unserer Welt manifestieren k\u00f6nnen.<\/strong><\/li>\n<\/ul>\n<p><span style=\"color: #0000ff;\"><strong>Zur\u00fcck zur Quelle (zur Heimat, zum Ur-Sprung)<\/strong><\/span><\/p>\n<p>Mit jedem Schritt in Richtung der Quelle schwindet das Gef\u00fchl der Abgeschiedenheit, der Trennung von der Quelle und Du f\u00fchlst Dich mehr mit unserem kosmischen Ursprung verbunden. Du hast wirklich das Gef\u00fchl, dass Du auf dem Weg zur\u00fcck nach Hause bist.<\/p>\n<p>Wenn Bewusstsein Licht ist und Du ein Bewusstsein bist, dann bist Du Licht.<br \/>\nAlle Probleme, Schmerzen, Leiden, Knappheit, Mangel &#8211; alle Situationen, die Unbehagen verursachen, sind nichts anderes als die <strong>Abwesenheit von Licht<\/strong>.<\/p>\n<p>Die Reflexion dieses Mangels wird als Unbehagen in unserem dichten physischen K\u00f6rper empfunden, denn sonst w\u00fcrden wir nicht verstehen, dass es dort einen Punkt gibt, der <strong>erleuchtet werden muss<\/strong>.<\/p>\n<ul>\n<li>Krankheit ist die Abwesenheit von Licht.<\/li>\n<li>Hunger ist die Abwesenheit von Licht.<\/li>\n<li>Armut ist das Fehlen von Licht.<\/li>\n<li>Elend, Verbrechen, Diebstahl, Missbrauch, Angst, &#8230;.<\/li>\n<li>alle Situationen des Leidens sind nichts anderes als die Abwesenheit von Licht.<\/li>\n<\/ul>\n<p>Das Bed\u00fcrfnis der inkarnierten Seele, all dies zu erleuchten, f\u00fchrt dazu, dass sie einen zerbrechlichen K\u00f6rper hat, der alle Symptome sp\u00fcrt, wo dieses Licht fehlt.<\/p>\n<p><span style=\"color: #0000ff;\"><strong>Du kannst viel mehr tun, als Du Dir (bisher) vorstellst <\/strong><\/span><\/p>\n<p>Jetzt ist es an der Zeit, sich von den <strong>Glaubenss\u00e4tzen<\/strong> zu befreien, <strong>die Dich so sehr einschr\u00e4nken<\/strong>.<\/p>\n<p>Es gibt eine gro\u00dfe und m\u00e4chtige Quelle von Energie bzw. Licht in Dir.\u00a0Lerne, diese zu benutzen.<\/p>\n<p>Die gro\u00dfe Wahrheit besteht darin, nach innen &#8211; nicht nach au\u00dfen &#8211; zu schauen!<\/p>\n<p>Dort drau\u00dfen gibt es nichts, was mehr kann als das, was schon in dieser inneren Quelle ist und auf Befreiung und Nutzung wartet.<\/p>\n<p>In dieser Quelle ist genug f\u00fcr alles und f\u00fcr jeden drin. Und wenn und weil das genau so ist, fehlt es Dir an nichts.<\/p>\n<p>ERLEUCHTE DICH SELBST!<\/p>\n<p>Atme dieses Licht. Verbreite dieses Licht in jeder Zelle Deines K\u00f6rpers, um Dich herum und in alle Richtungen.<\/p>\n<ul>\n<li>Versorge Dich selbst immer mit Diesem Licht, denn es ist nicht begrenzt.<\/li>\n<li>Schicke es an die Tiere, an die Pflanzen, an die Fl\u00fcsse, an die Meere, wo immer Du es f\u00fcr n\u00f6tig h\u00e4ltst.<\/li>\n<li>Schicke es in die Regionen, in denen es Konflikte gibt.<\/li>\n<li>Schicke es an die alten Verwaltungen, die sich noch immer \u00fcber die Abwesenheit des Lichts freuen.<\/li>\n<\/ul>\n<p>SENDE LICHT! Strahle Dein g\u00f6ttliches Licht aus!<\/p>\n<p>Nichts ist so m\u00e4chtig, wie das Senden von Licht. Liebe ist reines Licht.<\/p>\n<p>Wo Licht ist, ist alles im \u00dcberfluss vorhanden, denn das Licht ist die sch\u00f6pferische Quelle von allem.<\/p>\n<p>Wenn ein Kind geboren wird, sagt man oft, dass die Mutter das Licht geboren hat. Ja, es ist das Licht, das ein neues Leben bringt, nicht ein neues Leben, das das Licht bringt.<\/p>\n<p>Wir haben heute immer mehr die Macht, alles zu beleuchten, was Du Dir vorstellen kannst.<\/p>\n<ul>\n<li>Sei es ein Schmerz oder eine Krankheit, die Du empfindest oder durchmachst,<\/li>\n<li>sei es ein Mangel an Geld f\u00fcr Deine Versorgung, den Du erf\u00e4hrst,<\/li>\n<li>sei es ein anderes Gef\u00fchl des Unbehagens.<\/li>\n<li>\u00a0Schickt diesen Menschen Licht und vertraut einfach! Erinnere dich daran, dass du erschaffen kannst, aber du kannst dich nicht in den Seelenplan anderer einmischen. Das Licht, das Sie senden, ist ein Werkzeug, das die andere Person haben wird und das sie nach ihrer eigenen Entscheidung nutzen kann oder nicht.<\/li>\n<\/ul>\n<p><strong><span style=\"color: #0000ff;\">Versuche nicht, bei Dir oder bei den anderen etwas zu \u00e4ndern. <\/span><\/strong><\/p>\n<ul>\n<li>Aktiviere Deine eigene innere Licht-Quelle oder sende einfach das Licht an andere und w\u00fcnschen Dir oder den anderen\u00a0 das Beste!<\/li>\n<li>Urteile nicht \u00fcber Dich selbst und auch nicht \u00fcber den anderen.<\/li>\n<li>Sende Dir und anderen einfach das Licht und hoffe, da\u00df es allen hilft, ihren Weg aus der Dunkelheit zu finden.<\/li>\n<li>Bedaure Dich nicht f\u00fcr Deine unbehagliche Lage oder andere f\u00fcr ihre schlechte Situation,\u00a0 sondern aktiviere und sende Licht.<\/li>\n<li>W\u00fcnscht niemals einem anderen etwas B\u00f6ses, sondern sendet Licht!<\/li>\n<li>Bitte nicht den Himmel (oder einen von Dir getrennten und fremden Gott) verzweifelt darum, Dir oder jemandem zu helfen, sondern aktiviere bzw. sende einfach Licht mit Liebe und Vertrauen.<\/li>\n<\/ul>\n<p><span style=\"color: #0000ff;\"><strong>Heilung ist nichts anderes als das Licht, das wieder gen\u00fcgend da ist und flie\u00dft.<\/strong><\/span><\/p>\n<p>Der wahre Heiler hat keine \u00fcbernat\u00fcrlichen Kr\u00e4fte, aber er hat eine gro\u00dfe Macht, das Licht zu demjenigen zu lenken, der Heilung braucht. Techniken sind dabei hilfreich, aber was wirklich heilt, ist das Licht, das der Heiler aussenden kann. Christus tat dies mit einer einfachen Absicht. Und er sagte, dass wir alle dies und noch viel mehr tun und erreichen k\u00f6nnen.<br \/>\nWas brauchst Du also noch, um Deine, Dir angeborenen (gegebene) F\u00e4higkeiten in die Praxis umzusetzen?<\/p>\n<p>Es gibt f\u00fcr niemanden mehr eine Entschuldigung daf\u00fcr, dass er nicht wei\u00df, was er tun soll, oder wie er jemandem helfen kann.<\/p>\n<p><span style=\"color: #0000ff;\"><strong>Beginne JETZT und HIER. <\/strong><\/span><\/p>\n<p>https:\/\/t.me\/+lkdrke5Aozc1OTNi<\/p>\n<p>https:\/\/t.me\/joinchat\/UDhEMir3-8gZfXGg<\/p>\n<p><span style=\"color: #0000ff;\"><strong>Mehr und neues Licht flie\u00dft in unser Leben<\/strong><\/span><\/p>\n<p>Kosmische Kr\u00e4fte sind auch an physischen, emotionalen und mentalen Erfahrungen beteiligt, wenn das LICHT in unser planetarisches Reich flie\u00dft und den Prozess der Umwandlung von Kohlenstoff in Kristallin vollzieht.<\/p>\n<p>Ph\u00e4nomene, die von der &#8222;Gro\u00dfen Zentralsonne&#8220; angetrieben werden, da sie unserer Sonne und dann unserem Planeten und uns Energie zuf\u00fchrt, genauso wie unsere DNA und unsere zellul\u00e4ren Aufzeichnungen kontinuierlich gereinigt und aktualisiert werden.<br \/>\nWir sind Teil dieses Prozesses.<\/p>\n<h2><span style=\"color: #0000ff;\"><strong>DIE ENERGIE DER ZUKUNFT<\/strong><\/span><\/h2>\n<p>Die Energie in der Zukunft der Erde wird die gleiche Energie sein, die auf Planeten in einer <strong>h\u00f6heren<\/strong> Dimension als der gegenw\u00e4rtigen 3D-Dimension der Erde verwendet wird.<\/p>\n<p>In dieser Energie h\u00f6herer Schwingung kann sich nichts Physisches (Materielles) in der dritten Dimension selbst erhalten, so dass es f\u00fcr uns unm\u00f6glich ist, uns in Bezug auf fortgeschrittene Technologie wie die au\u00dferirdische Technologie zum jetzigen Zeitpunkt zu entwickeln.<\/p>\n<p>Dies ist der Hauptgrund, warum wir uns in ein <strong><span style=\"color: #0000ff;\">f\u00fcnftdimensionales Bewusstsein<\/span><\/strong> entwickeln m\u00fcssen, um den planetarischen \u00dcbergang und den Aufstieg des Menschen zu schaffen.<\/p>\n<p>Beim planetarischen \u00dcbergang in die f\u00fcnfte Dimension wird <strong><span style=\"color: #0000ff;\">alles, was nicht in der 5D-Energie schwingt, aufgel\u00f6st.\u00a0Die Welt der f\u00fcnften Dimension ist eine Welt des Lichts, der Liebe und der Freiheit. Hier finden wir alle Arten von Gl\u00fcck und unbegrenzte M\u00f6glichkeiten.<\/span><\/strong><\/p>\n<p>Mit der Deaktivierung der 3D-Matrix durch die Emission der 5D-Energie wird die gesamte holographische Projektion der Matrix, die eine Technologie zur Kontrolle der Illusion der Erde ist, ausgeschaltet.\u00a0\u00a0Die Welt der dritten Dimension ist eine der <strong>Dunkelheit, K\u00e4lte und Begrenzung<\/strong>. Hier finden wir alle Arten von <strong>Angst- und Horrorgeschichten.<\/strong><\/p>\n<p>Die Erde in der f\u00fcnften Dimension wird eine Energie verwenden, die mit den anderen bestehenden Folgen interagiert, so dass sie nicht verarbeitet oder manipuliert werden mu\u00df, sondern sich einfach automatisch ausbreitet, <strong><span style=\"color: #0000ff;\">wenn sie gebraucht wird.<\/span><\/strong><\/p>\n<p>Deshalb \u00fcben wir uns f\u00fcr den Aufstieg in diese Energien mit der Formel:<\/p>\n<p><em><strong><span style=\"color: #0000ff;\">&#8222;ICH BIN REICH; was ich brauche kommt gleich.&#8220;<\/span><\/strong><\/em><\/p>\n","protected":false},"excerpt":{"rendered":"<p>Energie ist LICHT (= Lichtquanten aus Welle und Partikel) Alles ist Licht. Das Licht ist die Quelle. Alles entspringt der Quelle! Du bist dieses Licht. Du bist daher auch die Quelle. Alles, was in der Quelle vorhanden ist, kann sich in Dir manifestieren. Alles, was Du hier in den niederen Dimensionen (der 3D-Welt) erschaffst, sendest [&hellip;]<\/p>\n","protected":false},"author":1,"featured_media":0,"parent":2897,"menu_order":0,"comment_status":"closed","ping_status":"closed","template":"members-style1-nosidebar.php","meta":{"footnotes":"","_links_to":"","_links_to_target":""},"class_list":["post-2729","page","type-page","status-publish","hentry"],"_links":{"self":[{"href":"https:\/\/reich-sein.eu\/club\/wp-json\/wp\/v2\/pages\/2729","targetHints":{"allow":["GET"]}}],"collection":[{"href":"https:\/\/reich-sein.eu\/club\/wp-json\/wp\/v2\/pages"}],"about":[{"href":"https:\/\/reich-sein.eu\/club\/wp-json\/wp\/v2\/types\/page"}],"author":[{"embeddable":true,"href":"https:\/\/reich-sein.eu\/club\/wp-json\/wp\/v2\/users\/1"}],"replies":[{"embeddable":true,"href":"https:\/\/reich-sein.eu\/club\/wp-json\/wp\/v2\/comments?post=2729"}],"version-history":[{"count":14,"href":"https:\/\/reich-sein.eu\/club\/wp-json\/wp\/v2\/pages\/2729\/revisions"}],"predecessor-version":[{"id":3089,"href":"https:\/\/reich-sein.eu\/club\/wp-json\/wp\/v2\/pages\/2729\/revisions\/3089"}],"up":[{"embeddable":true,"href":"https:\/\/reich-sein.eu\/club\/wp-json\/wp\/v2\/pages\/2897"}],"wp:attachment":[{"href":"https:\/\/reich-sein.eu\/club\/wp-json\/wp\/v2\/media?parent=2729"}],"curies":[{"name":"wp","href":"https:\/\/api.w.org\/{rel}","templated":true}]}}