{"id":2894,"date":"2022-09-11T14:02:24","date_gmt":"2022-09-11T12:02:24","guid":{"rendered":"http:\/\/reich-sein.eu\/club\/?page_id=2894"},"modified":"2022-11-25T21:46:35","modified_gmt":"2022-11-25T19:46:35","slug":"de-blockieren","status":"publish","type":"page","link":"https:\/\/reich-sein.eu\/club\/seins-dimensionen\/informieren\/de-blockieren\/","title":{"rendered":"De-Blockieren von Energie"},"content":{"rendered":"<h2><span style=\"color: #0000ff;\"><strong>De-Blockieren von Energiestau<\/strong><\/span><\/h2>\n<p>Der Flu\u00df der Lebens-Energie wird blockiert (krank) und mu\u00df gel\u00f6st werden (heil).<\/p>\n<p>Dadurch ist f\u00fcr die Sch\u00f6pfung des (g\u00f6ttlichen) Lebens durch den Sch\u00f6pferstrom bzw. f\u00fcr die Manifestation mehr Energie verf\u00fcgbar.<\/p>\n<p>Es ist tats\u00e4chlich sehr schockierend, wenn sich deine Augen \u00f6ffnen und du siehst, wie B\u00f6se diejenigen, die die Welt kontrollieren, wirklich sind.<\/p>\n<p>Du verstehst nun, wie viele zutiefst falsche Glaubenss\u00e4tze du aufgebaut hast.<br \/>\nDu verstehst nun, wen du angebetet hast.<br \/>\nWie sehr du dein ganzes Leben lang in dieses \u00dcbel eingetaucht warst.<br \/>\nWie sehr du ein fremdes Leben gelebt hast.<br \/>\nWie sehr du eigene Illusionen hinterhergelaufen bist.<br \/>\nWie sehr du deine gesamte Energie freiwillig ausgestrahlt hast, ohne dir dar\u00fcber bewusst zu sein.<br \/>\nIch verstehe deinen Schock.<\/p>\n<p>Ich kann nur sagen: Wende dich dir Selbst zu.<br \/>\nGott in dir wird dich heilen.<br \/>\nDu Selbst bist eigentlich in der Lage ganze Welten zu erschaffen.<br \/>\nGlaube an dich Selbst und Gott wird dich zu Hause willkommen hei\u00dfen.<br \/>\nDu brauchst niemanden, du bist bereits ALLes!<br \/>\nNur du entscheidest<\/p>\n<h3><span style=\"color: #0000ff;\"><strong>Healing Code Card:\u00a0<em>Die Subliminal Purifier-Karte<\/em><\/strong><\/span><\/h3>\n<p>Diese Karte neutralisiert die unterschwellige Programmierung und entschl\u00fcsselt beeinflussende Suggestionsfrequenzen im Gehirn durch elektromagnetische, psionische und astrale Technologie.<\/p>\n<div id=\"attachment_3845\" style=\"width: 398px\" class=\"wp-caption alignnone\"><a href=\"http:\/\/reich-sein.eu\/club\/wp-content\/uploads\/2022\/10\/Subliminal-Purifier-Karte.jpg\"><img loading=\"lazy\" decoding=\"async\" aria-describedby=\"caption-attachment-3845\" class=\"wp-image-3845 size-full\" src=\"http:\/\/reich-sein.eu\/club\/wp-content\/uploads\/2022\/10\/Subliminal-Purifier-Karte.jpg\" alt=\"\" width=\"388\" height=\"668\" srcset=\"https:\/\/reich-sein.eu\/club\/wp-content\/uploads\/2022\/10\/Subliminal-Purifier-Karte.jpg 388w, https:\/\/reich-sein.eu\/club\/wp-content\/uploads\/2022\/10\/Subliminal-Purifier-Karte-174x300.jpg 174w\" sizes=\"auto, (max-width: 388px) 100vw, 388px\" \/><\/a><p id=\"caption-attachment-3845\" class=\"wp-caption-text\">Quelle: https:\/\/www.healingcodecards.com\/free-samples<\/p><\/div>\n<p class=\"font_7\"><span class=\"wixGuard\">\u200b<\/span>Um diese Karte zu verwenden, lade das Bild herunter und platziere das Kartenbild auf Deinem Telefon oder Tablet.\u00a0Starre 60 Sekunden lang auf die Karte und\/oder lehne Dein Ger\u00e4t 60 Sekunden lang gegen ein Glas Wasser und entferne es dann.\u00a0Nimm einen leichten Schluck von Deinem Wasser und trinke es allm\u00e4hlich.<\/p>\n<h3><span style=\"color: #0000ff;\"><strong>Father Absolute\/ Negative programs and getting rid of them<\/strong><\/span><\/h3>\n<p><iframe loading=\"lazy\" title=\"YouTube video player\" src=\"https:\/\/www.youtube.com\/embed\/vusJjG5He3g\" width=\"560\" height=\"315\" frameborder=\"0\" allowfullscreen=\"allowfullscreen\"><\/iframe><\/p>\n","protected":false},"excerpt":{"rendered":"<p>De-Blockieren von Energiestau Der Flu\u00df der Lebens-Energie wird blockiert (krank) und mu\u00df gel\u00f6st werden (heil). Dadurch ist f\u00fcr die Sch\u00f6pfung des (g\u00f6ttlichen) Lebens durch den Sch\u00f6pferstrom bzw. f\u00fcr die Manifestation mehr Energie verf\u00fcgbar. Es ist tats\u00e4chlich sehr schockierend, wenn sich deine Augen \u00f6ffnen und du siehst, wie B\u00f6se diejenigen, die die Welt kontrollieren, wirklich sind. [&hellip;]<\/p>\n","protected":false},"author":1,"featured_media":0,"parent":1672,"menu_order":0,"comment_status":"closed","ping_status":"closed","template":"members-style1-nosidebar.php","meta":{"footnotes":"","_links_to":"","_links_to_target":""},"class_list":["post-2894","page","type-page","status-publish","hentry"],"_links":{"self":[{"href":"https:\/\/reich-sein.eu\/club\/wp-json\/wp\/v2\/pages\/2894","targetHints":{"allow":["GET"]}}],"collection":[{"href":"https:\/\/reich-sein.eu\/club\/wp-json\/wp\/v2\/pages"}],"about":[{"href":"https:\/\/reich-sein.eu\/club\/wp-json\/wp\/v2\/types\/page"}],"author":[{"embeddable":true,"href":"https:\/\/reich-sein.eu\/club\/wp-json\/wp\/v2\/users\/1"}],"replies":[{"embeddable":true,"href":"https:\/\/reich-sein.eu\/club\/wp-json\/wp\/v2\/comments?post=2894"}],"version-history":[{"count":19,"href":"https:\/\/reich-sein.eu\/club\/wp-json\/wp\/v2\/pages\/2894\/revisions"}],"predecessor-version":[{"id":4827,"href":"https:\/\/reich-sein.eu\/club\/wp-json\/wp\/v2\/pages\/2894\/revisions\/4827"}],"up":[{"embeddable":true,"href":"https:\/\/reich-sein.eu\/club\/wp-json\/wp\/v2\/pages\/1672"}],"wp:attachment":[{"href":"https:\/\/reich-sein.eu\/club\/wp-json\/wp\/v2\/media?parent=2894"}],"curies":[{"name":"wp","href":"https:\/\/api.w.org\/{rel}","templated":true}]}}