{"id":3127,"date":"2022-09-18T14:11:54","date_gmt":"2022-09-18T12:11:54","guid":{"rendered":"http:\/\/reich-sein.eu\/club\/?page_id=3127"},"modified":"2022-11-24T15:40:08","modified_gmt":"2022-11-24T13:40:08","slug":"energie-status","status":"publish","type":"page","link":"https:\/\/reich-sein.eu\/club\/seins-dimensionen\/energie\/energie-status\/","title":{"rendered":"Energie-Status"},"content":{"rendered":"<h2 align=\"left\"><span style=\"color: blue;\"><b>Der\u00a0Vitalit\u00e4ts-Koeffizient\u00a0(Vk)<\/b><\/span><\/h2>\n<p>Quelle:\u00a0<a href=\"https:\/\/www.paranormal.de\/paramirr\/geo\/symbol\/info\/ingmar\/vital.html\">https:\/\/www.paranormal.de\/paramirr\/geo\/symbol\/info\/ingmar\/vital.html<\/a><\/p>\n<p align=\"justify\">Ma\u00df-Einheit f\u00fcr die momentan entwickelte Vital-Energie eines lebenden Organismus, bezogen auf die sich st\u00e4ndig ver\u00e4ndernden \u00f6rtlichen und zeitabh\u00e4ngigen Ver\u00e4nderungen der Planeten-Schwingungen (= Frequenz-Muster der zust\u00e4ndigen Natur-Energien).<\/p>\n<p align=\"justify\">Der Vitalit\u00e4ts-Koeffizient ist mitbestimmend an der Erlebnis-Qualit\u00e4t des Bio-Rhythmus und steuert den Alterungs-Proze\u00df bzw. dessen Geschwindigkeit.<\/p>\n<p><center><img decoding=\"async\" src=\"https:\/\/www.paranormal.de\/paramirr\/geo\/symbol\/ingmar\/matrix_files\/magw.07.jpg\" border=\"0\" \/><\/center><\/p>\n<p align=\"justify\"><span style=\"color: blue;\"><b>V<sub><small>k<\/small><\/sub><\/b><\/span>\u00a0ist berechenbar in Bovis-Einheiten nach dem Biometer nach Bovis, das bereits einen Umfang von mehreren hunderttausend Einheiten aufweist.<\/p>\n<p>Die Vital-Energie l\u00e4\u00dft sich durch den Einsatz von\u00a0<a href=\"https:\/\/www.paranormal.de\/paramirr\/geo\/symbol\/ingmar\/orgon.htm\">ORGON<\/a>\u00a0steigern. Je h\u00f6her die augenblickliche Vital-Energie, je kleiner der\u00a0<span style=\"color: blue;\"><b>V<sub><small>k<\/small><\/sub><\/b><\/span><\/p>\n","protected":false},"excerpt":{"rendered":"<p>Der\u00a0Vitalit\u00e4ts-Koeffizient\u00a0(Vk) Quelle:\u00a0https:\/\/www.paranormal.de\/paramirr\/geo\/symbol\/info\/ingmar\/vital.html Ma\u00df-Einheit f\u00fcr die momentan entwickelte Vital-Energie eines lebenden Organismus, bezogen auf die sich st\u00e4ndig ver\u00e4ndernden \u00f6rtlichen und zeitabh\u00e4ngigen Ver\u00e4nderungen der Planeten-Schwingungen (= Frequenz-Muster der zust\u00e4ndigen Natur-Energien). Der Vitalit\u00e4ts-Koeffizient ist mitbestimmend an der Erlebnis-Qualit\u00e4t des Bio-Rhythmus und steuert den Alterungs-Proze\u00df bzw. dessen Geschwindigkeit. Vk\u00a0ist berechenbar in Bovis-Einheiten nach dem Biometer nach Bovis, das bereits [&hellip;]<\/p>\n","protected":false},"author":1,"featured_media":0,"parent":2729,"menu_order":0,"comment_status":"closed","ping_status":"closed","template":"members-style1-nosidebar.php","meta":{"footnotes":"","_links_to":"","_links_to_target":""},"class_list":["post-3127","page","type-page","status-publish","hentry"],"_links":{"self":[{"href":"https:\/\/reich-sein.eu\/club\/wp-json\/wp\/v2\/pages\/3127","targetHints":{"allow":["GET"]}}],"collection":[{"href":"https:\/\/reich-sein.eu\/club\/wp-json\/wp\/v2\/pages"}],"about":[{"href":"https:\/\/reich-sein.eu\/club\/wp-json\/wp\/v2\/types\/page"}],"author":[{"embeddable":true,"href":"https:\/\/reich-sein.eu\/club\/wp-json\/wp\/v2\/users\/1"}],"replies":[{"embeddable":true,"href":"https:\/\/reich-sein.eu\/club\/wp-json\/wp\/v2\/comments?post=3127"}],"version-history":[{"count":2,"href":"https:\/\/reich-sein.eu\/club\/wp-json\/wp\/v2\/pages\/3127\/revisions"}],"predecessor-version":[{"id":5076,"href":"https:\/\/reich-sein.eu\/club\/wp-json\/wp\/v2\/pages\/3127\/revisions\/5076"}],"up":[{"embeddable":true,"href":"https:\/\/reich-sein.eu\/club\/wp-json\/wp\/v2\/pages\/2729"}],"wp:attachment":[{"href":"https:\/\/reich-sein.eu\/club\/wp-json\/wp\/v2\/media?parent=3127"}],"curies":[{"name":"wp","href":"https:\/\/api.w.org\/{rel}","templated":true}]}}