{"id":3135,"date":"2022-09-18T14:21:30","date_gmt":"2022-09-18T12:21:30","guid":{"rendered":"http:\/\/reich-sein.eu\/club\/?page_id=3135"},"modified":"2022-11-24T17:16:55","modified_gmt":"2022-11-24T15:16:55","slug":"magische-woerter","status":"publish","type":"page","link":"https:\/\/reich-sein.eu\/club\/seins-dimensionen\/energie\/magische-woerter\/","title":{"rendered":"Magische W\u00f6rter"},"content":{"rendered":"<h2 align=\"justify\"><span style=\"color: #0000ff;\"><strong>Magische W\u00f6rter (Zauberformeln)<\/strong><\/span><\/h2>\n<h3><span style=\"color: #0000ff;\"><strong>Zauberformeln (Kreuzwortr\u00e4tsel)<\/strong><\/span><\/h3>\n<ul>\n<li>SESAM (\u00f6ffne Sich)<\/li>\n<li>ABRAXAS<\/li>\n<li>HOKUSPOKUS<\/li>\n<li>SIMSALABIM<\/li>\n<li>ABRACADABRA<\/li>\n<\/ul>\n<h3><span style=\"color: #0000ff;\"><strong>Abracadabra (auch &#8222;AbraHadabra)\u00a0<\/strong><\/span><\/h3>\n<p><i><b>AbraCadabra<\/b><\/i>\u00a0ist eine Beschw\u00f6rungsformel, die von B\u00fchnenmagiern und fr\u00fcher im Gnostizismus und in der antiken r\u00f6mischen Medizin verwendet wurde.<\/p>\n<p>AbraCadabra hei\u00dft auf Aram\u00e4isch <em><span style=\"color: #0000ff;\"><strong>\u201eIch erschaffe, w\u00e4hrend ich spreche\u201c<\/strong><\/span><\/em><\/p>\n<p><b>Abrahadabra<\/b>\u00a0ist ein Wort, das erstmals \u00f6ffentlich im\u00a0<i><a title=\"Das Buch des Gesetzes\" href=\"https:\/\/en.wikipedia.org\/wiki\/The_Book_of_the_Law\">Buch des Gesetzes<\/a><\/i>\u00a0(1904), dem zentralen heiligen Text von\u00a0<a title=\"Thema\" href=\"https:\/\/en.wikipedia.org\/wiki\/Thelema\">Thelema<\/a>\u00a0, vorkam .\u00a0Sein Autor,\u00a0Aleister Crowley\u00a0, beschrieb es als \u201e<strong>das Wort des\u00a0<\/strong><strong>\u00c4ons<\/strong><strong>\u00a0, das bedeutet, dass das\u00a0<\/strong><strong>gro\u00dfe Werk\u00a0vollbracht wurde\u201c<\/strong><\/p>\n<p>Abrahadabra ist daher die \u201e\u00a0Zauberformel \u201c.\u201e dieses neuen Zeitalters.<\/p>\n<p>Es darf nicht mit dem Wort des Gesetzes des \u00c4ons verwechselt werden, das\u00a0<i>Thelema<\/i>\u00a0ist , was \u201e\u00a0Wille\u00a0\u201c bedeutet.<\/p>\n<p>Das Wort \u201eAbrahadabra\u201c kann mit der\u00a0<a class=\"mw-redirect\" title=\"Kabbala\" href=\"https:\/\/en.wikipedia.org\/wiki\/Qabalah\">kabbalistischen<\/a>\u00a0Methode der\u00a0Gematria\u00a0untersucht werden, einer Form der Numerologie, <a href=\"https:\/\/en.wikipedia.org\/wiki\/Abrahadabra\">bei der Entsprechungen auf der Grundlage numerischer Werte hergestellt werden.<\/a><\/p>\n<ul>\n<li>ABRAHADABRA = 418<\/li>\n<li>ABRAHADABRA hat 11 Buchstaben<\/li>\n<li>ABRAHADABRA = 1+2+2+1+5+1+4+1+2+2+1 = 22<\/li>\n<li>Die f\u00fcnf Buchstaben des Wortes sind: A, die Krone;\u00a0B, der Zauberstab;\u00a0D, der Kelch;\u00a0H, das Schwert;\u00a0R, das Rosenkreuz;\u00a0und beziehen sich weiter auf Amoun, den Vater, Thoth, seinen Boten, und Isis, Horus, Osiris, die g\u00f6ttlich-menschliche Triade.<\/li>\n<li>Auch 418 = ATh IAV, die Essenz von IAO, \u00fcbersetzt aus dem Hebr\u00e4ischen als \u201eDu bist IAO\u201c<\/li>\n<li>418 = BVLSchKIN oder Boleskine<\/li>\n<li>418 = RA HVVR oder Ra Hoor<\/li>\n<li>418 =\u00a0<span class=\"script-hebrew\" dir=\"rtl\">\u05d4\u05e8\u05d5-\u05e8\u05d0-\u05d4\u05d0<\/span>\u00a0, eine hebr\u00e4ische Schreibweise von\u00a0<i><a class=\"mw-redirect\" title=\"Heru-Ra-Ha\" href=\"https:\/\/en.wikipedia.org\/wiki\/Heru-Ra-Ha\">Heru-Ra-Ha<\/a><\/i><\/li>\n<li>418 =\u00a0<span title=\"Text in altgriechischer (bis 1453) Sprache\"><span lang=\"grc\">\u0391\u0399\u03dc\u0391\u03a3\u03a3<\/span><\/span>\u00a0, eine griechische Schreibweise von\u00a0<i><a title=\"Aiwass\" href=\"https:\/\/en.wikipedia.org\/wiki\/Aiwass\">Aiwass<\/a><\/i><\/li>\n<li>418 = Die Summe aller ganzen Zahlen zwischen 13 und 31 einschlie\u00dflich.<\/li>\n<li>Abrahadabra ist von\u00a0<a title=\"Abraxas\" href=\"https:\/\/en.wikipedia.org\/wiki\/Abraxas\">Abraxas<\/a>\u00a0, Vater Sonne, was = 365\u00a0<sup id=\"cite_ref-FOOTNOTECrowley199624_9-0\" class=\"reference\"><\/sup><\/li>\n<li><strong>418 = 22 x 19 Manifestation<\/strong><\/li>\n<\/ul>\n<h3><span style=\"color: #0000ff;\"><strong>Wirkung und Nutzung magischer W\u00f6rter<\/strong><\/span><\/h3>\n<p align=\"justify\">Mit den sogenannten\u00a0<span style=\"color: blue;\">Magischen W\u00f6rtern<\/span>\u00a0l\u00e4\u00dft sich das Zell-Gitter in Schwingung versetzen, \u00e4hnlich wie Kl\u00e4nge und T\u00f6ne dies verm\u00f6gen.<\/p>\n<p align=\"justify\"><strong>Wenn diese W\u00f6rter 21 mal laut und inbr\u00fcnstig ausgesprochen<\/strong> werden, zeigen sie heilende Wirkung bei bestimmten Krankheiten und disharmonischen Zust\u00e4nden. Diese Wirkung bezieht sich auf eine Frequenz, die man mit diesem Wort schafft. Das Wort ist dann in der Lage, das Organ oder das Gewebe, welches aus dem Gleichgewicht geraten ist, wieder zu harmonisieren.<\/p>\n<p align=\"justify\">Wir sprechen das Wort laut und klar aus und schaffen dadurch eine Schwingung, die die urspr\u00fcngliche Frequenz des gesunden Organs wiederum herstellt. Das Prinzip ist \u00e4hnlich der Bio-Resonanz &#8211; die Zell-Struktur, die im Krankheitsfall nicht mehr auf der urspr\u00fcnglichen Frequenz schwingt und nunmehr disharmonisch ist, kann reorganisiert werden.<\/p>\n<p align=\"justify\">Wer im Heilberuf t\u00e4tig ist und sich in irgendeiner Form mit Krankheiten besch\u00e4ftigt, sollte selbst von seinen eigenen Problemen und Konflikten so frei wie m\u00f6glich sein. Wenn man Hand anlegt an einem Patienten, sollte man selbst harmonisch und stark sein und m\u00f6glichst wenig von sich selbst mitgeben.<\/p>\n<p><span style=\"color: blue;\"><b>Kebbah<\/b><\/span>\u00a0&#8211;\u00a0<span style=\"color: blue;\">bedingungslose Liebe.<\/span>\u00a0Ich bin bereit, mich und andere vollwertig anzunehmen und zu lieben.<\/p>\n<p>(Selbst-) Liebe, Toleranz, umfassendes Verst\u00e4ndnis f\u00fcr die eigenen Schw\u00e4chen und die Schw\u00e4chen Anderer. Ein Wort, um sich selbst mehr anzuerkennen und mehr zu m\u00f6gen, dadurch andere besser akzeptieren zu lernen. Damit verst\u00e4rke ich mein eigenes Liebes-Potential.<\/p>\n<p><span style=\"color: blue;\"><b>Libro<\/b><\/span>\u00a0&#8211;\u00a0<span style=\"color: blue;\">Freiwerden von Blockierungen.<\/span>\u00a0Aufl\u00f6sung von Programmen und konditionierten Verhaltens-Mustern, die in mich eingepr\u00e4gt sind.<\/p>\n<p>Befreiung von und Aufl\u00f6sung alter anerzogener Verhaltens-Muster und beschr\u00e4nkender konditionierter Programme, (Los-) L\u00f6sung von Behinderungen. Wenn man immer wieder in die selbe Falle geht oder bei bestimmten Erlebnissen immer wieder die gleichen Schw\u00e4chen aufweist.<\/p>\n<p><span style=\"color: blue;\"><b>Pentan<\/b><\/span>\u00a0&#8211;\u00a0<span style=\"color: blue;\">Aufl\u00f6sung von Blockaden auf mentaler- und Gef\u00fchls-Ebene.<\/span>\u00a0L\u00f6sen von Blockaden, wie sie durch mentale Behinderungen auftreten, Blockaden im geistigen und im seelischen Bereich.<\/p>\n<p>Blockaden bedeuten oftmals Schmerz-Zust\u00e4nde und Verkrampfungen, h\u00e4ufig sind die Wirbels\u00e4ule und der Bewegungs-Apparat betroffen.<\/p>\n<p align=\"justify\">Wenn ich die W\u00f6rter beim Tier anwenden m\u00f6chte, stelle ich mich neben das Tier, soda\u00df wir beide in die gleiche Richtung sehen. Dann rufe ich das Wort deutlich aus, entweder mehrmals t\u00e4glich 3 mal oder einmal t\u00e4glich 20 mal.<\/p>\n<p align=\"justify\">Das betreffende\u00a0<span style=\"color: blue;\">Magische Wort<\/span>\u00a0kann bei Bedarf auch in das Heilungs- oder Harmonisierungs-Paket integriert werden.<\/p>\n<h3 align=\"justify\"><strong><a href=\"https:\/\/www.paranormal.de\/paramirr\/geo\/symbol\/info\/anwendung\/spruch.htm\">Aktivierungs-Spruch<\/a><\/strong><\/h3>\n<p align=\"justify\">Die Aktivierung der Symbole k\u00f6nnte so lauten (&#8230; aber nat\u00fcrlich kann man den Text nach eigenen Bed\u00fcrfnissen und vor allem nach eigener Intuition \u00e4ndern!) :<\/p>\n<p align=\"justify\"><i>&#8222;Dank meines g\u00f6ttlichen Bewu\u00dftseins aktiviere ich die Energie von ( Name des Symbols ) und fordere ( &#8230; ) auf, solange zu wirken, wie ich die Energie von ( &#8230; ) ben\u00f6tige. Ich segne ( &#8230; ) und bedanke mich bei ( &#8230; )!<\/i><\/p>\n<p align=\"justify\">s.a.\u00a0<a href=\"https:\/\/www.paranormal.de\/paramirr\/geo\/symbol\/info\/anwendung\/spruch.htm\">Aktivierungs-Spruch<\/a><\/p>\n<p align=\"justify\"><b><span style=\"color: blue;\">Anwendung von Symbol-Kr\u00e4ften<\/span>\u00a0&#8211;\u00a0<span style=\"color: red;\">\u00dcbertragungs-Spruch<\/span><\/b><\/p>\n<p align=\"justify\"><span style=\"text-align: left;\">Soll die Symbol-Kraft\u00a0<\/span><b style=\"text-align: left;\">[ rilies ]<\/b><span style=\"text-align: left;\">\u00a0auf\u00a0<\/span><b style=\"text-align: left;\">[ Frau X ]<\/b><span style=\"text-align: left;\">\u00a0\u00fcbertragen werden, wird sich ein \u00dcbertragungs-Spruch wie dieser als hilfreich erweisen:<\/span><\/p>\n<blockquote>\n<div style=\"text-align: left;\" align=\"justify\">\n<blockquote><p><span style=\"color: blue;\"><b>Kraft meines g\u00f6ttlichen Bewu\u00dftseins ordne ich an, da\u00df die Symbol-Kraft<\/b><\/span><b>\u00a0[ rilies ]<span style=\"color: blue;\">, die nach kosmischen Gesetzm\u00e4\u00dfigkeiten funktioniert, auf<\/span>\u00a0[ Frau X ]\u00a0<span style=\"color: blue;\">\u00fcbertragen wird und dort solange ihre Wirksamkeit beibeh\u00e4lt, wie dies f\u00fcr<\/span>\u00a0[ Frau X ]\u00a0<span style=\"color: blue;\">f\u00f6rderlich ist. Ich segne die Symbol-Kraft<\/span>\u00a0[ rilies ]\u00a0<span style=\"color: blue;\">und bedanke mich bei ihr.<\/span><\/b><\/p><\/blockquote>\n<p>Dieser Spruch ist stark und kommt unserem hoch entwickelten Bewu\u00dftsein am n\u00e4chsten.<\/p>\n<\/div>\n<\/blockquote>\n","protected":false},"excerpt":{"rendered":"<p>Magische W\u00f6rter (Zauberformeln) Zauberformeln (Kreuzwortr\u00e4tsel) SESAM (\u00f6ffne Sich) ABRAXAS HOKUSPOKUS SIMSALABIM ABRACADABRA Abracadabra (auch &#8222;AbraHadabra)\u00a0 AbraCadabra\u00a0ist eine Beschw\u00f6rungsformel, die von B\u00fchnenmagiern und fr\u00fcher im Gnostizismus und in der antiken r\u00f6mischen Medizin verwendet wurde. AbraCadabra hei\u00dft auf Aram\u00e4isch \u201eIch erschaffe, w\u00e4hrend ich spreche\u201c Abrahadabra\u00a0ist ein Wort, das erstmals \u00f6ffentlich im\u00a0Buch des Gesetzes\u00a0(1904), dem zentralen heiligen Text [&hellip;]<\/p>\n","protected":false},"author":1,"featured_media":0,"parent":2729,"menu_order":0,"comment_status":"closed","ping_status":"closed","template":"members-style1-nosidebar.php","meta":{"footnotes":"","_links_to":"","_links_to_target":""},"class_list":["post-3135","page","type-page","status-publish","hentry"],"_links":{"self":[{"href":"https:\/\/reich-sein.eu\/club\/wp-json\/wp\/v2\/pages\/3135","targetHints":{"allow":["GET"]}}],"collection":[{"href":"https:\/\/reich-sein.eu\/club\/wp-json\/wp\/v2\/pages"}],"about":[{"href":"https:\/\/reich-sein.eu\/club\/wp-json\/wp\/v2\/types\/page"}],"author":[{"embeddable":true,"href":"https:\/\/reich-sein.eu\/club\/wp-json\/wp\/v2\/users\/1"}],"replies":[{"embeddable":true,"href":"https:\/\/reich-sein.eu\/club\/wp-json\/wp\/v2\/comments?post=3135"}],"version-history":[{"count":10,"href":"https:\/\/reich-sein.eu\/club\/wp-json\/wp\/v2\/pages\/3135\/revisions"}],"predecessor-version":[{"id":4529,"href":"https:\/\/reich-sein.eu\/club\/wp-json\/wp\/v2\/pages\/3135\/revisions\/4529"}],"up":[{"embeddable":true,"href":"https:\/\/reich-sein.eu\/club\/wp-json\/wp\/v2\/pages\/2729"}],"wp:attachment":[{"href":"https:\/\/reich-sein.eu\/club\/wp-json\/wp\/v2\/media?parent=3135"}],"curies":[{"name":"wp","href":"https:\/\/api.w.org\/{rel}","templated":true}]}}