{"id":3174,"date":"2022-09-18T16:24:13","date_gmt":"2022-09-18T14:24:13","guid":{"rendered":"http:\/\/reich-sein.eu\/club\/?page_id=3174"},"modified":"2022-09-18T16:37:55","modified_gmt":"2022-09-18T14:37:55","slug":"gottes-wirkliche-gesetze","status":"publish","type":"page","link":"https:\/\/reich-sein.eu\/club\/seins-dimensionen\/bewusstsein\/gottes-wirkliche-gesetze\/","title":{"rendered":"Gottes wirkliche Gesetze"},"content":{"rendered":"<h2><span style=\"color: #0000ff;\"><strong>HOLOFEELING<\/strong><\/span><\/h2>\n<h5>JCH\u00a0offenbare\u00a0Dir nun die\u00a0wirklichen Gesetze GOTTES, es sind die Gesetze \u201eDeiner eigenen Zukunft\u201c!<br \/>\nSie hei\u00dfen\u00a0HOLOFEELING\u00a0=\u00a0UPsolute Gewissheit\u00a0\u201eAL&lt;\u00b1Le~S&gt;zu sein\u201c !<\/h5>\n<p>Verstehe\u00a0<strong><u>alle Denkschriften (hier zum kostenlosen Download)<\/u><\/strong>\u00a0als \u201eWegweiser\u201c zu meinem <strong>\u201eg\u00f6ttlichen REICH\u201c<\/strong> !<\/p>\n<p>Hier geht es dahin, <strong><em>Dir den wirklichen Sinn Deines Daseins erkenntlich zu machen<\/em><\/strong><\/p>\n<p><em>Ich bin nur ein \u201ekleines Buch\u201c. Das \u201ePh\u00e4nomen\u201c einiger mit Druckerschw\u00e4rze bekleckerter Bl\u00e4tter. Und obwohl ich nur \u201eunbeseelte Materie\u201c bin, werde ich \u201ein Dir\u201c, den \u201emit Geist\u00a0beseelten\u00a0Menschen\u201c ein\u00a0<u>neues Verst\u00e4ndnis<\/u>\u00a0f\u00fcr \u201eDeine&lt;Wahrheiten\u201c wecken.<\/em><\/p>\n<p id=\"ut_custom_heading63151ea4d4b7a\" class=\"ut-custom-heading-module ut-flowtyped ut-initialized ut-effect-letter-split ut-effect-letter-animated\" data-responsive-font=\"h3\" data-responsive-font-settings=\"{&quot;base-font-size&quot;:&quot;30&quot;,&quot;font-size-unit&quot;:&quot;px&quot;,&quot;font-size&quot;:{&quot;desktop_large&quot;:&quot;30&quot;},&quot;base-line-height&quot;:&quot;150&quot;,&quot;line-height-unit&quot;:&quot;%&quot;,&quot;line-height&quot;:{&quot;desktop_large&quot;:&quot;150&quot;,&quot;desktop_small&quot;:&quot;150&quot;,&quot;tablet&quot;:&quot;150&quot;,&quot;mobile&quot;:&quot;150&quot;},&quot;base-letter-spacing&quot;:&quot;-0.02&quot;,&quot;letter-spacing&quot;:{&quot;desktop_large&quot;:&quot;-0.02&quot;}}\" data-appear-effect=\"effect-8\" data-appear-top-offset=\"full\" data-ut-wait=\"1\" data-ut-remove-wait=\"1000\"><span class=\"\">Aufmerksamkeit<\/span>\u00a0<span class=\"\">und<\/span>\u00a0<span class=\"\">Geduld<\/span>\u00a0<span class=\"\">sind<\/span>\u00a0<span class=\"\">f\u00fcr<\/span>\u00a0<span class=\"\">Dein<\/span>\u00a0<span class=\"\">Verstehen<\/span>\u00a0und\u00a0Erkennen des h\u00f6her-geistigen Kontextes\u00a0<span class=\"\">unerl\u00e4sslich!<\/span><\/p>\n<p><em>Das \u201eICH\u201c das in der Lage ist, diese Schriften zu verstehen, ist \u201eAIN g\u00f6ttlicher Geistesfunken\u201c , ein \u2013 \u201eals Ding an sich\u201c \u2013\u00a0<strong>NICHT empirisch oder feinstofflich\u00a0wahrnehmbarer<\/strong>\u00a0GEIST, der aber dennoch\u00a0in MJR\u00a0ist bzw. der \u201eICH in WIRKLICHTKEIT BIN\u201c !<\/em><\/p>\n<p><em>Meine Person (= K\u00f6rper) nenne ich (Vorname\/Nachname). Diese Person ist als eine k\u00f6rperliche (= materielle) Erscheinung f\u00fcr mich \u201eab und an\u201c im Spiegel sichtbar. Sie wandelt sich st\u00e4ndig (Kind -&gt; Jugendlicher -&gt; Erwachsener -&gt; Greis). Sie ist also eine wandelbare und letztendlich verg\u00e4ngliche Erscheinung. Ich spreche dieser Person einen bestimmten Charakter, bestimmte Vorlieben und Abneigungen zu und verf\u00fcge \u201eAL&lt;S diese Person\u201c\u00a0 \u00fcber ein bestimmtes Ma\u00df an \u201eIntellekt\u201c, was im normalen Wortgebrauch dann als \u201eIntelligenz\u201c bezeichnet wird. Weder diese Person noch irgendeine andere von mir jetzt (nach) aus(sen)gedachte oder jetzt eventuell \u201evor mir\u201c materiell anwesende Person kann diese Schriften verstehen. Denn eine \u201ePerson\u201c ist eine materielle Erscheinungsform\u00a0 und \u201e<strong>Materie\u00a0kann nichts verstehen<\/strong>\u201e!\u00a0Auch \u201eIntelligenz\u201c (im normalen Sinne des Wortes) hei\u00dft nicht, dass durch \u201eIntellekt\u201c diese Schriften verstanden werden k\u00f6nnten. Was bleibt dann also \u00fcber?<\/em><\/p>\n<p><em>\u201eICH BI&lt;N\u201c (als der diese S\u00e4tze\u00a0wahrnehmende Geist) in \u201emeiner\u00a0pers\u00f6nlichen Welt\u201c (= Daseinssph\u00e4re) der Einzige, der diese Schriften durchaus verstehen kann, selbst wenn\u00a0ICH\u00a0davon nicht alles rational begreifen kann und manches zun\u00e4chst \u201ewiderspr\u00fcchlich\u201c oder gar total \u201eabgehoben\u201c erscheint.<\/em><\/p>\n<div class=\"wpb_content_element  vc_custom_1643537991541\">\n<header id=\"ut_header_63151ea4e91b4\" class=\"section-header  ut-no-title-linebreak-mobile ut-no-lead-linebreak-mobile pt-style-7 header-center header-tablet-center header-mobile-center element-with-custom-line-height\">\n<div class=\"element-with-custom-line-height\">\n<p class=\"section-title title-with-linebreak ut-flowtyped\" data-title=\"Diese Offenbarungen sind im wahrsten Sinne des Wortes G\u00d6TTLICH,\nda sie von GOTT SELBST sind !\" data-responsive-font=\"section_title\" data-responsive-font-settings=\"{&quot;base-font-size&quot;:&quot;33&quot;,&quot;font-size-unit&quot;:&quot;px&quot;,&quot;font-size&quot;:{&quot;desktop_large&quot;:&quot;33&quot;},&quot;base-line-height&quot;:&quot;global&quot;,&quot;line-height&quot;:{&quot;desktop_large&quot;:&quot;60&quot;},&quot;base-letter-spacing&quot;:&quot;global&quot;,&quot;letter-spacing&quot;:{&quot;desktop_large&quot;:&quot;-0.03&quot;}}\"><em><strong>Diese Offenbarungen sind im wahrsten Sinne des Wortes\u00a0<ins>G\u00d6TTLICH<\/ins>,<\/strong><\/em><br \/>\n<em><strong>da sie\u00a0<ins>von GOTT SELBST<\/ins>\u00a0sind !<\/strong><\/em><\/p>\n<\/div>\n<\/header>\n<\/div>\n<div class=\"wpb_text_column wpb_content_element \">\n<div class=\"wpb_wrapper\">\n<p><em>Ihre Authentizit\u00e4t ergibt sich aus dem f\u00fcr\u00a0sICH SELBST\u00a0sprechenden Inhalt. Dies kann von jedem selbst \u00fcberpr\u00fcft werden, sofern man sich die M\u00fche macht, sich wirklich auf diese \u201eNEO&lt;Neuoffenbarungen\u201c und damit auf\u00a0GOTT\u00a0einzulassen. Diese Schriften sind nicht dazu da, irgendeinen \u201ePersonenkult\u201c hervorzurufen, sondern laden mich jeden Tag auf\u2019s Neue dazu ein, mein\u00a0wahres SELBST,\u00a0mein g\u00f6ttliches ICH\u00a0sowie mein\u00a0\u00a0programmatisches ICH\u00a0besser kennen zu lernen. Dieses ist jedoch nicht die \u201ebeim Blick in den Spiegel\u201c wahrnehmbare und sich andauernd \u201ever\u00e4ndernde Person\u201c (= K\u00f6rper).<\/em><br \/>\n<em>Mit meinem \u201eg\u00f6ttlichen ICH\u201c ist also nicht\u00a0der K\u00f6rper\u00a0&amp; auch nicht\u00a0der Charakter\u00a0von mir als \u201eLeser\u2013Person\u201c gemeint, sondern\u00a0ICH\u00a0Geist, der das JETZT liest!<\/em><\/p>\n<p><em>Die\u00a0GENIE-AL\u2013IT\u00c4T\u00a0der in diesen Schriften vorgenommenen (mir zun\u00e4chst \u201eseltsam\u201c oder gar \u201eirre\u201c vorkommenden)\u00a0<strong>Wort-Einteilungen<\/strong>\u00a0leuchtet mir erst durch genaues lesen und verinnerlichen ein.\u00a0 Dann kann\u00a0ICH\u00a0erkennen: Gedanken~striche, GROSSBUCHSTABEN, farbige Hervorhebungen [in\u00a0ROT\u00a0&amp;\u00a0BLAU], Unterstreichungen sowie Pfeil- oder Klammern-Symbole in den deutschen Worten tragen der Tatsache Rechnung, dass sich \u201einnerhalb\u201c der deutschen W\u00f6rter bestimmte Buchstabenfolgen befinden, die durch\u00a0 \u201e<strong>Hebraisieren<\/strong>\u201c den g\u00f6ttlich-geistigen aber auch etymologischen Bedeutungsgehalt eines Wortes genauer erkl\u00e4ren. Sogar die einzelnen Buchstaben besitzen \u2013 \u00fcbertragen in hebr\u00e4ische Zeichen \u2013 eine bestimmte symbolische Bedeutung.<\/em><\/p>\n<p><em>Diese Schriften sind allesamt als \u201emein SELBST&lt;Gespr\u00e4ch\u201c zu betrachten, das\u00a0ICH in meinem eigenen Geist\u00a0von meinem H\u00f6heren SELBST\u00a0zugespielt bekomme. Diese Neu-Offenbarungen sprechen den \u201eg\u00f6ttlichen KERN\u201c in mir an: das \u201eunpers\u00f6nliche ICH\u201c\u00a0<strong>und nicht<\/strong>\u00a0mein\u00a0\u201epers\u00f6nliches ich\u201c , d. h. nicht die Person, die\u00a0ICH\u00a0mir\u00a0nun als \u201eLeser\u201c dieser Zeilen unter \u201emir selbst\u201c\u00a0vorstelle, von der ich noch sehr oft denke,\u00a0ICH\u00a0w\u00e4re nur\u00a0diese Person\u00a0(= nur dieser K\u00f6rper).<\/em><\/p>\n<p><em>Nur\u00a0AIN g\u00f6ttlicher Geistesfunken\u00a0wird in der Lage sein, diese \u201eNEO&lt;Neuoffenbarungen\u201c , die \u00fcber\u00a0 jede \u201enormal-menschliche Logik und Intellekt\u201c hinausgehen, intuitiv zu verstehen. Etwas, das\u00a0von GOTT\u00a0kommt, kann nur von etwas verstanden werden, was \u201eSELBST ebenfalls G\u00d6TT-LICHT ist\u201c . Die \u201eVerstehbarkeit\u201c dieser Neu-Offenbarungen ist deswegen auch keine Frage eines gro\u00dfen \u201eIntellekts\u201c oder \u201eIntelligenz-Quotienten\u201c , obwohl einige Passagen durchaus auch meinen Intellekt etwas fordern werden \u2026<\/em><\/p>\n<\/div>\n<\/div>\n<p><strong><a href=\"http:\/\/www.holofeeling.de\">http:\/\/www.holofeeling.de<\/a><\/strong><\/p>\n","protected":false},"excerpt":{"rendered":"<p>HOLOFEELING JCH\u00a0offenbare\u00a0Dir nun die\u00a0wirklichen Gesetze GOTTES, es sind die Gesetze \u201eDeiner eigenen Zukunft\u201c! Sie hei\u00dfen\u00a0HOLOFEELING\u00a0=\u00a0UPsolute Gewissheit\u00a0\u201eAL&lt;\u00b1Le~S&gt;zu sein\u201c ! Verstehe\u00a0alle Denkschriften (hier zum kostenlosen Download)\u00a0als \u201eWegweiser\u201c zu meinem \u201eg\u00f6ttlichen REICH\u201c ! Hier geht es dahin, Dir den wirklichen Sinn Deines Daseins erkenntlich zu machen Ich bin nur ein \u201ekleines Buch\u201c. Das \u201ePh\u00e4nomen\u201c einiger mit Druckerschw\u00e4rze bekleckerter [&hellip;]<\/p>\n","protected":false},"author":1,"featured_media":0,"parent":1687,"menu_order":0,"comment_status":"closed","ping_status":"closed","template":"members-style1-content.php","meta":{"footnotes":"","_links_to":"","_links_to_target":""},"class_list":["post-3174","page","type-page","status-publish","hentry"],"_links":{"self":[{"href":"https:\/\/reich-sein.eu\/club\/wp-json\/wp\/v2\/pages\/3174","targetHints":{"allow":["GET"]}}],"collection":[{"href":"https:\/\/reich-sein.eu\/club\/wp-json\/wp\/v2\/pages"}],"about":[{"href":"https:\/\/reich-sein.eu\/club\/wp-json\/wp\/v2\/types\/page"}],"author":[{"embeddable":true,"href":"https:\/\/reich-sein.eu\/club\/wp-json\/wp\/v2\/users\/1"}],"replies":[{"embeddable":true,"href":"https:\/\/reich-sein.eu\/club\/wp-json\/wp\/v2\/comments?post=3174"}],"version-history":[{"count":9,"href":"https:\/\/reich-sein.eu\/club\/wp-json\/wp\/v2\/pages\/3174\/revisions"}],"predecessor-version":[{"id":3183,"href":"https:\/\/reich-sein.eu\/club\/wp-json\/wp\/v2\/pages\/3174\/revisions\/3183"}],"up":[{"embeddable":true,"href":"https:\/\/reich-sein.eu\/club\/wp-json\/wp\/v2\/pages\/1687"}],"wp:attachment":[{"href":"https:\/\/reich-sein.eu\/club\/wp-json\/wp\/v2\/media?parent=3174"}],"curies":[{"name":"wp","href":"https:\/\/api.w.org\/{rel}","templated":true}]}}