{"id":3351,"date":"2022-09-21T10:32:49","date_gmt":"2022-09-21T08:32:49","guid":{"rendered":"http:\/\/reich-sein.eu\/club\/?page_id=3351"},"modified":"2022-11-24T15:33:06","modified_gmt":"2022-11-24T13:33:06","slug":"ent-wickeln","status":"publish","type":"page","link":"https:\/\/reich-sein.eu\/club\/seins-dimensionen\/bewusstsein\/ent-wickeln\/","title":{"rendered":"Ent-Wickeln"},"content":{"rendered":"<h2><span style=\"color: #0000ff;\"><strong>Entwickeln, Entwicklung (Lernen)<\/strong><\/span><\/h2>\n<h3><span style=\"color: #0000ff;\"><strong>1.\u00a0 Schritt: Erinnern und Erkennen<\/strong><\/span><\/h3>\n<p>Sobald<\/p>\n<p>Gott als <em><span style=\"color: #0000ff;\"><strong>allgegenw\u00e4rtig, allm\u00e4chtig und allwissend<\/strong> <\/span><\/em>wahrgenommen wird,<\/p>\n<p>Gott individualisiert und in jedem Individuum voll pr\u00e4sent,<\/p>\n<p>werden die zuvor angenommenen Regeln, Riten, Rituale und Gebete, die in Wirklichkeit Beute, Flehen, Bitten und Verbeugungen vor einem Konzept im Himmel sind, obsolet. Dies sind die \u00dcberzeugungen, die jetzt von immer mehr Menschen in Frage gestellt, \u00fcberdacht und untersucht werden, weil sie feststellen, dass diese Konzepte nicht mehr als Wahrheiten gelten.<\/p>\n<h3><span style=\"color: #0000ff;\"><strong>2. Schritt: Lernen und Entwickeln<\/strong><\/span><\/h3>\n<p>Es gibt im Universum nur Licht und Liebe (Lichtpartikel, die schwingen).<br \/>\nWir sind als Menschen hier auf der Erde inkarniert,<\/p>\n<ul>\n<li>um bestimmte <strong>Erfahrungen<\/strong>\u00a0zu machen, indem wir uns <span style=\"color: #0000ff;\"><strong>als Opfer<\/strong><\/span> von fremder Macht, Herrschaft und Umst\u00e4nden bis zum tiefsten Materialismus vom Sch\u00f6pfer (von der Mutter) trennen und von ihm entfernen;<\/li>\n<li>um die <strong>Herausforderung<\/strong> zu bestehen, sich zu befreien von der Fremdherrschaft und aus sich selbst heraus wieder dem Sch\u00f6pfer zuzuwenden (Entwickeln), sich mit ihm zu verbinden und <strong><span style=\"color: #0000ff;\">als<\/span> <span style=\"color: #0000ff;\">Sch\u00f6pfer<\/span><\/strong> zu vereinen!<\/li>\n<\/ul>\n<p>K\u00fcmmere Dich um Dich selbst!<br \/>\nK\u00fcmmere Dich darum, da\u00df es Dir selbst gut geht (k\u00f6rperlich und energetisch)<br \/>\nLernen Deine Gedanken zu kontrollieren<br \/>\nLerne kontrollieren, was Du denkst, weil sich das manifestiert<br \/>\nLerne, wenn Du Dich lange mit \u00c4ngsten, Sorgen N\u00f6ten, mit Sex und Porno besch\u00e4ftigst, da\u00df sich dies alles in Deinem Sein niederschl\u00e4gt: Das, was Du denkst, f\u00fchlst, ansiehst &#8211; bist Du.<br \/>\nGedanken-Hygiene ist das erste, was Du brauchst.<\/p>\n<p>&nbsp;<\/p>\n<h3><span style=\"color: #0000ff;\"><strong>3. Schritt: In Licht und Liebe leben<\/strong><\/span><\/h3>\n<p>Erst dann, wenn Dein eigenes System<strong> <span style=\"color: #0000ff;\"><em>im Gleichgewicht<\/em> <\/span><\/strong>ist, beginnt die tats\u00e4chliche &#8222;Licht-Arbeit&#8220;, Leben im Einklang mit sich, den anderen und Gott:<\/p>\n<ul>\n<li>Aus dem reichen Schatz der erworbenen Erfahrungen und Entwicklungen anderen abgeben, anderen weitergeben, meine Sicht zu erkl\u00e4ren. Damit Samen in das Herz des anderen legen.<\/li>\n<li>Aber, das ist nicht einmal n\u00f6tig: Wenn Du in Dir ruhst, und wenn Du aus Dir strahlst, und es Dir vollst\u00e4ndig gut geht, dann hast Du so viel f\u00fcr diese Erde und die Menschheit getan,<\/li>\n<\/ul>\n<p>&nbsp;<\/p>\n<p>Menschliches Leben bedeutet bereits in einem selbst Vorhandenes entfalten und entwickeln sowie dadurch zur Wirkung und zu Gestalt bringen, um es dadurch zu erfahren.<\/p>\n<h3><span style=\"color: #0000ff;\"><strong>Der Sinn unseres Hierseins ist Entwicklung.<\/strong><\/span><\/h3>\n<p>\u2764\ufe0fHast Du dir schonmal die Frage gestellt was der Sinn des Lebens ist ?<br \/>\n\u2764\ufe0fWarum sind wir wirklich hier ?<br \/>\n\u2764\ufe0fWoher kommen wir und wohin gehen wir ?<br \/>\n\u2764\ufe0fSchalte deinen Verstand f\u00fcr einen Moment aus und h\u00f6re in dein Inneres.<br \/>\n\u2764\ufe0fFolge den Frequenzen in deinem Herzen und h\u00f6re ihm zu.<br \/>\n\u2764\ufe0fDer Sinn des Lebens ist nicht das was wir im Au\u00dfen sehen, f\u00fchlen oder begehren.<br \/>\n\u2764\ufe0fWir Seelen sind der Sinn des Lebens mit all unseren g\u00f6ttlichen F\u00e4higkeiten !<br \/>\n\u2764\ufe0fEs sind die kleinen Dinge im Leben die ein klares Bild am Ende ergeben.<br \/>\n\u2764\ufe0fSo wie ein Tautropfen am Grashalm perlt und vielen Lebewesen als Trinkquelle dient.<br \/>\n\u2764\ufe0fEs ist ein Kreislauf vom Kleinen zum Gro\u00dfen und von Innen nach Au\u00dfen.<br \/>\n\u2764\ufe0fIn der Natur funktioniert dies perfekt und wenn wir mit unserem Herzen denken ist nichts unm\u00f6glich.<br \/>\n\u2764\ufe0fWenn Du mit deinem Herzen denkst kannst Du jede Grenze \u00fcberwinden.<br \/>\n\u2764\ufe0fEs ist nicht wichtig wer oder was ihr Seid, ob Mensch, ein Drachen oder eine Katze.<br \/>\n\u2764\ufe0fWichtig ist nur eins das ihr tief in euren Herzen erkennt wo ihr den Sch\u00fcssel findet f\u00fcr Eure g\u00f6ttliche Wahrnehmung.<br \/>\n\u2764\ufe0f@Herzengel_kanal<br \/>\n(@Herzengel_kanal)<\/p>\n<div class=\"synonyms-list-header col-lg-12\">\n<div class=\"synonyms-list-group first\"><a href=\"https:\/\/synonyme.woxikon.de\/synonyme\/entwickeln.php\"><b>Synonyme und Bedeutung f\u00fcr Entwicklung:<\/b><\/a><\/div>\n<ul>\n<li><b><span style=\"color: #0000ff;\">Ent-Wickeln<\/span>\u00a0<\/b>(Alles braucht Heilung durch ER-L\u00f6sung, bevor ER sich geben kann),<\/li>\n<li class=\"synonyms-list-group first\"><span style=\"color: #0000ff;\"><b>Er-Geben <\/b><\/span>(Geist schafft Materie)<\/li>\n<li><span style=\"color: #0000ff;\"><b>Resultieren, Folgen\u00a0<\/b><\/span>(geistige Ursache macht materielle Wirkung)<\/li>\n<li class=\"synonyms-list-group first\"><b><span style=\"color: #0000ff;\">Ent-Stehen<\/span> <\/b>(Alles ist schon da. Es zeigt sich JETZT und HIER, wenn es seine Zeit ist),<\/li>\n<\/ul>\n<\/div>\n<div id=\"synonymGroup64830\" class=\"synonyms-list-content\">\n<div>Bedeutung:<b> entfalten <\/b>(Ewig-uraltes verj\u00fcngt sich)<\/div>\n<div class=\"upper-synonyms\">Bedeutung:\u00a0<b>zeigen <\/b>(ER zeigt sich &#8211; ist nicht weiter verborgen)<\/div>\n<div>Bedeutung:\u00a0<b>offenbaren <\/b>(ER ist offen &#8211; nicht verschlossen)<\/div>\n<div>Bedeutung:<b>\u00a0erkl\u00e4ren <\/b>(ER wird klar, nicht getr\u00fcbt)<\/div>\n<div>Bedeutung:\u00a0<b>erm\u00f6glichen <\/b>(ER hat Chancen)<\/div>\n<div>Bedeutung:\u00a0<b>bewirken,\u00a0<\/b><b>verwirklichen <\/b>(Das Wirkliche ins \u00c4u\u00dferen bringen)<\/div>\n<div>Bedeutung:\u00a0<b>werden <\/b>(wie im Himmel, so auf ER-DEN schaffen; es wird, wie es immer war)<\/div>\n<div>Bedeutung:\u00a0<b>erstellen, entstehen <\/b>(ER stellt sich auf und steht)<\/div>\n<div>Bedeutung:\u00a0<b>realisieren <\/b>(Er wird re-al, wieder im All)<\/div>\n<div>Bedeutung:\u00a0<b>erschaffen <\/b>(ER macht)<\/div>\n<div>Bedeutung:\u00a0<b>erzeugen <\/b>(ER zeugt, beweist)<\/div>\n<div>Bedeutung:\u00a0<b>errichten <\/b>(ER ist richtig, aufgerichtet)<\/div>\n<div>Bedeutung:\u00a0<b>gestalten <\/b>(Gestalt machen, annehmen)<\/div>\n<div>Bedeutung:\u00a0<b>verbessern <\/b>(mit Erl\u00f6sung und Heilung des Blockierten ist es besser)<\/div>\n<div>Bedeutung:\u00a0<b>erweitern <\/b>(weiter auf dem Weg zur\u00fcck zur Quelle)<\/div>\n<\/div>\n<div><\/div>\n<div>\n<h3><span style=\"color: #0000ff;\"><strong>Spirituelle Entwicklung<\/strong><\/span><\/h3>\n<p><strong>1. \u201eOpfer-Bewusstsein\u201c\/ Dunkelheit (F\u00fcr mich)<\/strong><br \/>\n<strong>2. \u201eManifestations-Bewusstsein\u201c\/ LICHT (von mir)<\/strong><br \/>\n<strong>3. \u201eKanalisierung des Bewusstseins\u201c\/ LIEBE (durch mich)<\/strong><br \/>\n<strong>4. \u201eBewusstsein des Seins\u201c\/ ICH Vater-Mutter-GOTT (EINS sein)<\/strong><\/p>\n<\/div>\n<h3><strong><span style=\"color: #0000ff;\">Stufen des Bewu\u00dftseins-Niveaus<\/span><\/strong><\/h3>\n<p><a href=\"http:\/\/reich-sein.eu\/club\/wp-content\/uploads\/2022\/09\/Bewu\u00dftseinsstufen.jpg\"><img loading=\"lazy\" decoding=\"async\" class=\"size-full wp-image-3612 alignnone\" src=\"http:\/\/reich-sein.eu\/club\/wp-content\/uploads\/2022\/09\/Bewu\u00dftseinsstufen.jpg\" alt=\"\" width=\"650\" height=\"599\" srcset=\"https:\/\/reich-sein.eu\/club\/wp-content\/uploads\/2022\/09\/Bewu\u00dftseinsstufen.jpg 650w, https:\/\/reich-sein.eu\/club\/wp-content\/uploads\/2022\/09\/Bewu\u00dftseinsstufen-300x276.jpg 300w\" sizes=\"auto, (max-width: 650px) 100vw, 650px\" \/><\/a><\/p>\n<h3><span id=\"Glaube_Liebe_Hoffnung_als_drei_Aspekte_des_spirituellen_Weges\" class=\"mw-headline\" style=\"color: #0000ff;\"><strong>Drei Aspekte des spirituellen Weges:\u00a0<\/strong><\/span><em><strong><span style=\"color: #0000ff;\">Glaube Liebe Hoffnung<span style=\"font-size: 16px;\">\u00a0<\/span><\/span><\/strong><\/em><\/h3>\n<p>Als geistig-seelisches Wesen gehen wir Menschen in der irdischen Verk\u00f6rperung den Weg zur\u00fcck zu unserem wahren Sein. Wir irren und ver-suchen, suchen und finden &#8211; schlie\u00dflich uns SELBST als g\u00f6ttliches Wesen, als &#8222;ICH Gott&#8220;, dem wir danken (denken), denn SEIN ist das REICH<\/p>\n<p>Und f\u00fchre uns nicht in Versuchung, sondern erl\u00f6se uns von dem B\u00f6sen. Denn dein ist das Reich und die Kraft und die Herrlichkeit in Ewigkeit.<\/p>\n<p><a href=\"https:\/\/wiki.yoga-vidya.de\/Glaube_Liebe_Hoffnung\"><b>Glaube Liebe Hoffnung<\/b>\u00a0<\/a>gelten als die drei besonders wichtige\u00a0Tugenden\u00a0jedes\u00a0spirituellen\u00a0Suchers. Glaube Liebe Hoffnung sind eine Grundlage des spirituellen Lebens:<\/p>\n<ul>\n<li><strong>Glaube<\/strong> ist der\u00a0Glaube\u00a0an eine H\u00f6here\u00a0Wirklichkeit.<\/li>\n<li><strong>Liebe\u00a0<\/strong>ist die wichtigste Tugend im\u00a0Alltag.<\/li>\n<li><strong>Hoffnung<\/strong>\u00a0ist die Hoffnung auf\u00a0Erl\u00f6sung, die Hoffnung auf\u00a0Erleuchtung, die Hoffnung auf\u00a0Gottverwirklichung und Selbstverwirklichung.<\/li>\n<\/ul>\n<p><em>\u201eGlaube, Liebe und Hoffnung sollen nie aus meinem Herzen weichen. dann gehe ich, wohin es soll und werde gewi\u00df am Ende sagen: \u201aIch habe gelebt.\u201c Und wenn es kein Stolz und keine T\u00e4uschung ist, so darf ich wohl sagen, da\u00df ich in jenen Stunden nach und nach durch die Pr\u00fcfungen meines Lebens fester und sicherer geworden bin.\u201c\u00a0 <\/em>(Johann Christian Friedrich H\u00f6lderlin, 1770 \u2013 1843)<\/p>\n<h3><span style=\"color: #0000ff;\"><b>1 Glaube<\/b><\/span><\/h3>\n<p>ist eine Grundlage f\u00fcr alle\u00a0Spiritualit\u00e4t.<\/p>\n<p>Der Glaube,<\/p>\n<ul>\n<li>dass es eine h\u00f6here\u00a0Wirklichkeit\u00a0gibt,<\/li>\n<li>dass es\u00a0Gott\u00a0gibt,<\/li>\n<li>dass hinter dem ganzen\u00a0Universum\u00a0eine h\u00f6here\u00a0Kraft\u00a0gibt.<\/li>\n<\/ul>\n<p>Aus diesem Glauben bekommt der spirituelle\u00a0Mensch\u00a0seine Festigkeit, sein\u00a0Vertrauen, sein Schicksalsvertrauen.<\/p>\n<h3><span style=\"color: #0000ff;\"><b>2 Liebe<\/b>\u00a0<\/span><\/h3>\n<p>ist die wichtigste Konsequenz aus diesem Glauben:<\/p>\n<p>Wenn es Gott gibt, und wenn Gott die Liebe ist, dann gilt es\u00a0Liebe\u00a0im Alltag zu erfahren und zu leben.<\/p>\n<p><span style=\"color: #0000ff;\"><strong>Liebe hat drei wichtigste Aspekte:<\/strong><\/span><\/p>\n<p><span style=\"color: #0000ff;\"><strong>1) Gottesliebe\u00a0<\/strong><\/span><\/p>\n<p><span style=\"color: #0000ff;\"><strong>2) Selbstliebe<\/strong><\/span><\/p>\n<p><span style=\"color: #0000ff;\"><strong>3) N\u00e4chstenliebe<\/strong><\/span><\/p>\n<h3><span style=\"color: #0000ff;\"><b>3 Hoffnung<\/b>\u00a0<\/span><\/h3>\n<p>ist die Hoffnung, Zuversicht bzw. Erwartung,<\/p>\n<ul>\n<li>dass Du Gott<strong> erfahren<\/strong> und <strong>erleben<\/strong> kannst (&#8222;ICH Gott, danke der Sch\u00f6pfung&#8220;)<\/li>\n<li>dass Du\u00a0Gott\u00a0durch Dich\u00a0<strong>verwirklichen<\/strong> kannst (<em>Hilf Dir selbst, dann hilft Dir Gott.<\/em>),<\/li>\n<li>dass Du dadurch\u00a0<strong>Erl\u00f6sung <\/strong>bekommen kannst\u00a0bzw. dass Du die\u00a0<strong>Erleuchtung<\/strong>\u00a0erlangen kannst.<\/li>\n<\/ul>\n<p>Diese Hoffnung befl\u00fcgelt und gibt die Kraft f\u00fcr <strong>regelm\u00e4\u00dfige spirituelle Praktiken<\/strong>,<\/p>\n<p>1) f\u00fcr uneigenn\u00fctzigen\u00a0<strong>Dienst <\/strong><\/p>\n<p>2) alle \u00dcbungen der\u00a0<strong>Hingabe\u00a0<\/strong><\/p>\n<p>3) der <strong>Meditation.<\/strong><\/p>\n<p>&nbsp;<\/p>\n<h2><span style=\"color: #0000ff;\"><strong>Entwicklung vom Opfer zum Sch\u00f6pfer<\/strong><\/span><\/h2>\n<p>Der Buddha sprach:<\/p>\n<p><em><strong>\u00abSollte ein Mann in der Schlacht tausend Gegner besiegen und noch einmal tausend, und ein anderer besiegte sich selbst, so w\u00e4re des zweiten der gr\u00f6\u00dfere Sieg, denn von allen Siegen der gr\u00f6\u00dfte ist der Sieg eines Menschen \u00fcber sich selbst.<\/strong><\/em><\/p>\n<p><em><strong>Und weder die G\u00f6tter im Himmel noch die D\u00e4monen in der Unterwelt verm\u00f6gen den Sieg eines solchen Menschen in eine Niederlage zu verwandeln.\u00bb<\/strong><\/em><\/p>\n<p>Es geht im Leben um besseres Bewu\u00dftsein und die H\u00f6her-Entwicklung als Mensch.<\/p>\n<p>Mein geistig-seelisches Wesen will sich als Teil der Sch\u00f6pfung mit eigener Sch\u00f6pfungskraft befreien aus der Opferrolle in der materialistischen und technischen Matrix, um letztlich in der F\u00fclle der Sch\u00f6pfung als Sch\u00f6pfer der F\u00fclle einfach (gl\u00fccklich und zufrieden) zu sein.<\/p>\n<h3><span style=\"color: #0000ff;\"><strong>Vier Entwicklungsstufen vom Opfer zum Sch\u00f6pfer nach Dr. Michael Bernard Beckwith<\/strong><\/span><\/h3>\n<p><strong><em>To me | By Me\u00a0 | Through Me | As Me<\/em><\/strong><\/p>\n<p><strong>F\u00fcr mich<\/strong>\/Zu mir | <strong>Von mir<\/strong>\/Durch mich |<strong> Durch mich<\/strong> | Wie\/<strong>Als ich<\/strong><\/p>\n<h4><span style=\"color: #0000ff;\"><strong>1. Stufe: Leben passiert mir (Opfern): To me \/ F\u00fcr mich<\/strong><\/span><\/h4>\n<p><span style=\"color: #0000ff;\"><strong>(&#8222;Opfer-Bewusstsein&#8220;:<\/strong> <\/span>Gefangener und Opfer, <em><strong>bewertete<\/strong> <\/em>Materie, Trennung)<\/p>\n<h4><span style=\"color: #0000ff;\"><strong>2. Stufe: Leben passiert durch mich (Manifestieren): By me \/ Von mir<\/strong><\/span><\/h4>\n<p><strong><span style=\"color: #0000ff;\">(&#8222;Manifestations-Bewusstsein&#8220;:<\/span><\/strong> Verwirklichung und Manifestation, <em><strong>m\u00e4nnliche<\/strong><\/em> Seite)<\/p>\n<h4><span style=\"color: #0000ff;\"><strong>3. Stufe: Leben findet durch mich Ausdruck (Hingeben): Through me \/ Durch mich<\/strong><\/span><\/h4>\n<p><strong><span style=\"color: #0000ff;\">(&#8222;Kanalisierung des Bewusstseins&#8220;:<\/span><\/strong> Liebe und Hingabe, <em><strong>weibliche<\/strong><\/em> Seite)<\/p>\n<h4><span style=\"color: #0000ff;\"><strong>4. Stufe: Leben ist mein Sein (Sch\u00f6pfen): As me \/ Als ich<\/strong><\/span><\/h4>\n<p><strong><span style=\"color: #0000ff;\">(&#8222;Bewusstsein des Seins&#8220;:<\/span><\/strong> Sch\u00f6pfer, neutraler Geist, Einheit: EINS sein)<\/p>\n<p>&nbsp;<\/p>\n<p>Die menschlichen T\u00f6ne\u00a0<strong>&#8222;Der g\u00f6ttliche Heilstrom&#8220; sind MAHAN:<\/strong><\/p>\n<p>Ein Mensch, der die Lernschritte geht, wird den\u00a0<strong>g\u00f6ttlichen Heilstrom\u00a0MAHAN<\/strong> erhalten,<\/p>\n<ol>\n<li>zun\u00e4chst als <span style=\"color: #0000ff;\"><strong>\u00dcbertragung<\/strong><\/span> (<span style=\"color: #0000ff;\"><strong>empfangen<\/strong><\/span> <strong><span style=\"color: #0000ff;\">von LIEBE<\/span><\/strong> als gr\u00f6\u00dfte Heilkraft),<\/li>\n<li>sp\u00e4ter als <strong><span style=\"color: #0000ff;\">Einbettung<\/span><\/strong> (<strong><span style=\"color: #0000ff;\">Kanalisation<\/span><\/strong>: <strong><span style=\"color: #0000ff;\">LIEBE sein<\/span><\/strong>)<\/li>\n<li>In einer weiteren Unterweisung lernt er,\u00a0<strong>MAHAN als g\u00f6ttlichen Heilstrom zu lenken, um damit <span style=\"color: #0000ff;\">Segen zu geben<\/span>,<\/strong>\u00a0f\u00fcr Menschen, Tiere, Pflanzen, Orte <strong><span style=\"color: #0000ff;\">(<em>Sch\u00f6pfung<\/em>)<\/span><\/strong><\/li>\n<li>Zum Abschluss der Lern-Sequenz &#8222;Sternentor &#8211; I&#8220;\u00a0<strong>wird g\u00f6ttlicher Heilstrom MAHAN an Mutter Erde \u00fcbertragen,<\/strong>\u00a0unsere Heimat &#8211; das strahlende Blau.<\/li>\n<\/ol>\n<p><a href=\"https:\/\/www.arkturianische-schule.de\/Der-g\u00f6ttliche-Heilstrom-MAHAN\">https:\/\/www.arkturianische-schule.de\/Der-g\u00f6ttliche-Heilstrom-MAHAN<\/a><\/p>\n","protected":false},"excerpt":{"rendered":"<p>Entwickeln, Entwicklung (Lernen) 1.\u00a0 Schritt: Erinnern und Erkennen Sobald Gott als allgegenw\u00e4rtig, allm\u00e4chtig und allwissend wahrgenommen wird, Gott individualisiert und in jedem Individuum voll pr\u00e4sent, werden die zuvor angenommenen Regeln, Riten, Rituale und Gebete, die in Wirklichkeit Beute, Flehen, Bitten und Verbeugungen vor einem Konzept im Himmel sind, obsolet. Dies sind die \u00dcberzeugungen, die jetzt [&hellip;]<\/p>\n","protected":false},"author":1,"featured_media":0,"parent":1687,"menu_order":0,"comment_status":"closed","ping_status":"closed","template":"members-style1-nosidebar.php","meta":{"footnotes":"","_links_to":"","_links_to_target":""},"class_list":["post-3351","page","type-page","status-publish","hentry"],"_links":{"self":[{"href":"https:\/\/reich-sein.eu\/club\/wp-json\/wp\/v2\/pages\/3351","targetHints":{"allow":["GET"]}}],"collection":[{"href":"https:\/\/reich-sein.eu\/club\/wp-json\/wp\/v2\/pages"}],"about":[{"href":"https:\/\/reich-sein.eu\/club\/wp-json\/wp\/v2\/types\/page"}],"author":[{"embeddable":true,"href":"https:\/\/reich-sein.eu\/club\/wp-json\/wp\/v2\/users\/1"}],"replies":[{"embeddable":true,"href":"https:\/\/reich-sein.eu\/club\/wp-json\/wp\/v2\/comments?post=3351"}],"version-history":[{"count":29,"href":"https:\/\/reich-sein.eu\/club\/wp-json\/wp\/v2\/pages\/3351\/revisions"}],"predecessor-version":[{"id":4321,"href":"https:\/\/reich-sein.eu\/club\/wp-json\/wp\/v2\/pages\/3351\/revisions\/4321"}],"up":[{"embeddable":true,"href":"https:\/\/reich-sein.eu\/club\/wp-json\/wp\/v2\/pages\/1687"}],"wp:attachment":[{"href":"https:\/\/reich-sein.eu\/club\/wp-json\/wp\/v2\/media?parent=3351"}],"curies":[{"name":"wp","href":"https:\/\/api.w.org\/{rel}","templated":true}]}}