{"id":3420,"date":"2022-09-26T13:31:12","date_gmt":"2022-09-26T11:31:12","guid":{"rendered":"http:\/\/reich-sein.eu\/club\/?page_id=3420"},"modified":"2022-11-24T15:36:39","modified_gmt":"2022-11-24T13:36:39","slug":"neu-progammierung","status":"publish","type":"page","link":"https:\/\/reich-sein.eu\/club\/seins-dimensionen\/informieren\/neu-progammierung\/","title":{"rendered":"Neu-Progammierung"},"content":{"rendered":"<p>Erschaffe dich neu!<br \/>\nH\u00f6re auf niemand und programmierte dich Neu\/Selbst.<\/p>\n<p>Zerst\u00f6re den ganzen M\u00fcll in deinem Unterbewusstsein und pflanze Neues, Sch\u00f6nes und das ein, was du Selbst m\u00f6chtest.<br \/>\nDu kannst ALLes sein!<br \/>\nWeil du ALLES bist.<\/p>\n<p>Selbst wenn du die Wahrheit findest, wird es schwer f\u00fcr dich zu akzeptieren.<\/p>\n<p>Unser Verstand, unsere Gedanken und unsere gesprochenen Worte erschaffen ALLe die Realit\u00e4t, in der wir uns befinden.<br \/>\n\u00c4ndere deine Denkweise, dann \u00e4ndert sich deine Realit\u00e4t.<\/p>\n<p><strong>Aktuell setzt ein kosmisches vergessen ein.<\/strong><br \/>\nWir werden gel\u00f6scht, damit wir uns neu programmieren k\u00f6nnen.<br \/>\nEs ist kein Zufall, h\u00e4nge nicht an der Vergangenheit fest, BAUE JETZT DEINE ZUKUNFT.<\/p>\n<p><strong>Glaube nur dir selbst und h\u00f6re auf dein Herz.<\/strong><\/p>\n<p>Ich ziehe nur Gutes in mein Leben und das Schlechte transformiere ich ebenfalls in Gutes.<br \/>\nALLes arbeitet f\u00fcr mich.<br \/>\nIch entwickeln mich immer so, wie meine Seele es m\u00f6chte und sein soll.<br \/>\nMein Leben arbeitet immer f\u00fcr mich, nicht gegen mich.<br \/>\nMir \u00f6ffnen sich neue M\u00f6glichkeiten, Wunder zeigen sich, Heilung Tag f\u00fcr Tag und Wachstum wartet auf mich.<br \/>\nALLes was ich tun muss, ist die Energie durch mich flie\u00dfen zu lassen.<\/p>\n<p><span style=\"color: #0000ff;\"><strong>Ein wahrer Anf\u00fchrer erschafft Anf\u00fchrer, keine Abonnenten oder Gefolgsleute!<\/strong><\/span><\/p>\n<p><a href=\"http:\/\/reich-sein.eu\/club\/wp-content\/uploads\/2022\/09\/wahrer-Anf\u00fchrer.jpg\"><img loading=\"lazy\" decoding=\"async\" class=\"size-full wp-image-3428 alignnone\" src=\"http:\/\/reich-sein.eu\/club\/wp-content\/uploads\/2022\/09\/wahrer-Anf\u00fchrer.jpg\" alt=\"\" width=\"747\" height=\"856\" srcset=\"https:\/\/reich-sein.eu\/club\/wp-content\/uploads\/2022\/09\/wahrer-Anf\u00fchrer.jpg 747w, https:\/\/reich-sein.eu\/club\/wp-content\/uploads\/2022\/09\/wahrer-Anf\u00fchrer-262x300.jpg 262w\" sizes=\"auto, (max-width: 747px) 100vw, 747px\" \/><\/a><\/p>\n<p>&nbsp;<\/p>\n","protected":false},"excerpt":{"rendered":"<p>Erschaffe dich neu! H\u00f6re auf niemand und programmierte dich Neu\/Selbst. Zerst\u00f6re den ganzen M\u00fcll in deinem Unterbewusstsein und pflanze Neues, Sch\u00f6nes und das ein, was du Selbst m\u00f6chtest. Du kannst ALLes sein! Weil du ALLES bist. Selbst wenn du die Wahrheit findest, wird es schwer f\u00fcr dich zu akzeptieren. Unser Verstand, unsere Gedanken und unsere [&hellip;]<\/p>\n","protected":false},"author":1,"featured_media":0,"parent":1672,"menu_order":0,"comment_status":"closed","ping_status":"closed","template":"members-style1-nosidebar.php","meta":{"footnotes":"","_links_to":"","_links_to_target":""},"class_list":["post-3420","page","type-page","status-publish","hentry"],"_links":{"self":[{"href":"https:\/\/reich-sein.eu\/club\/wp-json\/wp\/v2\/pages\/3420","targetHints":{"allow":["GET"]}}],"collection":[{"href":"https:\/\/reich-sein.eu\/club\/wp-json\/wp\/v2\/pages"}],"about":[{"href":"https:\/\/reich-sein.eu\/club\/wp-json\/wp\/v2\/types\/page"}],"author":[{"embeddable":true,"href":"https:\/\/reich-sein.eu\/club\/wp-json\/wp\/v2\/users\/1"}],"replies":[{"embeddable":true,"href":"https:\/\/reich-sein.eu\/club\/wp-json\/wp\/v2\/comments?post=3420"}],"version-history":[{"count":9,"href":"https:\/\/reich-sein.eu\/club\/wp-json\/wp\/v2\/pages\/3420\/revisions"}],"predecessor-version":[{"id":3984,"href":"https:\/\/reich-sein.eu\/club\/wp-json\/wp\/v2\/pages\/3420\/revisions\/3984"}],"up":[{"embeddable":true,"href":"https:\/\/reich-sein.eu\/club\/wp-json\/wp\/v2\/pages\/1672"}],"wp:attachment":[{"href":"https:\/\/reich-sein.eu\/club\/wp-json\/wp\/v2\/media?parent=3420"}],"curies":[{"name":"wp","href":"https:\/\/api.w.org\/{rel}","templated":true}]}}