{"id":3535,"date":"2022-09-27T17:59:54","date_gmt":"2022-09-27T15:59:54","guid":{"rendered":"http:\/\/reich-sein.eu\/club\/?page_id=3535"},"modified":"2022-11-25T21:51:58","modified_gmt":"2022-11-25T19:51:58","slug":"galaktischer-kodex","status":"publish","type":"page","link":"https:\/\/reich-sein.eu\/club\/seins-dimensionen\/bewusstsein\/galaktischer-kodex\/","title":{"rendered":"Galaktischer Kodex"},"content":{"rendered":"<h2 class=\"entry-title post-title responsive\"><span style=\"color: #0000ff;\"><strong>Der Galaktische Kodex<\/strong><\/span><\/h2>\n<p>von Cobra\u2019s Blog vom 4. April 2012<\/p>\n<div class=\"post-entry\">\n<div class=\"pf-content\">\n<p>Dieser Kodex wird als Galaktischer Kodex bezeichnet und stellt die rechtliche Grundlage f\u00fcr alle Handlungen der Konf\u00f6deration in dieser und in anderen Galaxien dar. Er ist kein starres Gesetzeswerk \u00e4u\u00dferer Regeln, sondern ein innerlicher Verhaltenskodex aller Lichtseelen, den alle Wesen des Lichts mit ihrem freien Willen akzeptieren, weil er ihre innere Wahrheit widerspiegelt.<\/p>\n<p>Wir werden den Galaktischen Kodex jetzt auf eine Art erkl\u00e4ren, die f\u00fcr ein durchschnittlich aufgekl\u00e4rtes Wesen in einer menschlichen Gesellschaft verst\u00e4ndlich ist.<\/p>\n<h4><span style=\"color: #0000ff;\"><strong>Artikel I: Das Gesetz der g\u00f6ttlichen Gnade<\/strong><\/span><\/h4>\n<p>Jedes Lebewesen hat ein unabdingbares und bedingungsloses Recht auf positive Lebenserfahrung<\/p>\n<p>Um Artikel I zu erkl\u00e4ren, m\u00fcssen wir verstehen, dass Leiden und Schmerz, in erleuchteten galaktischen Gesellschaften, befreit vom Einfluss Dunkler Kr\u00e4fte und anderer kosmischer Absonderheiten, keinerlei Wert haben. Schmerz, Leiden und Opfer als einen Teil der Wachstumserfahrung darzustellen, war Teil der Programmierung der Dunklen Kr\u00e4fte, mit dem Ziel die Populationen der eroberten Planeten leichter zu versklaven.<\/p>\n<p>Jedem Lebewesen im befreiten Universum wird durch seine innere Verbindung zur Quelle eine bedingungslos positive Lebenserfahrung garantiert. Gest\u00e4rkt wird dieses Recht durch die Kraft Aufgestiegener Meister \u00fcber die Materie. Ihre Macht \u00fcber die Materie erm\u00f6glicht es ihnen, alle Lebewesen in ihrem Streben hin zur Quelle zu unterst\u00fctzen und sie mit allem Lebensnotwendigen zu versorgen. Das Leben war niemals als harte Arbeit oder Kampf gedacht, sondern vielmehr als Weg der Freude und Kreativit\u00e4t. Verschiedene Abs\u00e4tze des Artikels I regulieren alles Leben in einem befreiten Universum und alle Beziehungen zwischen den Wesen des Lichts, so dass Konflikte gar nicht aufkommen m\u00fcssen. Lasst uns die Abs\u00e4tze erkl\u00e4ren:<\/p>\n<h4><strong><span style=\"color: #0000ff;\">Artikel I\/ Absatz 1: Jedes Lebewesen hat ein unabdingbares und bedingungsloses Recht auf k\u00f6rperlichen und seelischen Wohlstand<\/span><\/strong><\/h4>\n<p>Dieser Absatz garantiert jedem Lebewesen im befreiten Universum eine positive Lebenserfahrung. Die Aufgestiegenen Meister nutzen die Kraft, die sie \u00fcber die erl\u00f6ste Materie des befreiten Universums haben, um alles Lebensnotwendige, k\u00f6rperlichen und seelischen Reichtum und Sch\u00f6nheit, bereitzustellen.<\/p>\n<h4><strong><span style=\"color: #0000ff;\">Artikel I\/ Absatz 2: Jedes Lebewesen hat ein unabdingbares und bedingungsloses Recht auf Aufstieg<\/span><\/strong><\/h4>\n<p>Dieser Absatz erkl\u00e4rt, wie die Aufgestiegenen Meister ihr erweitertes Verst\u00e4ndnis \u00fcber die spirituelle Methode des Aufstiegs nutzen und unter Zuhilfenahme des \u201cElektrischen Feuers der Erl\u00f6sung\u201d alle Lebewesen unterst\u00fctzen, die sich freiwillig f\u00fcr den Aufstieg entscheiden.<\/p>\n<h4><strong><span style=\"color: #0000ff;\">Artikel I\/3: Jedes Lebewesen hat ein unabdingbares und bedingungsloses Recht, sich mit anderen Wesen im Verh\u00e4ltnis ihrer\/seiner jeweiligen Position in der Seelenfamilie zu verbinden.<\/span><\/strong><\/h4>\n<p>Dieser Unterabschnitt reguliert alle Beziehungen innerhalb einer Seelenfamilie. Er garantiert die Verschmelzung von Wesen entgegengesetzter Polarit\u00e4t (Zwillingsseelen, Seelenverwandte) und die Ausrichtung aller anderen Wesen, unabh\u00e4ngig von ihrem Entwicklungsstand und ihren \u00e4u\u00dferen Bedingungen.<\/p>\n<h4><strong><span style=\"color: #0000ff;\">Artikel I\/4: Jedes Lebewesen hat ein unabdingbares und bedingungsloses Recht auf alle Informationen.<\/span><\/strong><\/h4>\n<p>Dieser Unterabschnitt ist eine Garantie, dass alle Wesen alle notwendigen Informationen erhalten, die sie ben\u00f6tigen, um ihre Aufgabe im Universum, die gr\u00f6\u00dfere Perspektive der Evolution und alle weiteren Dinge, die sie f\u00fcr ihre Entscheidungen, f\u00fcr ihr Wachstum und ihr Wohlbefinden brauchen, zu verstehen. All diese Daten werden von Aufgestiegenen Meistern oder anderen Wesen bereitgestellt, die die Entwicklungen der verschiedenen Rassen und Zivilisationen \u00fcberwachen.<\/p>\n<h4><strong><span style=\"color: #0000ff;\">Artikel I\/5: Jedes Lebewesen hat ein unabdingbares und bedingungsloses Recht auf Freiheit.<\/span><\/strong><\/h4>\n<p>Dieser Unterabschnitt sieht vor, dass jedes Wesen ein unbegrenztes Potenzial f\u00fcr Wachstum und Lebenserfahrung hat. Da alle Wesen im befreiten Universum nur Positivismus (das endlose Streben nach Erf\u00fcllung durch Liebe und Dienst) als Ziel haben, geht ihre Freiheit nie zu Lasten der Freiheit anderer Wesen.<\/p>\n<h4><span style=\"color: #0000ff;\"><strong>Artikel II: Das Gesetz der Trennung in Konflikt stehender Parteien<\/strong><\/span><\/h4>\n<p>Jedes Lebewesen hat ein unabdingbares und bedingungsloses Recht auf die Trennung von und den Schutz vor negativen Handlungen anderer Lebewesen.<\/p>\n<p>Dieser Abschnitt regelt die Bedingungen in jenen Teilen des Universums, die soeben erst von dem Einfluss der Dunklen Kr\u00e4fte befreit wurden, aber noch nicht in der Konf\u00f6deration akzeptiert sind. Er erfordert, dass die Kr\u00e4fte des Lichtes jederzeit Konfliktparteien trennen, um sie vor gegenseitigem Schaden zu sch\u00fctzen. Dann vermitteln die Kr\u00e4fte des Lichtes in diesem Konflikt, bis er gel\u00f6st ist. Dieser Abschnitt kommt h\u00e4ufig zum Einsatz, um Kriege und andere bewaffnete Konflikte zu beenden.<\/p>\n<h4><span style=\"color: #0000ff;\"><strong>Artikel III: Das Gesetz der Balance<\/strong><\/span><\/h4>\n<p>Jedes Lebewesen, das sich entschieden hat, gegen die Grunds\u00e4tze des Galaktischen Kodex zu leben und zu handeln, sich weigert, oder nicht in dazu der Lage ist, diese jetzt zu akzeptieren und die Folgen vergangener Taten auszugleichen, wird der Zentralsonne zugef\u00fchrt, dort in grundlegendster elementarer Essenz restrukturiert, um einen neuen Zyklus der Evolution zu beginnen.<\/p>\n<p>Dieser Abschnitt regelt die Beziehungen zwischen den Kr\u00e4ften des Lichts und den Kr\u00e4ften der Dunkelheit. Sobald sie besiegt wurden, erhalten Wesen, die den Kr\u00e4ften der Dunkelheit angeh\u00f6ren, die M\u00f6glichkeit den Galaktischen Kodex zu akzeptieren, sich nach allen M\u00f6glichkeiten einzubringen, um die Fehler, die sie gemacht haben, zu korrigieren und anschlie\u00dfend positiv zu leben. Wenn sie dies akzeptieren, wird ihnen vergeben und sie treten der Konf\u00f6deration bei. Wenn sie zur Akzeptanz nicht in der Lage oder nicht bereit sind, werden sie der Zentralsonne \u00fcbergeben. Ihre Pers\u00f6nlichkeit und Seelenessenzen werden mit dem elektrischen Feuer neu strukturiert und ihr g\u00f6ttlicher Funke beginnt einen neuen Zyklus der Evolution.<\/p>\n<h4><span style=\"color: #0000ff;\"><strong>Artikel IV: Das Gesetz der Intervention<\/strong><\/span><\/h4>\n<p>Die galaktische Konf\u00f6deration hat in allen Situationen ein unver\u00e4u\u00dferliches und uneingeschr\u00e4nktes Recht auf Intervention, in denen der Galaktische Kodex verletzt wird, unabh\u00e4ngig von den \u00f6rtlichen Gesetzen.<\/p>\n<p>Dieser Abschnitt beschreibt die Politik der Lichtkr\u00e4fte hinsichtlich besetzter Planeten. Die Konf\u00f6deration beh\u00e4lt sich das Recht vor, in allen Bereichen, Zivilisationen, Planeten oder Sonnensystemen, in dem der Galaktische Kodex verletzt wird, zu intervenieren. Sie hat das Recht zu dieser Intervention, ungeachtet der Stellung der lokalen Zivilisation. Sie hat stets das Recht, alle friedlichen Mittel der Erziehung und der Regulierung zu verwenden. Wenn die kritische Masse der Grunds\u00e4tze des Galaktischen Kodex verletzt wird, hat sie das Recht auf Anwendung milit\u00e4rischer Gewalt. Sonderf\u00e4lle sind Planeten unter direkter Besetzung der Dunklen Kr\u00e4fte. Die dunklen Kr\u00e4fte nehmen f\u00fcr gew\u00f6hnlich die lokale Bev\u00f6lkerung als Geisel, um den Fortschritt der Kr\u00e4fte des Lichts zu behindern. Auf der Erde haben sie mit Atomkrieg gedroht, wenn die Lichtkr\u00e4fte eingreifen w\u00fcrden. Dies ist der wesentliche Grund daf\u00fcr, warum die Lichtkr\u00e4fte diesen Planeten noch nicht befreit haben (und nicht der so genannte wir-werden-nicht-eingreifen-weil-wir-freien-Willen-respektieren, wir-werden-nur-zusehen-wie-das-Leiden-weitergeht Unsinn). Wie in jeder Geiselnahme, erfordert dies eine Menge Verhandlungsgeschick und eine taktische Vorgehensweise. Diese Situation wird nun behoben und Planet Erde wird bald befreit sein.<\/p>\n<h5><span style=\"color: #0000ff;\"><strong>Artikel IV\/1: Jedes Lebewesen hat ein unver\u00e4usserliches und uneingeschr\u00e4nktes Recht auf Anrufung der Galaktischen Konf\u00f6deration in Not und die galaktische Konf\u00f6deration hat das Recht zu unterst\u00fctzen, unabh\u00e4ngig von \u00f6rtlichen Gesetzen.<\/strong><\/span><\/h5>\n<p>Dieser Unterabschnitt gibt eine rechtliche Grundlage f\u00fcr die Intervention und Unterst\u00fctzung f\u00fcr alle Geiseln der Finsteren M\u00e4chte. Die Kr\u00e4fte des Lichts tun immer, was sie zur Unterst\u00fctzung und zur Verbesserung der Lebensbedingungen aller Lebewesen, auch auf der Erde, tun k\u00f6nnen. Die Situation auf der Erde gibt einen Hinweis darauf, wie viel mehr Macht die Finsternis \u00fcber das Licht auf diesem Planeten hatte. Gl\u00fccklicherweise \u00e4ndert sich dies jetzt.<\/p>\n<h5><span style=\"color: #0000ff;\"><strong>Artikel IV\/2: Die Galaktische Konf\u00f6deration hat, wenn n\u00f6tig, ein unabdingbares und bedingungsloses Recht zur Umsetzung des Galaktischen Kodex und zum Eingreifen mit milit\u00e4rischer Gewalt in Bereichen, wo der galaktische Kodex verletzt wird.<\/strong><\/span><\/h5>\n<p>Dieser Unterabschnitt bietet die Rechtsgrundlage f\u00fcr die Befreiung der besetzten Planeten mit milit\u00e4rischer Gewalt. Die Streitkr\u00e4fte der Konf\u00f6deration entfernen oder geben Unterst\u00fctzung bei der Entfernung von Vertretern der Dunklen Kr\u00e4fte und befreien die Geiseln. Dann unterst\u00fctzen weitere Kr\u00e4fte der Konf\u00f6deration, den Prozess der Aufnahme des Planeten in die Konf\u00f6deration durch Aufkl\u00e4rung der \u00f6rtlichen Bev\u00f6lkerung.<\/p>\n<p>M\u00f6glicherweise haben einige Menschen das Gef\u00fchl, dass die Konf\u00f6deration kein Recht auf Intervention hat und dass die Menschheit das Recht hat, ihre Probleme selbst zu l\u00f6sen. Dies entspricht schlicht nicht der Wahrheit. Viele Kriege \u00fcberall auf dem Planeten und st\u00e4ndiger Missbrauch der grundlegenden Menschenrechte haben bewiesen, dass die Menschheit nicht in der Lage ist, ihre eigene Situation zu handhaben. So ist es viel besser, dass ihr weise Besch\u00fctzer zur Seite stehen, um ihr behilflich zu sein. Die Konf\u00f6deration wird die Menschen bei der Abl\u00f6sung der derzeitigen \u201cPuppenspieler\u201d (der Dunklen Kr\u00e4fte) unterst\u00fctzen, die seit der Zeit von Atlantis an der Macht sind. Dann wird der Galaktische Kodex im ganzen Universum endg\u00fcltig zum universellen Verhaltenskodex und Dunkelheit wird es nicht mehr geben.<\/p>\n<p>\u00dcbersetzung: Prepare for Change-Team Germany<\/p>\n<p>Quelle:\u00a0<a href=\"http:\/\/transinformation.net\/der-galaktische-kodex\/\">http:\/\/transinformation.net\/der-galaktische-kodex\/<\/a><\/p>\n<\/div>\n<\/div>\n","protected":false},"excerpt":{"rendered":"<p>Der Galaktische Kodex von Cobra\u2019s Blog vom 4. April 2012 Dieser Kodex wird als Galaktischer Kodex bezeichnet und stellt die rechtliche Grundlage f\u00fcr alle Handlungen der Konf\u00f6deration in dieser und in anderen Galaxien dar. Er ist kein starres Gesetzeswerk \u00e4u\u00dferer Regeln, sondern ein innerlicher Verhaltenskodex aller Lichtseelen, den alle Wesen des Lichts mit ihrem freien [&hellip;]<\/p>\n","protected":false},"author":1,"featured_media":0,"parent":1687,"menu_order":0,"comment_status":"closed","ping_status":"closed","template":"members-style1-nosidebar.php","meta":{"footnotes":"","_links_to":"","_links_to_target":""},"class_list":["post-3535","page","type-page","status-publish","hentry"],"_links":{"self":[{"href":"https:\/\/reich-sein.eu\/club\/wp-json\/wp\/v2\/pages\/3535","targetHints":{"allow":["GET"]}}],"collection":[{"href":"https:\/\/reich-sein.eu\/club\/wp-json\/wp\/v2\/pages"}],"about":[{"href":"https:\/\/reich-sein.eu\/club\/wp-json\/wp\/v2\/types\/page"}],"author":[{"embeddable":true,"href":"https:\/\/reich-sein.eu\/club\/wp-json\/wp\/v2\/users\/1"}],"replies":[{"embeddable":true,"href":"https:\/\/reich-sein.eu\/club\/wp-json\/wp\/v2\/comments?post=3535"}],"version-history":[{"count":2,"href":"https:\/\/reich-sein.eu\/club\/wp-json\/wp\/v2\/pages\/3535\/revisions"}],"predecessor-version":[{"id":5112,"href":"https:\/\/reich-sein.eu\/club\/wp-json\/wp\/v2\/pages\/3535\/revisions\/5112"}],"up":[{"embeddable":true,"href":"https:\/\/reich-sein.eu\/club\/wp-json\/wp\/v2\/pages\/1687"}],"wp:attachment":[{"href":"https:\/\/reich-sein.eu\/club\/wp-json\/wp\/v2\/media?parent=3535"}],"curies":[{"name":"wp","href":"https:\/\/api.w.org\/{rel}","templated":true}]}}