{"id":3607,"date":"2022-09-28T13:21:55","date_gmt":"2022-09-28T11:21:55","guid":{"rendered":"http:\/\/reich-sein.eu\/club\/?page_id=3607"},"modified":"2022-11-24T15:58:12","modified_gmt":"2022-11-24T13:58:12","slug":"wohlstands-blockaden","status":"publish","type":"page","link":"https:\/\/reich-sein.eu\/club\/seins-dimensionen\/informieren\/wohlstands-blockaden\/","title":{"rendered":"Wohlstands-Blockaden"},"content":{"rendered":"<h2><span style=\"color: #0000ff;\"><strong>Wohlstands-Blockaden<\/strong><\/span><\/h2>\n<p>bestimmen, ob Du Wohlstand in Dein leben ziehst, beh\u00e4ltst, vermehrst, verlierst oder verhinderst.<\/p>\n<p>Geld ist im heutigen Leben so wichtig wie Sauerstoff. Dein Glauben, Deine\u00a0\u00dcberzeugungen und Definitionen \u00fcber Geld werden Dich entweder in die F\u00fclle f\u00fchren oder in finanzielle Not bringen.<\/p>\n<blockquote><p><strong>Eine \u00dcberzeugung ist eine vorgefasste Vorstellung (um sich eine Meinung vor tats\u00e4chlichem Wissen oder Erfahrung zu bilden) \u00fcber etwas.\u00a0<\/strong><\/p>\n<p><strong>Ein Glaube ist weder eine Tatsache noch die Wahrheit, angenommene Wahrheit.<\/strong><\/p><\/blockquote>\n<p><strong>Deine \u00dcberzeugungen\/Definitionen \u00fcber Geld und Reichtum werden Deine Realit\u00e4t erschaffen. <\/strong><\/p>\n<ul>\n<li>Wenn Du glaubst, da\u00df Geld b\u00f6se ist, wirst Du es von Dir weisen bzw. absto\u00dfen.<\/li>\n<li>Wenn Du glaubst, dass Geld Dir mehr M\u00f6glichkeiten im Leben bietet, das Leben zu f\u00fchren, das Du bevorzugst, wirst Du mehr als genug davon bekommen.<\/li>\n<\/ul>\n<p><strong>Quellen dieser Glaubensmuster:<\/strong><\/p>\n<ul>\n<li>Meistens basieren unsere \u00dcberzeugungen\/Definitionen auf eigenen pers\u00f6nlichen Erfahrungen.<\/li>\n<li>Viele Glaubensmuster bekommen wir als \u00dcberzeugungen\/Bedeutungen von den Menschen bis zum 7. Lebensjahr gepr\u00e4gt, die uns nahe stehen, wie unseren Eltern, Geschwister, Verwandten, Autorit\u00e4tspersonen.<\/li>\n<\/ul>\n<p>Wenn Du gute Erfahrungen mit Geld gemacht hast und positive \u00dcberzeugungen \u00fcber Geld erlebt hast, dann sollten Deine Finanzen kein Problem sein.<\/p>\n<p>Wenn Du jedoch schlechte Erfahrungen mit Geld gemacht hast und Du den Schmerz immer noch nicht losgelassen hast, dann wirst Du wahrscheinlich im Finanzbereich einen Mangel haben.<\/p>\n<p>Wenn Du Dich in irgendeinem Bereich Deines Lebens (z.B. Geld\/Reichtum) festgefahren f\u00fchlst, ist dies der Blockade-Grund f\u00fcr die entsprechende Manifestierung.<\/p>\n<p>Die negative Pr\u00e4gung durch andere und\/oder die \u201e<em>schlechte<\/em>\u201c Erfahrung, die Du gemacht hast, werden dauerhaft in Deinem Unterbewusstsein als Energiemuster (Gewohnheit) gespeichert.<\/p>\n<p>Das ist der Hauptgrund,<\/p>\n<ul>\n<li>warum Menschen\u00a0schmerzhafte <strong>Beziehungen<\/strong> nicht verlassen,<\/li>\n<li>warum Menschen in <strong>Jobs<\/strong> bleiben, die sie nicht befriedigen und begeistern,<\/li>\n<li>warum Menschen nicht <strong>abnehmen<\/strong> k\u00f6nnen,<\/li>\n<li>warum sich ihre <strong>Geldsituation<\/strong> nicht verbessert oder manchmal sogar verschlechtert.<\/li>\n<\/ul>\n<h3><span style=\"color: #0000ff;\"><strong>De-Blockierung bzw. L\u00f6sung alter Muster<\/strong><\/span><\/h3>\n<p><span style=\"color: #0000ff;\"><strong>1) Bearbeitung des Bewu\u00dftseins (Verstand, Alltagsbewu\u00dftsein)<\/strong><\/span><\/p>\n<p><span style=\"color: #0000ff;\"><strong>a. Neu-Definition:<\/strong><\/span><\/p>\n<p>Das Geheimnis eines friedlichen, zufriedenen Lebens besteht darin,<\/p>\n<ul>\n<li>negative Definitionen \u00fcber eine Situation oder einen Umstand <strong>loszulassen<\/strong> und<\/li>\n<li>durch <strong>positive zu ersetzen<\/strong> oder zumindest die Beschreibung und Bewertungen zu<strong> neutralisieren.<\/strong><\/li>\n<\/ul>\n<p><span style=\"color: #0000ff;\"><strong>b. Vergeben: <\/strong><\/span><\/p>\n<p>Eine M\u00f6glichkeit zur L\u00f6sung dieser Blockierungen ist das Vergeben dieser Erfahrungen und der beteiligten Personen\/Situation.<\/p>\n<p><strong>Du wirst niemals grundlegende, dauerhafte Ver\u00e4nderungen an Dir selbst erreichen, wenn Du nur den bewussten Verstand einschaltest.<\/strong><\/p>\n<p><span style=\"color: #0000ff;\"><strong>2) Bearbeitung Deine Unter-Bewu\u00dftseins\u00a0<\/strong><\/span><\/p>\n<p><strong><span style=\"color: #0000ff;\">Meisterung des Innen-Spiels<\/span> (Dr. Robert Anthony:\u00a0<\/strong><strong><em>Mastering Your Inner Game<\/em>)<\/strong><\/p>\n<p>Grundlegende Werkzeuge, anstatt Worte, die nur Deinen Verstand bzw. Dein Bewusstsein befriedigen.<\/p>\n<p>Bei Nicht\u00fcbereinstimmung von Unterbewusstsein und Bewusstsein \u00e4ndert <em><strong>positives Denken<\/strong><\/em> allein nichts.<\/p>\n<p>Es gibt zwei M\u00f6glichkeiten zur \u00c4nderung der Speicherungen der Programme im Unterbewu\u00dftsein<br \/>\n(<strong>vorhandene Aufnahme<\/strong> des Bandes\/der CD oder DVD \u00e4ndern, anstatt eine neue Aufnahmen zu machen!)<\/p>\n<p><span style=\"color: #0000ff;\"><strong>a. Alte, tief liegende \u00dcberzeugungen herausfinden und durch neue ersetzen.<\/strong><\/span><\/p>\n<p><span style=\"color: #0000ff;\"><strong>b. Neue \u00dcberzeugungen durch Hypnose im Alphazustand direkt in das Unterbewusstsein bringen.<\/strong><\/span><\/p>\n","protected":false},"excerpt":{"rendered":"<p>Wohlstands-Blockaden bestimmen, ob Du Wohlstand in Dein leben ziehst, beh\u00e4ltst, vermehrst, verlierst oder verhinderst. Geld ist im heutigen Leben so wichtig wie Sauerstoff. Dein Glauben, Deine\u00a0\u00dcberzeugungen und Definitionen \u00fcber Geld werden Dich entweder in die F\u00fclle f\u00fchren oder in finanzielle Not bringen. Eine \u00dcberzeugung ist eine vorgefasste Vorstellung (um sich eine Meinung vor tats\u00e4chlichem Wissen [&hellip;]<\/p>\n","protected":false},"author":1,"featured_media":0,"parent":1672,"menu_order":0,"comment_status":"closed","ping_status":"closed","template":"members-style1-nosidebar.php","meta":{"footnotes":"","_links_to":"","_links_to_target":""},"class_list":["post-3607","page","type-page","status-publish","hentry"],"_links":{"self":[{"href":"https:\/\/reich-sein.eu\/club\/wp-json\/wp\/v2\/pages\/3607","targetHints":{"allow":["GET"]}}],"collection":[{"href":"https:\/\/reich-sein.eu\/club\/wp-json\/wp\/v2\/pages"}],"about":[{"href":"https:\/\/reich-sein.eu\/club\/wp-json\/wp\/v2\/types\/page"}],"author":[{"embeddable":true,"href":"https:\/\/reich-sein.eu\/club\/wp-json\/wp\/v2\/users\/1"}],"replies":[{"embeddable":true,"href":"https:\/\/reich-sein.eu\/club\/wp-json\/wp\/v2\/comments?post=3607"}],"version-history":[{"count":15,"href":"https:\/\/reich-sein.eu\/club\/wp-json\/wp\/v2\/pages\/3607\/revisions"}],"predecessor-version":[{"id":3627,"href":"https:\/\/reich-sein.eu\/club\/wp-json\/wp\/v2\/pages\/3607\/revisions\/3627"}],"up":[{"embeddable":true,"href":"https:\/\/reich-sein.eu\/club\/wp-json\/wp\/v2\/pages\/1672"}],"wp:attachment":[{"href":"https:\/\/reich-sein.eu\/club\/wp-json\/wp\/v2\/media?parent=3607"}],"curies":[{"name":"wp","href":"https:\/\/api.w.org\/{rel}","templated":true}]}}