{"id":3701,"date":"2022-10-01T20:57:40","date_gmt":"2022-10-01T18:57:40","guid":{"rendered":"http:\/\/reich-sein.eu\/club\/?page_id=3701"},"modified":"2022-11-24T15:28:31","modified_gmt":"2022-11-24T13:28:31","slug":"affirmationen-aussagen","status":"publish","type":"page","link":"https:\/\/reich-sein.eu\/club\/mittel\/besondere-reich-sein\/affirmationen-aussagen\/","title":{"rendered":"Affirmationen (Aussagen)"},"content":{"rendered":"<h2><span style=\"color: #0000ff;\"><strong>Affirmationen<\/strong><\/span><\/h2>\n<p>Siehe: Werkzeuge\/Aussagen (Affirmationen)<\/p>\n<h3><\/h3>\n<h3><span style=\"color: #0000ff;\"><strong>Die besten Affirmationen zu Geld und Reichtum<\/strong><\/span><\/h3>\n<p>Ich ziehe leicht und m\u00fchelos Geld an wie ein Magnet.<br \/>\nGeld flie\u00dft einfach und st\u00e4ndig und auf allen erdenklichen Wegen zu mir.<br \/>\nIch habe immer mehr als genug Geld.<br \/>\nGeld findet immer einen Weg auf mein Konto.<br \/>\nIch bin ein Geldmagnet.<br \/>\nIch verdiene leicht Geld.<br \/>\nGeld findet immer einen Weg zu mir.<br \/>\nIch bin dankbar f\u00fcr Geld.<br \/>\nIch liebe Geld, weil Geld mich liebt.<br \/>\nIch glaube, es gibt genug Geld f\u00fcr alle.<br \/>\nIch bin gro\u00dfz\u00fcgig mit meinem Geld.<br \/>\nIch ver\u00e4ndere die Welt mit meinem Geld.<br \/>\nGeld ist gut und Geld ist mir wichtig.<br \/>\nGeld darf mir wichtig sein.<br \/>\nIch bin des Reichtums, den ich mir w\u00fcnsche, w\u00fcrdig.<br \/>\nIch liebe es, Geld ein gutes Zuhause zu geben.<br \/>\nGeld f\u00fchlt sich wohl bei mir und ich f\u00fchle mich wohl bei Geld.<br \/>\nIch bin offen daf\u00fcr, das zu empfangen, was das H\u00f6chste und Beste f\u00fcr alle ist.<br \/>\nIch bin offen daf\u00fcr, zu geben, was das H\u00f6chste und Beste f\u00fcr alle ist.<br \/>\nIch gebe allen Widerstand gegen die Anziehung von Geld auf.<br \/>\nIch bin finanziell frei.<br \/>\nGeld bringt Gl\u00fcck und Segen in mein Leben.<br \/>\nIch segne all das Geld, das ich habe und auf dem Weg zu mir ist.<br \/>\nIch bin auf die Energie der F\u00fclle ausgerichtet.<br \/>\nIch bin in der Lage, alle finanziellen Hindernisse zu \u00fcberwinden, die sich mir in den Weg stellen.<br \/>\nIch meistere gelassen meine Geldziele.<br \/>\nIch erlaube es mir, mehr Geld in mein Leben zu ziehen.<br \/>\nIch erlaube es mir reich zu sein.<br \/>\nIch verdiene es, mehr Geld zu verdienen.<br \/>\nIch darf mehr als genug Geld in mein Leben ziehen.<br \/>\nIch darf mehr Geld machen, als all mein Stammbaum zusammen.<br \/>\nIch akzeptiere und erhalte unerwartetes Geld.<br \/>\nAlles Geld ist Energie.<br \/>\nAlle Gedanken sind Energie.<br \/>\nIch \u00f6ffne mich jetzt f\u00fcr ein Leben in F\u00fclle und Reichtum.<br \/>\nIch hei\u00dfe Geld willkommen.<br \/>\nGeld ist Frieden.<br \/>\nWenn ich Geld habe, habe ich Frieden.<br \/>\nAlle Zellen meines K\u00f6rpers sind jetzt darauf programmiert, Geld zu empfangen.<br \/>\nIch verdiene es, viel Geld zu empfangen.<br \/>\nFinanzieller Reichtum ist mein nat\u00fcrlicher Zustand.<br \/>\nGeld flie\u00dft ganz leicht zu mir.<br \/>\nGeld und Reichtum ist sinnvoll.<br \/>\nJe mehr Geld ich habe, desto mehr Freiheiten habe ich.<br \/>\nGeld ist unendliches Potential.<br \/>\nJe mehr Geld ich bekomme, desto mehr kann ich helfen.<br \/>\nIch ziehe ganz nat\u00fcrlich Situationen und Menschen an, die ich mir w\u00fcnsche<br \/>\nIch bin kreativ darin, alle M\u00f6glichkeiten zu schaffen, um Geld zu verdienen<br \/>\nIch empfange Geld als Ergebnis davon, weil ich mache, was ich liebe<br \/>\nEs ist auf vollkommene Art perfekt in Ordnung, wohlhabend und gl\u00fccklich zu sein<br \/>\nEs ist immer genug Geld f\u00fcr mich da.<br \/>\nMeine Bed\u00fcrfnisse werden bereits erf\u00fcllt.<br \/>\nIch bin dankbar f\u00fcr alles, was ich habe.<br \/>\nIch erschaffe meine Realit\u00e4t und habe von Beginn an alle Werkzeuge daf\u00fcr, um Reichtum zu kreieren<br \/>\nWenn es mir gut geht, geht es auch anderen Menschen gut.<br \/>\nEs ist genug f\u00fcr alle da.<br \/>\nIch g\u00f6nne mir und allen anderen Menschen ihren vollen Reichtum.<br \/>\nEs ist moralisch gut und richtig, Geld zu haben und in Wohlstand zu leben.<br \/>\nIch verdiene es, einen angenehmen Lebensstil zu leben.<br \/>\nAlles, was ich brauche, ist schon in mir angelegt.<br \/>\nIch bin sehr magnetisch und ein Magnet f\u00fcr Geld.<br \/>\nMeine finanzielle Situation verbessert sich in einem neuen Ausma\u00df.<br \/>\nEs ist sicher, Geld zu haben.<br \/>\nJeden Tag f\u00fchle ich mich wohler und wohler damit, Geld zu haben.<br \/>\nIch ziehe immer mehr und mehr Geld in mein Leben.<br \/>\nMeine Einnahmen \u00fcbersteigen meine Ausgaben.<br \/>\nMein Konto ist immer reichlich gef\u00fcllt.<br \/>\nIch liebe Geld und Geld liebt mich.<br \/>\nIch liebe Geld und Geld liebt mich.<br \/>\nGro\u00dfer Reichtum str\u00f6mt jetzt zu mir.<br \/>\nIch erschaffe jetzt mein wunderbares ideales Leben.<br \/>\nIch wei\u00df, dass ich im \u00dcberfluss lebe.<br \/>\nIch habe immer genug Geld f\u00fcr mich selbst.<br \/>\nJeden Tag und auf jede Weise werde ich immer wohlhabender.<br \/>\nIch w\u00e4hle Reichtum und \u00dcberfluss.<br \/>\nIch bin es wert, gro\u00dfen Erfolg zu haben.<br \/>\nMein gr\u00f6\u00dftes Gut kommt jetzt zu mir.<br \/>\nIch bin hellwach f\u00fcr meinen Reichtum.<br \/>\nIch bin wohlhabend, gesund, gl\u00fccklich und lebe im \u00dcberfluss.<br \/>\nGeld zu verdienen ist gut f\u00fcr mich und jeden in meinem Leben.<br \/>\nGeld ist ein wichtiger Teil meines Lebens.<br \/>\nAlle meine Probleme mit Reichtum sind verschwunden.<br \/>\nGeld ist positive Energie, die sich um alle meine Bed\u00fcrfnisse und W\u00fcnsche k\u00fcmmert.<br \/>\nGeld ist einfach eine Form des Energieaustauschs.<br \/>\nGott erlaubt mir in unersch\u00f6pflicher F\u00fclle zu leben.<br \/>\nIch darf in unersch\u00f6pflicher F\u00fclle leben.<br \/>\nAlles flie\u00dft und so flie\u00dft auch Geld zu mir.<br \/>\nIch bin wertvoll und reich.<\/p>\n<p>Quelle:\u00a0<a href=\"https:\/\/coachinglovers.com\/besser-leben\/78-affirmationen-zu-geld-und-reichtum\/\">78 Affirmationen zur Geld und Reichtum<\/a><\/p>\n","protected":false},"excerpt":{"rendered":"<p>Affirmationen Siehe: Werkzeuge\/Aussagen (Affirmationen) Die besten Affirmationen zu Geld und Reichtum Ich ziehe leicht und m\u00fchelos Geld an wie ein Magnet. Geld flie\u00dft einfach und st\u00e4ndig und auf allen erdenklichen Wegen zu mir. Ich habe immer mehr als genug Geld. Geld findet immer einen Weg auf mein Konto. Ich bin ein Geldmagnet. Ich verdiene leicht [&hellip;]<\/p>\n","protected":false},"author":1,"featured_media":0,"parent":3130,"menu_order":0,"comment_status":"closed","ping_status":"closed","template":"members-style1-nosidebar.php","meta":{"footnotes":"","_links_to":"","_links_to_target":""},"class_list":["post-3701","page","type-page","status-publish","hentry"],"_links":{"self":[{"href":"https:\/\/reich-sein.eu\/club\/wp-json\/wp\/v2\/pages\/3701","targetHints":{"allow":["GET"]}}],"collection":[{"href":"https:\/\/reich-sein.eu\/club\/wp-json\/wp\/v2\/pages"}],"about":[{"href":"https:\/\/reich-sein.eu\/club\/wp-json\/wp\/v2\/types\/page"}],"author":[{"embeddable":true,"href":"https:\/\/reich-sein.eu\/club\/wp-json\/wp\/v2\/users\/1"}],"replies":[{"embeddable":true,"href":"https:\/\/reich-sein.eu\/club\/wp-json\/wp\/v2\/comments?post=3701"}],"version-history":[{"count":1,"href":"https:\/\/reich-sein.eu\/club\/wp-json\/wp\/v2\/pages\/3701\/revisions"}],"predecessor-version":[{"id":3702,"href":"https:\/\/reich-sein.eu\/club\/wp-json\/wp\/v2\/pages\/3701\/revisions\/3702"}],"up":[{"embeddable":true,"href":"https:\/\/reich-sein.eu\/club\/wp-json\/wp\/v2\/pages\/3130"}],"wp:attachment":[{"href":"https:\/\/reich-sein.eu\/club\/wp-json\/wp\/v2\/media?parent=3701"}],"curies":[{"name":"wp","href":"https:\/\/api.w.org\/{rel}","templated":true}]}}