{"id":3876,"date":"2022-10-09T14:46:37","date_gmt":"2022-10-09T12:46:37","guid":{"rendered":"http:\/\/reich-sein.eu\/club\/?page_id=3876"},"modified":"2022-11-25T21:48:24","modified_gmt":"2022-11-25T19:48:24","slug":"engergie-schutz","status":"publish","type":"page","link":"https:\/\/reich-sein.eu\/club\/opfern\/engergie-schutz\/","title":{"rendered":"Engergie-Schutz"},"content":{"rendered":"<p><a href=\"http:\/\/reich-sein.eu\/club\/wp-content\/uploads\/2022\/10\/quadrat_Das-Leuchtende-Quadrat.jpg\"><img loading=\"lazy\" decoding=\"async\" class=\"aligncenter size-large wp-image-3878\" src=\"http:\/\/reich-sein.eu\/club\/wp-content\/uploads\/2022\/10\/quadrat_Das-Leuchtende-Quadrat-715x1024.jpg\" alt=\"\" width=\"715\" height=\"1024\" srcset=\"https:\/\/reich-sein.eu\/club\/wp-content\/uploads\/2022\/10\/quadrat_Das-Leuchtende-Quadrat-715x1024.jpg 715w, https:\/\/reich-sein.eu\/club\/wp-content\/uploads\/2022\/10\/quadrat_Das-Leuchtende-Quadrat-209x300.jpg 209w, https:\/\/reich-sein.eu\/club\/wp-content\/uploads\/2022\/10\/quadrat_Das-Leuchtende-Quadrat-768x1101.jpg 768w, https:\/\/reich-sein.eu\/club\/wp-content\/uploads\/2022\/10\/quadrat_Das-Leuchtende-Quadrat.jpg 1584w\" sizes=\"auto, (max-width: 715px) 100vw, 715px\" \/><\/a><\/p>\n<p><a href=\"http:\/\/reich-sein.eu\/club\/wp-content\/uploads\/2022\/10\/quadrat-1-883x1024.jpg\"><img loading=\"lazy\" decoding=\"async\" class=\"aligncenter size-large wp-image-3879\" src=\"http:\/\/reich-sein.eu\/club\/wp-content\/uploads\/2022\/10\/quadrat-1-883x1024-883x1024.jpg\" alt=\"\" width=\"883\" height=\"1024\" srcset=\"https:\/\/reich-sein.eu\/club\/wp-content\/uploads\/2022\/10\/quadrat-1-883x1024.jpg 883w, https:\/\/reich-sein.eu\/club\/wp-content\/uploads\/2022\/10\/quadrat-1-883x1024-259x300.jpg 259w, https:\/\/reich-sein.eu\/club\/wp-content\/uploads\/2022\/10\/quadrat-1-883x1024-768x891.jpg 768w\" sizes=\"auto, (max-width: 883px) 100vw, 883px\" \/><\/a><\/p>\n<ul>\n<li>59106951 &#8211; &#8222;Psychologischer Schutz gegen disharmonische Informationen&#8220;<\/li>\n<li>801 019 4918808 &#8211; &#8222;Psychologische Normierung (= Harmonisierung der) ANGST&#8220;.<\/li>\n<\/ul>\n<p class=\"entry-title\"><a href=\"https:\/\/transinformation.net\/20-effektive-wege-sich-zu-reinigen-und-vor-negativen-energien-zu-schuetzen\/\">20 EFFEKTIVE WEGE, SICH ZU REINIGEN UND VOR NEGATIVEN ENERGIEN ZU SCH\u00dcTZEN<\/a><\/p>\n<p><a href=\"https:\/\/abundancemindsetmama.com\/protect-your-energy\">Sch\u00fctze Deinen Energiek\u00f6rper<\/a><\/p>\n","protected":false},"excerpt":{"rendered":"<p>59106951 &#8211; &#8222;Psychologischer Schutz gegen disharmonische Informationen&#8220; 801 019 4918808 &#8211; &#8222;Psychologische Normierung (= Harmonisierung der) ANGST&#8220;. 20 EFFEKTIVE WEGE, SICH ZU REINIGEN UND VOR NEGATIVEN ENERGIEN ZU SCH\u00dcTZEN Sch\u00fctze Deinen Energiek\u00f6rper<\/p>\n","protected":false},"author":1,"featured_media":0,"parent":4018,"menu_order":0,"comment_status":"closed","ping_status":"closed","template":"members-style1-nosidebar.php","meta":{"footnotes":"","_links_to":"","_links_to_target":""},"class_list":["post-3876","page","type-page","status-publish","hentry"],"_links":{"self":[{"href":"https:\/\/reich-sein.eu\/club\/wp-json\/wp\/v2\/pages\/3876","targetHints":{"allow":["GET"]}}],"collection":[{"href":"https:\/\/reich-sein.eu\/club\/wp-json\/wp\/v2\/pages"}],"about":[{"href":"https:\/\/reich-sein.eu\/club\/wp-json\/wp\/v2\/types\/page"}],"author":[{"embeddable":true,"href":"https:\/\/reich-sein.eu\/club\/wp-json\/wp\/v2\/users\/1"}],"replies":[{"embeddable":true,"href":"https:\/\/reich-sein.eu\/club\/wp-json\/wp\/v2\/comments?post=3876"}],"version-history":[{"count":7,"href":"https:\/\/reich-sein.eu\/club\/wp-json\/wp\/v2\/pages\/3876\/revisions"}],"predecessor-version":[{"id":4484,"href":"https:\/\/reich-sein.eu\/club\/wp-json\/wp\/v2\/pages\/3876\/revisions\/4484"}],"up":[{"embeddable":true,"href":"https:\/\/reich-sein.eu\/club\/wp-json\/wp\/v2\/pages\/4018"}],"wp:attachment":[{"href":"https:\/\/reich-sein.eu\/club\/wp-json\/wp\/v2\/media?parent=3876"}],"curies":[{"name":"wp","href":"https:\/\/api.w.org\/{rel}","templated":true}]}}