{"id":4136,"date":"2022-10-19T19:46:36","date_gmt":"2022-10-19T17:46:36","guid":{"rendered":"http:\/\/reich-sein.eu\/club\/?page_id=4136"},"modified":"2022-11-24T15:12:06","modified_gmt":"2022-11-24T13:12:06","slug":"absichten","status":"publish","type":"page","link":"https:\/\/reich-sein.eu\/club\/mittel\/absichten\/","title":{"rendered":"Absichten"},"content":{"rendered":"<h2><span style=\"color: #0000ff;\"><strong>Absichten, W\u00fcnsche<\/strong><\/span><\/h2>\n<p>&nbsp;<\/p>\n<p><strong>ABSICHTEN KREIEREN, DIE SICH MANIFESTIEREN<\/strong><br \/>\n\u2013<br \/>\nWENN IHR EURE TR\u00c4UME SP\u00dcREN K\u00d6NNT, ERBL\u00dcHEN SIE*<\/p>\n<p>Meine lieben Freunde, wir lieben euch so sehr.<\/p>\n<p>Nehmt euch einige Minuten Zeit, nachdem ihr unsere Worte gelesen habt.<\/p>\n<ul>\n<li>Wie soll euer Leben in seinem weiteren Verlauf aussehen?<\/li>\n<li>Wer wollt ihr sein?<\/li>\n<li>Was wollt ihr haben?<\/li>\n<li>Wie wollt ihr eure Tage leben?<\/li>\n<li>Wie w\u00fcrde sich das anf\u00fchlen?<\/li>\n<\/ul>\n<p>Geht diesen Fragen ein paar Minuten lang nach.<\/p>\n<p>Einige von euch wissen mit gro\u00dfer Klarheit, was sie wollen. Manche von euch wissen es sehr detailliert, und andere unter euch kennen nur die Gef\u00fchle, die sie erleben m\u00f6chten. Beides ist bestens. Jeder von euch wird Vorstellungen von seinen Tr\u00e4umen im Sinn haben, die unterschiedlich detailliert sind, und das ist in Ordnung. Wenn ihr in euer Herz schaut, k\u00f6nnt ihr erkennen, von was ihr\u00a0<em>wisst<\/em>, dass ihr es wollt. Ihr wollt gl\u00fccklich sein. Ihr wollt euch sicher f\u00fchlen. Ihr w\u00fcnscht euch bestimmte Dinge und Situationen. Ihr wollt euch auf eine bestimmte Art und Weise f\u00fchlen und verhalten. Ihr wollt eure Tage voller Gnade und Anmut leben.<\/p>\n<p>Nehmt euch Zeit und macht, wenn ihr m\u00f6chtet, eine Liste von dem, was ihr wollt \u2026 so viele Dinge, Zust\u00e4nde und\/oder Situationen, wie euch einfallen. Sie k\u00f6nnen so allgemein oder so spezifisch sein, wie ihr m\u00f6chtet.<\/p>\n<p>Wenn ihr eure Liste dann begutachtet, achtet darauf, dass jeder Wunsch euch inspiriert und euch ein gutes Gef\u00fchl gibt, wenn ihr an ihn denkt. Versucht, Dinge nicht als Verneinung zu\u00a0<a href=\"https:\/\/erstkontakt.wordpress.com\/2021\/07\/18\/engel-botschaft-architekten-der-liebe-durch-ann-albers-17-juli-2021\/\">Engel-Botschaft: \u201eArchitekten der Liebe\u2026\u201c (durch Ann Albers) \u2013 17.Juli\u00a02021<\/a> formulieren. Wenn ihr zum Beispiel schreibt: \u201eIch m\u00f6chte schuldenfrei sein\u201c, liegt der Fokus dabei noch immer auf Schulden und wird bei den meisten von euch die Schwingung herabsetzen. Wie w\u00e4re es mit: \u201eIch m\u00f6chte ein Leben f\u00fchren, in dem ich mehr als genug habe\u201c?<\/p>\n<p>Welcher Gedanke, welche Aussage l\u00e4sst euch besser, lebendiger und inspirierter f\u00fchlen? Versucht einmal dies: Vergleicht \u201eIch will nicht allein sein!\u201c mit \u201eIch will eine freudige, gemeinsam sch\u00f6pferische Partnerschaft, in der wir zusammenpassen wie Hand und Handschuh und uns gegenseitig helfen, uns voller Freundlichkeit und Freude zu entfalten und zu wachsen.\u201c<\/p>\n<p>Welcher Gedanke f\u00fchlt sich besser an?<\/p>\n<p>Welcher Fokus f\u00fchlt sich mehr nach Liebe an?<\/p>\n<p>&nbsp;<\/p>\n<p>W\u00e4hrend ihr eure Liste durchgeht, lest euch selbst jede Aussage laut vor. Schlie\u00dft die Augen und atmet und wiederholt sie f\u00fcr euch selbst. Seid ehrlich, was eure Gef\u00fchle dabei angeht. Wenn ihr sagt: \u201eIch m\u00f6chte eine freudige Partnerschaft\u201c, ist da ein trauriges oder sarkastisches Gef\u00fchl von \u201eJa ja, klar\u201c in eurer Schwingung?<\/p>\n<p>Wenn ja, modifiziert die Absicht, bis ihr euch von dem Gef\u00fchl inspiriert f\u00fchlt, selbst wenn ihr sagen m\u00fcsst: \u201eIch beabsichtige, mich hoffnungsvoller in Bezug auf eine Partnerschaft zu f\u00fchlen.\u201c \u201eIch beabsichtige, Beispiele f\u00fcr gro\u00dfartige Beziehungen zu sehen.\u201c Diese Gedanken f\u00fchlen sich vielleicht weniger be\u00e4ngstigend und daher f\u00fcr den Moment inspirierender an. Ihr k\u00f6nnt eure Absichten immer modifizieren und erweitern, aber ihr m\u00fcsst entweder Absichten finden, die hochschwingende Gef\u00fchle inspirieren, oder andere Wege erkunden, hochschwingende Gef\u00fchle zu finden, denn immer und auf ewig ist es eure Schwingung, die diktiert, was ihr anzieht oder erlaubt.<\/p>\n<p>Ihr wisst das in Wirklichkeit. Ihr wisst, dass, wenn ihr euch gut f\u00fchlt und in einer hohen Schwingung seid, wunderbare Dinge mit Leichtigkeit in euer Leben zu flie\u00dfen scheinen. Wenn ihr euch schlecht f\u00fchlt oder \u00fcber eure eigenen Beine stolpert und in eine niedrigere Schwingung verfallt, steht ihr dem Guten, das in euer Leben flie\u00dfen m\u00f6chte, im Weg.<\/p>\n<p>Wir empfehlen euch hier nicht, euren Gef\u00fchlen auszuweichen.<\/p>\n<ul>\n<li>Manchmal m\u00fcsst ihr euch selbst gen\u00fcgend lieben, um euch durch ein negatives Gef\u00fchl hindurchzuarbeiten, ehe ihr eure Schwingung erh\u00f6hen k\u00f6nnt.<\/li>\n<li>Manchmal m\u00fcsst ihr euch ein wenig darin suhlen, bevor ihr es \u00fcberwinden k\u00f6nnt.<\/li>\n<li>Manchmal m\u00fcsst ihr es an jemand anderem auslassen, um zu sehen, dass das nicht funktioniert, ehe ihr eure innere Kraft zur\u00fcckgewinnen k\u00f6nnt.<\/li>\n<\/ul>\n<p>Es ist in Ordnung! Diese Dinge sind Teil der menschlichen Erfahrung und ihr lernt aus ihnen.<\/p>\n<p>Wenn ihr jedoch eure Absichten f\u00fcr das Leben entwerft, das ihr leben m\u00f6chtet, stellt sicher, dass ihr euch dabei gut f\u00fchlen k\u00f6nnt, andernfalls w\u00e4re es ratsam, eure Absichten etwas glaubw\u00fcrdiger und sich besser anf\u00fchlender zu machen. Dann k\u00f6nnt ihr Schritt f\u00fcr Schritt eure W\u00fcnsche erweitern, w\u00e4hrend ihr lernt, euch nach und nach hoffnungsvoller und besser mit ihnen zu f\u00fchlen.<\/p>\n<p>Eure Engel wollen, dass ihr alles Gute habt, was ihr euch w\u00fcnscht. Wir wissen, wie wir euch zu der\u00a0<em>Essenz<\/em>\u00a0all der Dinge f\u00fchren k\u00f6nnen, die ihr euch in vollkommener Anmut und Gnade w\u00fcnscht. Es kann sein, dass ihr sie nicht in genau der \u201c Form\u201c bekommt, die ihr euch w\u00fcnscht, denn manchmal wollt ihr etwas, das nicht wirklich das ist, was ihr meint, dass es ist! Manchmal wollt ihr einen Job oder ein Haus, der oder das nicht mit der Schwingung dessen \u00fcbereinstimmt, was ihr euch wirklich w\u00fcnscht. In diesen F\u00e4llen f\u00fchren wir euch zu einer perfekt mit eurer Schwingung resonierenden \u00dcbereinstimmung.<\/p>\n<p>Wenn ihr in einer hohen Schwingung seid, k\u00f6nnt ihr eure F\u00fchrung wahrnehmen.<\/p>\n<p>Wenn ihr in einer niedrigeren Schwingung seid, werdet ihr mit Menschen in der Welt zusammenkommen, die sich in einem \u00e4hnlichen Zustand befinden. Wenn in der Schwingung eine Nicht\u00fcbereinstimmung besteht, dann werden sich die Bedingungen verschieben und ihr werdet anderswohin gef\u00fchrt werden.<\/p>\n<p>Einzig eure Schwingung erm\u00f6glicht oder blockiert alles, was ihr euch w\u00fcnscht.<\/p>\n<p>Macht eine Liste von W\u00fcnschen und stellt sicher, dass ihr euch bei jedem einzelnen wirklich gut f\u00fchlen k\u00f6nnt. Wenn nicht, tretet ein wenig zur\u00fcck und erschafft sie dann zun\u00e4chst St\u00fcck f\u00fcr St\u00fcck, einen zur Zeit, bis eure erfolgreichen Mini-Manifestationen euch beweisen, dass Gott sich sehr wohl k\u00fcmmert und wir im Himmel immer daran wirken werden, euch auf jede erdenkliche Weise auf den Weg zu euren Tr\u00e4umen zu f\u00fchren.<\/p>\n<p>http:\/\/www.lichtderwelten.de\/index.php\/geistige-welt\/channelings-anderer\/ann-albers\/die-engel\u2013architekten-der-liebe<\/p>\n","protected":false},"excerpt":{"rendered":"<p>Absichten, W\u00fcnsche &nbsp; ABSICHTEN KREIEREN, DIE SICH MANIFESTIEREN \u2013 WENN IHR EURE TR\u00c4UME SP\u00dcREN K\u00d6NNT, ERBL\u00dcHEN SIE* Meine lieben Freunde, wir lieben euch so sehr. Nehmt euch einige Minuten Zeit, nachdem ihr unsere Worte gelesen habt. Wie soll euer Leben in seinem weiteren Verlauf aussehen? Wer wollt ihr sein? Was wollt ihr haben? Wie wollt [&hellip;]<\/p>\n","protected":false},"author":1,"featured_media":0,"parent":5069,"menu_order":0,"comment_status":"closed","ping_status":"closed","template":"members-style1-nosidebar.php","meta":{"footnotes":"","_links_to":"","_links_to_target":""},"class_list":["post-4136","page","type-page","status-publish","hentry"],"_links":{"self":[{"href":"https:\/\/reich-sein.eu\/club\/wp-json\/wp\/v2\/pages\/4136","targetHints":{"allow":["GET"]}}],"collection":[{"href":"https:\/\/reich-sein.eu\/club\/wp-json\/wp\/v2\/pages"}],"about":[{"href":"https:\/\/reich-sein.eu\/club\/wp-json\/wp\/v2\/types\/page"}],"author":[{"embeddable":true,"href":"https:\/\/reich-sein.eu\/club\/wp-json\/wp\/v2\/users\/1"}],"replies":[{"embeddable":true,"href":"https:\/\/reich-sein.eu\/club\/wp-json\/wp\/v2\/comments?post=4136"}],"version-history":[{"count":3,"href":"https:\/\/reich-sein.eu\/club\/wp-json\/wp\/v2\/pages\/4136\/revisions"}],"predecessor-version":[{"id":4139,"href":"https:\/\/reich-sein.eu\/club\/wp-json\/wp\/v2\/pages\/4136\/revisions\/4139"}],"up":[{"embeddable":true,"href":"https:\/\/reich-sein.eu\/club\/wp-json\/wp\/v2\/pages\/5069"}],"wp:attachment":[{"href":"https:\/\/reich-sein.eu\/club\/wp-json\/wp\/v2\/media?parent=4136"}],"curies":[{"name":"wp","href":"https:\/\/api.w.org\/{rel}","templated":true}]}}