{"id":4254,"date":"2022-10-21T18:10:11","date_gmt":"2022-10-21T16:10:11","guid":{"rendered":"http:\/\/reich-sein.eu\/club\/?page_id=4254"},"modified":"2022-11-24T15:14:51","modified_gmt":"2022-11-24T13:14:51","slug":"schreiben","status":"publish","type":"page","link":"https:\/\/reich-sein.eu\/club\/mittel\/schreiben\/","title":{"rendered":"Schreiben"},"content":{"rendered":"<h3><span style=\"color: #0000ff;\"><strong>Manifestations-Planer<\/strong><\/span><\/h3>\n<p>Jemand, der es ernst meint, seine Absichten (Tr\u00e4ume, W\u00fcnsche) wahr werden zu lassen, und mu\u00df mehr tun, als seine Zeit mit Manifestationstechniken der alten Schule zu verschwendet, die einfach nicht funktionieren.<\/p>\n<p>Eine einfache <strong>Manifestations-Handlung<\/strong>, die die meisten Menschen \u00fcbersehen, ist die <strong>Kraft der Worte mit der Kraft von Handlungen zu verbinden, indem <span style=\"color: #0000ff;\">Dinge einfach aufgeschrieben werden.<\/span><\/strong><\/p>\n<p><span style=\"color: #0000ff;\"><strong>Das Aufschreiben Deiner Absichten stellt drei Dinge sicher:<\/strong><\/span><\/p>\n<ol>\n<li>Du wei\u00dft genau, was Du willst (keine verwaschenen Ziele!)<\/li>\n<li>Du hast bereits damit begonnen, Deine Ziele in der realen Welt zu manifestieren. (Sie befinden sich jetzt auf einem St\u00fcck Papier, das Du Dir ansehen kannst!)<\/li>\n<li>Du kannst Deinen eigenen Fortschritt st\u00e4ndig \u00fcberpr\u00fcfen, w\u00e4hrend Du weiter machst.<\/li>\n<\/ol>\n<p><strong>Klicke hier, um Deinen Manifestations-Planer als PDF-Datei herunter zu laden!<\/strong><\/p>\n<p>&nbsp;<\/p>\n","protected":false},"excerpt":{"rendered":"<p>Manifestations-Planer Jemand, der es ernst meint, seine Absichten (Tr\u00e4ume, W\u00fcnsche) wahr werden zu lassen, und mu\u00df mehr tun, als seine Zeit mit Manifestationstechniken der alten Schule zu verschwendet, die einfach nicht funktionieren. Eine einfache Manifestations-Handlung, die die meisten Menschen \u00fcbersehen, ist die Kraft der Worte mit der Kraft von Handlungen zu verbinden, indem Dinge einfach [&hellip;]<\/p>\n","protected":false},"author":1,"featured_media":0,"parent":5069,"menu_order":0,"comment_status":"closed","ping_status":"closed","template":"members-style1-nosidebar.php","meta":{"footnotes":"","_links_to":"","_links_to_target":""},"class_list":["post-4254","page","type-page","status-publish","hentry"],"_links":{"self":[{"href":"https:\/\/reich-sein.eu\/club\/wp-json\/wp\/v2\/pages\/4254","targetHints":{"allow":["GET"]}}],"collection":[{"href":"https:\/\/reich-sein.eu\/club\/wp-json\/wp\/v2\/pages"}],"about":[{"href":"https:\/\/reich-sein.eu\/club\/wp-json\/wp\/v2\/types\/page"}],"author":[{"embeddable":true,"href":"https:\/\/reich-sein.eu\/club\/wp-json\/wp\/v2\/users\/1"}],"replies":[{"embeddable":true,"href":"https:\/\/reich-sein.eu\/club\/wp-json\/wp\/v2\/comments?post=4254"}],"version-history":[{"count":3,"href":"https:\/\/reich-sein.eu\/club\/wp-json\/wp\/v2\/pages\/4254\/revisions"}],"predecessor-version":[{"id":4257,"href":"https:\/\/reich-sein.eu\/club\/wp-json\/wp\/v2\/pages\/4254\/revisions\/4257"}],"up":[{"embeddable":true,"href":"https:\/\/reich-sein.eu\/club\/wp-json\/wp\/v2\/pages\/5069"}],"wp:attachment":[{"href":"https:\/\/reich-sein.eu\/club\/wp-json\/wp\/v2\/media?parent=4254"}],"curies":[{"name":"wp","href":"https:\/\/api.w.org\/{rel}","templated":true}]}}