{"id":4272,"date":"2022-10-21T20:38:07","date_gmt":"2022-10-21T18:38:07","guid":{"rendered":"http:\/\/reich-sein.eu\/club\/?page_id=4272"},"modified":"2022-11-23T22:46:00","modified_gmt":"2022-11-23T20:46:00","slug":"materie","status":"publish","type":"page","link":"https:\/\/reich-sein.eu\/club\/seins-dimensionen\/materie\/","title":{"rendered":"Materie"},"content":{"rendered":"<h2 class=\"title style-scope ytd-video-primary-info-renderer\"><span style=\"color: #0000ff;\"><strong>Die Magie des Kosmos<\/strong><\/span><\/h2>\n<p><em><strong>Das Gef\u00fchl der Angst wird durch die falsche Wahrnehmung der Wahrheit durch den Ego-Verstand hervorgerufen. Entscheiden Sie sich also, loszulassen und zu wissen, dass die Angst, das Gef\u00fchl der Angst, reine Illusion ist.<\/strong><\/em> (Christine Day)<\/p>\n<p>DAR\u00dcBER HINAUS?<\/p>\n<p><em>Woher kommen all diese Bed\u00fcrfnisse?<\/em><\/p>\n<p><em>Das Universum hat euch bereits mit allem ausgestattet, was ihr braucht, doch die meisten verbringen ihre Zeit damit, sich umzuschauen, um herauszufinden, was dahinter liegt.<\/em><br \/>\n<em>Gibt es etwas dar\u00fcber hinaus?<\/em><br \/>\n<em>Ja, wahrscheinlich.<\/em><\/p>\n<p><em>Die st\u00e4ndige Suche nach \u00e4u\u00dferen Quellen des Gl\u00fccks, der Liebe und der menschlichen Erf\u00fcllung h\u00e4lt euch jedoch getrennt und isoliert.<\/em><\/p>\n<p><em>Schauen Sie nach innen auf das, was Sie bereits haben: Sie sind vollst\u00e4ndig. Nehmt es an.<\/em><\/p>\n<p>(Sch\u00f6pfer)<\/p>\n<p>&nbsp;<\/p>\n<h3 class=\"title style-scope ytd-video-primary-info-renderer\"><span style=\"color: #0000ff;\"><strong>Ist Zeit nur eine Illusion?\u00a0<\/strong><\/span><\/h3>\n<p><iframe loading=\"lazy\" title=\"YouTube video player\" src=\"https:\/\/www.youtube.com\/embed\/fmdwMxP_5ZA\" width=\"560\" height=\"315\" frameborder=\"0\" allowfullscreen=\"allowfullscreen\"><\/iframe><\/p>\n<h3 class=\"title style-scope ytd-video-primary-info-renderer\"><span style=\"color: #0000ff;\"><strong>Was ist Raum?\u00a0<\/strong><\/span><\/h3>\n<p><iframe loading=\"lazy\" title=\"YouTube video player\" src=\"https:\/\/www.youtube.com\/embed\/z2MhPH1GbME\" width=\"560\" height=\"315\" frameborder=\"0\" allowfullscreen=\"allowfullscreen\"><\/iframe><\/p>\n<h3 class=\"title style-scope ytd-video-primary-info-renderer\"><span style=\"color: #0000ff;\"><strong>Universum oder Multiversum?\u00a0<\/strong><\/span><\/h3>\n<p><iframe loading=\"lazy\" title=\"YouTube video player\" src=\"https:\/\/www.youtube.com\/embed\/yiHFhwJtTZ0\" width=\"560\" height=\"315\" frameborder=\"0\" allowfullscreen=\"allowfullscreen\"><\/iframe><\/p>\n<h3 class=\"title style-scope ytd-video-primary-info-renderer\"><span style=\"color: #0000ff;\"><strong>Der Quantensprung<\/strong><\/span><\/h3>\n<p><iframe loading=\"lazy\" title=\"YouTube video player\" src=\"https:\/\/www.youtube.com\/embed\/-33etw1WNEM\" width=\"560\" height=\"315\" frameborder=\"0\" allowfullscreen=\"allowfullscreen\"><\/iframe><\/p>\n","protected":false},"excerpt":{"rendered":"<p>Die Magie des Kosmos Das Gef\u00fchl der Angst wird durch die falsche Wahrnehmung der Wahrheit durch den Ego-Verstand hervorgerufen. Entscheiden Sie sich also, loszulassen und zu wissen, dass die Angst, das Gef\u00fchl der Angst, reine Illusion ist. (Christine Day) DAR\u00dcBER HINAUS? Woher kommen all diese Bed\u00fcrfnisse? Das Universum hat euch bereits mit allem ausgestattet, was [&hellip;]<\/p>\n","protected":false},"author":1,"featured_media":0,"parent":2897,"menu_order":0,"comment_status":"closed","ping_status":"closed","template":"members-style1-nosidebar.php","meta":{"footnotes":"","_links_to":"","_links_to_target":""},"class_list":["post-4272","page","type-page","status-publish","hentry"],"_links":{"self":[{"href":"https:\/\/reich-sein.eu\/club\/wp-json\/wp\/v2\/pages\/4272","targetHints":{"allow":["GET"]}}],"collection":[{"href":"https:\/\/reich-sein.eu\/club\/wp-json\/wp\/v2\/pages"}],"about":[{"href":"https:\/\/reich-sein.eu\/club\/wp-json\/wp\/v2\/types\/page"}],"author":[{"embeddable":true,"href":"https:\/\/reich-sein.eu\/club\/wp-json\/wp\/v2\/users\/1"}],"replies":[{"embeddable":true,"href":"https:\/\/reich-sein.eu\/club\/wp-json\/wp\/v2\/comments?post=4272"}],"version-history":[{"count":10,"href":"https:\/\/reich-sein.eu\/club\/wp-json\/wp\/v2\/pages\/4272\/revisions"}],"predecessor-version":[{"id":4348,"href":"https:\/\/reich-sein.eu\/club\/wp-json\/wp\/v2\/pages\/4272\/revisions\/4348"}],"up":[{"embeddable":true,"href":"https:\/\/reich-sein.eu\/club\/wp-json\/wp\/v2\/pages\/2897"}],"wp:attachment":[{"href":"https:\/\/reich-sein.eu\/club\/wp-json\/wp\/v2\/media?parent=4272"}],"curies":[{"name":"wp","href":"https:\/\/api.w.org\/{rel}","templated":true}]}}