{"id":4352,"date":"2022-10-22T17:35:21","date_gmt":"2022-10-22T15:35:21","guid":{"rendered":"http:\/\/reich-sein.eu\/club\/?page_id=4352"},"modified":"2022-11-24T10:26:12","modified_gmt":"2022-11-24T08:26:12","slug":"befreiung","status":"publish","type":"page","link":"https:\/\/reich-sein.eu\/club\/opfern\/befreiung\/","title":{"rendered":"Befreiung"},"content":{"rendered":"<h2><span style=\"color: #0000ff;\"><strong>Deine Welt von innen nach au\u00dfen ver\u00e4ndern!<\/strong><\/span><\/h2>\n<p><em>&#8222;Wenn Du weiterhin nur auf dem Narrativ bestehst, da\u00df sich Deine \u00e4u\u00dfere Welt, d.h. Deine Finanzen, Deine Arbeit, Deine Beziehungen, Deine Regierungen und ihre Politik, \u00e4ndern m\u00fcssen, wirst Du weiterhin die Macht, Dein Leben zu \u00e4ndern, an <strong>etwas au\u00dferhalb von Dir abgeben<\/strong>. Es wird nicht wie erwartet funktionieren.<\/em><\/p>\n<p><strong><em>Die wahre Kraft zur Ver\u00e4nderung kommt in erster Linie aus Deinem Inneren.<\/em><\/strong><\/p>\n<p><span style=\"color: #0000ff;\"><strong><em>Du bist die Macht.<\/em><\/strong><\/span><\/p>\n<p><em>Wenn wir uns erlauben, uns wieder mit unserer <strong><span style=\"color: #0000ff;\">inneren G\u00f6ttlichkeit zu verbinden<\/span><\/strong>, w\u00e4chst diese Kraft, wird st\u00e4rker und strahlt auf die Welt da drau\u00dfen aus, <\/em><\/p>\n<p><em>und <strong>alles richtet sich tats\u00e4chlich nach unseren besten Absichten.<\/strong><\/em><\/p>\n<p><strong><em>Denn die Welt ver\u00e4ndert sich von innen nach au\u00dfen&#8220;.<\/em><\/strong><\/p>\n<p>&nbsp;<\/p>\n<h3><span style=\"color: #0000ff;\"><strong>&#8222;Ameno&#8220; von Red Army Choir &amp; Vincent Niclo<\/strong><\/span><\/h3>\n<p><a href=\"http:\/\/reich-sein.eu\/club\/wp-content\/uploads\/2022\/10\/Befreiung-von-Ketten.jpg\"><img loading=\"lazy\" decoding=\"async\" class=\"size-full wp-image-4367 alignnone\" src=\"http:\/\/reich-sein.eu\/club\/wp-content\/uploads\/2022\/10\/Befreiung-von-Ketten.jpg\" alt=\"\" width=\"685\" height=\"421\" srcset=\"https:\/\/reich-sein.eu\/club\/wp-content\/uploads\/2022\/10\/Befreiung-von-Ketten.jpg 685w, https:\/\/reich-sein.eu\/club\/wp-content\/uploads\/2022\/10\/Befreiung-von-Ketten-300x184.jpg 300w\" sizes=\"auto, (max-width: 685px) 100vw, 685px\" \/><\/a><\/p>\n<p><span style=\"color: #0000ff;\"><strong>Der legend\u00e4re Red Army Choir (Rote Armee-Chor)<\/strong><\/span> mit unvergessenen Auftritten, geschichtstr\u00e4chtigen Konzerten und ausverkauften Deutschlandtourneen haben das kollektive Ged\u00e4chtnis gepr\u00e4gt.<br \/>\nDer bombastische Klang des Chores transportiert wie keine andere Musik das, was die <span style=\"color: #0000ff;\"><strong>\u201erussische Seele&#8220;<\/strong><\/span> ausmacht: <span style=\"color: #0000ff;\"><strong>Sehnsucht, St\u00e4rke, Stolz und Leidenschaft.<\/strong><\/span> Zusammen mit dem franz\u00f6sischen Tenor Vincent Niclo gelang dem Chor ein starkes Album, mit einem kraftvollen Sound, der direkt unter die Haut geht.<\/p>\n<p><strong>Bringe mich rein<\/strong><br \/>\n<strong>Absorbiere mich, nimm mich auf<\/strong><br \/>\n<strong>Offenbare, offenbare<\/strong><br \/>\n<strong>Verstecke, verstecke dich (mich)<\/strong><br \/>\n<strong>Nimm mich auf<\/strong><\/p>\n<p>Offenbare unerwartete Zeichen, offenbare<br \/>\nErz\u00e4hle mir, erz\u00e4hle mir vom kriegerischen<br \/>\nGeist der M\u00e4rtyrer, offenbare<\/p>\n<p>Emuliere unerwartete Zeichen<br \/>\nOffenbare<br \/>\nEmuliere unerwartete Zeichen<\/p>\n<p>Offenbare<br \/>\nOffenbare das Schweigen<br \/>\nOffenbare, nimm mich auf<br \/>\nOffenbare, nimm mich auf<\/p>\n<p>Verrate die Soldaten<\/p>\n<p>Bringe mich weg<br \/>\nOffenbare, nimm mich auf<br \/>\nOffenbare, nimm mich auf<br \/>\nNimm mich auf, Soldat<\/p>\n<p>Offenbare<br \/>\nOffenbare<\/p>\n<p>Offenbare<br \/>\nUnerwartete Zeichen, offenbare<br \/>\nErz\u00e4hle mir, erz\u00e4hle mir vom kriegerischen<br \/>\nGeist der M\u00e4rtyrer, offenbare<\/p>\n<p>Emuliere unerwartete Zeichen<br \/>\nOffenbare<br \/>\nEmuliere unerwartete Zeichen<\/p>\n<p>Offenbare<br \/>\nOffenbare das Schweigen<br \/>\nOffenbare, nimm mich auf<br \/>\nOffenbare, nimm mich auf<\/p>\n<p>Verrate die Soldaten<br \/>\nBringe mich weg<br \/>\nOffenbare, nimm mich auf<br \/>\nOffenbare, nimm mich auf<br \/>\nNimm mich auf, Soldat<\/p>\n<p>Offenbare, offenbare<br \/>\nOffenbare, nimm mich auf<br \/>\nOffenbare, nimm mich auf<br \/>\nNimm mich auf<\/p>\n<p>Offenbare<br \/>\nOffenbare das Schweigen<br \/>\nOffenbare, nimm mich auf<br \/>\nOffenbare, nimm mich auf<\/p>\n<p>Verrate die Soldaten<br \/>\nBringe mich weg<br \/>\nOffenbare, nimm mich auf<br \/>\nOffenbare, nimm mich auf<\/p>\n<p>Offenbare,<br \/>\nOffenbare, offenbare<br \/>\nOffenbare, nimm mich auf<br \/>\nOffenbare<br \/>\nOffenbare, nimm mich auf<\/p>\n<p>Verrate die Soldaten<br \/>\nBringe mich weg, offenbare<br \/>\nOffenbare, nimm mich auf<br \/>\nOffenbare, offenbare, nimm mich auf<\/p>\n<p><iframe loading=\"lazy\" title=\"YouTube video player\" src=\"https:\/\/www.youtube.com\/embed\/S0dSe0JKna4\" width=\"560\" height=\"315\" frameborder=\"0\" allowfullscreen=\"allowfullscreen\"><\/iframe><\/p>\n<h3><strong><span style=\"color: #0000ff;\">Die spirituelle Seite eines pers\u00f6nlichen Aufstiegs: <\/span><\/strong><\/h3>\n<p><span style=\"color: #0000ff;\"><em><strong>Reinigen Sie Ihren Geist und erfahren Sie das Selbst<\/strong><\/em><\/span><\/p>\n<p>Wenn der Geist gereinigt ist, wird er f\u00e4hig, das Selbst zu reflektieren.<\/p>\n<p>Wir alle wissen, dass Spiegel in unseren H\u00e4usern h\u00e4ufig gereinigt werden m\u00fcssen. Aber haben Sie jemals innegehalten, um dar\u00fcber nachzudenken, wie wichtig es ist, die Spiegel Ihres Geistes zu reinigen?<\/p>\n<p>Was siehst du, wenn du in einen staubigen Spiegel schaust? Sie k\u00f6nnen Ihr Spiegelbild nicht sehr gut sehen, wenn \u00fcberhaupt. Der Staub ist im Weg. Es verschleiert das Bild. Wenn Sie sich selbst nicht klar im Spiegel sehen k\u00f6nnen, ist es f\u00fcr Sie schwieriger zu erkennen, wer Sie wirklich sind. Ihr Spiegelbild wird durch den Schmutz von anderen und von Ihnen selbst verborgen, der verdeckt, wer Sie wirklich tief in sich selbst sind.<\/p>\n<p>Dasselbe gilt f\u00fcr deinen Verstand! Um Ihr wahres Selbst zu sehen, muss Ihr Geist sauber und klar sein, damit die Meinungen oder Ideen anderer, wer Sie Ihrer Meinung nach sein sollten, nicht daran hindern k\u00f6nnen, ein angemessenes Selbstkonzept dar\u00fcber zu bilden, wer Sie wirklich sind.<\/p>\n<p><strong><span style=\"color: #0000ff;\">Welche Schritte sollte man unternehmen, um den Geist zu reinigen?<\/span><\/strong><\/p>\n<p>Es gibt viele M\u00f6glichkeiten, Ihre spirituelle Reise zu beginnen, aber <span style=\"color: #0000ff;\"><strong>der erste Schritt<\/strong><\/span> ist immer derselbe: <span style=\"color: #0000ff;\"><em><strong>Ihren Geist von jeglicher Negativit\u00e4t zu reinigen.<\/strong><\/em><\/span><\/p>\n<p>Dies kann durch regelm\u00e4\u00dfige <span style=\"color: #0000ff;\"><strong>Meditation und Gebet<\/strong><\/span>, insbesondere \u00fcber das Selbst, geschehen. Indem Sie sich auf die Vorstellung konzentrieren, dass Sie bedingungslos in sich selbst verliebt sind, werden Sie in der Lage sein, jegliche negative Energie freizusetzen, die m\u00f6glicherweise in Ihnen gefangen ist.<\/p>\n<p><strong>Meditation<\/strong> ist ein gro\u00dfartiges Werkzeug zur Selbstreflexion und erm\u00f6glicht es Ihnen, die Dinge aus einer neuen Perspektive zu sehen, sowie positives Karma aufzubauen und Ihre Spiritualit\u00e4t zu st\u00e4rken.<\/p>\n<p>Reinigen Sie den Geist, indem Sie erkennen, dass es <span style=\"color: #0000ff;\">nichts als das Selbst gibt.<\/span><\/p>\n<p><span style=\"color: #0000ff;\"><strong>Der zweite und wichtige Schritt<\/strong><\/span> ist: zu verstehen, dass <em><span style=\"color: #0000ff;\"><strong>es nichts als das Selbst gibt.<\/strong><\/span><\/em><\/p>\n<p>Das mag einfach klingen, ist aber auch sehr schwer wirklich zu verstehen. Die Welt um uns herum erscheint so real, und unser Verstand sagt uns, dass wir von anderen Menschen und Tieren getrennt sind. Aber wir erleben das Leben nur durch einen begrenzten Filter \u2013 einen Filter, der von unserem eigenen Verstand geschaffen wurde. Wenn Sie schon einmal die Welt ohne diesen Filter sehen konnten und sich dabei beobachten konnten, wie Sie die Welt beobachten, dann wissen Sie bereits, wovon ich spreche!<\/p>\n<p><strong><span style=\"color: #0000ff;\">Der dritte Schritt<\/span><\/strong> besteht darin, zu erkennen, dass <em><span style=\"color: #0000ff;\"><strong>es nichts anderes als das Selbst gibt.<\/strong><\/span><\/em><\/p>\n<p>In dieser Phase Ihrer Reise ist es wichtig, <span style=\"color: #0000ff;\"><strong>t\u00e4glich Meditation zu praktizieren,<\/strong><\/span> bis Sie nicht l\u00e4nger leugnen k\u00f6nnen, dass <span style=\"color: #0000ff;\"><strong>alles Existierende aus einer Singularit\u00e4t entspringt.<\/strong><\/span> Wenn Sie offen \u00fcber dieses Konzept meditieren, wird es Ihnen auch klar werden.<\/p>\n<p>Ein neues Verst\u00e4ndnis entsteht, wenn Sie erkennen, dass es<span style=\"color: #0000ff;\"> nichts als das Selbst gibt<\/span> \u2013 dass <span style=\"color: #0000ff;\">unsere Leben einfach Manifestationen eines zugrunde liegenden Bewusstseins<\/span> sind, das schon <span style=\"color: #0000ff;\">vor Anbeginn der Zeit existiert hat<\/span> und noch <span style=\"color: #0000ff;\">lange nach unserem Tod fortbestehen<\/span> wird. Diese Erkenntnis kann f\u00fcr diejenigen, die ihren Geist noch nicht durch Meditation gereinigt haben, eine unglaubliche Herausforderung darstellen. Sie m\u00fcssen <span style=\"color: #0000ff;\">alles loslassen, um inneren Frieden mit dem zu finden, was wirklich wichtig im Leben ist<\/span>: <strong><span style=\"color: #0000ff;\">Liebe, Mitgef\u00fchl f\u00fcr andere, wohlt\u00e4tiges Handeln und Erleuchtung durch regelm\u00e4\u00dfige Meditation.<\/span><\/strong><\/p>\n<p>Schlie\u00dflich, wenn alle anderen Schritte \u00fcberwunden sind und <span style=\"color: #0000ff;\">dein Geist von Ablenkungen befreit<\/span> ist, wirst du erfahren, dass es <span style=\"color: #0000ff;\">nichts als das Selbst gibt.<\/span><\/p>\n<p><span style=\"color: #0000ff;\">Reinige deinen Geist, damit du sehen kannst, dass es nichts als dein Selbst gibt.<\/span><\/p>\n<p><strong><span style=\"color: #0000ff;\">Es gibt keine Worte, um das Selbst zu beschreiben<\/span><\/strong>. Das Selbst ist jenseits der Beschreibung, jenseits des Denkens und jenseits der Sprache.<\/p>\n<p>Am besten kann ich es durch eine <span style=\"color: #0000ff;\">Analogie<\/span> beschreiben oder indem ich erkl\u00e4re, was es f\u00fcr das Individuum tun kann, das es erlebt: <span style=\"color: #0000ff;\">Das Wissen um das Selbst wird Sie mit unendlichem Gl\u00fcck, Freude und Frieden erf\u00fcllen, weil Sie erkennen, dass Sie vollst\u00e4ndig frei sind von allen zeitlichen und r\u00e4umlichen Begrenzungen<\/span>.<\/p>\n<p>Du erkennst, <span style=\"color: #0000ff;\">dass deiner wahren Natur als Bewusstsein, Gewahrsein oder Geist keine Grenzen gesetzt sind.<\/span><\/p>\n<p><span style=\"color: #0000ff;\">Du wei\u00dft, dass du vollkommen frei von Krankheit, Alter und Tod bist.<\/span><\/p>\n<p><span style=\"color: #0000ff;\">Je mehr Ihr Geist und K\u00f6rper mit Gl\u00fcckseligkeit erf\u00fcllt sind; desto intensiver wird deine Erfahrung des Selbst sein.<\/span> <strong><span style=\"color: #0000ff;\">Gl\u00fcckseligkeit ist ein Seinszustand<\/span><\/strong>, <span style=\"color: #0000ff;\">in dem der Geist so ruhig ist, dass er vollkommene innere Stille und Frieden erf\u00e4hrt.<\/span> W\u00e4hrend dieser gl\u00fcckseligen Momente versp\u00fcren Sie nirgendwo im K\u00f6rper Schmerz oder Unbehagen, was ein Hinweis darauf ist, dass Ihr Geist in der Lage ist, <span style=\"color: #0000ff;\">h\u00f6here Bewusstseinszust\u00e4nde jenseits des K\u00f6rperbewusstseins<\/span> zu erfahren.<\/p>\n<p>Bliss sch\u00fctzt Sie auch vor Angst sowie vor negativen Gedanken und Emotionen wie Wut, Lust, Gier oder Eifersucht, die viel Stress und Sorgen in Ihrem Leben verursachen k\u00f6nnen. <span style=\"color: #0000ff;\">Die Erfahrung tiefer innerer Gl\u00fcckseligkeit kommt von der F\u00e4higkeit, \u00fcber die Turbulenzen hinauszugehen, die durch diese negativen Gedanken und Emotionen verursacht werden<\/span>. <span style=\"color: #0000ff;\">Ein gl\u00fcckseliger Geist<\/span> wurde von allen negativen Tendenzen gereinigt und <span style=\"color: #0000ff;\">wird daher von Natur aus offen f\u00fcr positive Eigenschaften wie Liebe, Mitgef\u00fchl, Gro\u00dfz\u00fcgigkeit, Frieden und Freude.<\/span><\/p>\n<p><span style=\"color: #0000ff;\">Du existierst immer im ewigen Jetzt.<\/span> <span style=\"color: #0000ff;\">Das ewige Jetzt ist der einzige Moment, der existiert<\/span>. Es ist das Tor zur Ewigkeit, die Dimension der Zeitlosigkeit, die alle Zeit enth\u00e4lt. Das ewige Jetzt ist die Br\u00fccke zwischen Himmel und Erde. Es ist das Tor zur f\u00fcnften Dimension.<\/p>\n<p>Wir lieben dich sehr.<br \/>\nWir sind hier bei Ihnen.<br \/>\nWir sind deine Familie des Lichts.<\/p>\n<p>Aurora Ray<br \/>\nBotschafter der Galaktischen F\u00f6deration<\/p>\n<p>https:\/\/t.me\/+lkdrke5Aozc1OTNi<\/p>\n<p>https:\/\/t.me\/joinchat\/UDhEMir3-8gZfXGg<\/p>\n<p>&nbsp;<\/p>\n<h3><span style=\"color: #0000ff;\"><strong>Neue lichtvolle Zeit\u00a0<\/strong><\/span><\/h3>\n<p><strong>ALLURE VON LIL: Auf dem Weg aus der Dunkelheit ins Licht: Ein Wegweiser in und f\u00fcr die Neue Zeit (2022)<\/strong><\/p>\n<p><a href=\"https:\/\/amzn.to\/3CdwdNL\"><img loading=\"lazy\" decoding=\"async\" class=\"alignleft size-medium wp-image-3495\" src=\"http:\/\/reich-sein.eu\/club\/wp-content\/uploads\/2022\/09\/ALLURE-VON-LIL-Auf-dem-Weg-aus-der-Dunkelheit-ins-Licht-212x300.jpg\" sizes=\"auto, (max-width: 212px) 100vw, 212px\" srcset=\"https:\/\/reich-sein.eu\/club\/wp-content\/uploads\/2022\/09\/ALLURE-VON-LIL-Auf-dem-Weg-aus-der-Dunkelheit-ins-Licht-212x300.jpg 212w, https:\/\/reich-sein.eu\/club\/wp-content\/uploads\/2022\/09\/ALLURE-VON-LIL-Auf-dem-Weg-aus-der-Dunkelheit-ins-Licht.jpg 422w\" alt=\"\" width=\"212\" height=\"300\" \/><\/a>Die Welt, wie wir sie kannten, wurde und wird immer mehr auf den Kopf gestellt, nichts ist mehr stimmig, alles scheint nur noch von widerspr\u00fcchlichem, offensichtlichem Irrsinn gepr\u00e4gt zu sein. Diese Ver\u00e4nderung, die weltweit gerade stattfindet, beinhaltet etwas enorm Gro\u00dfes in sich, denn es gibt uns die M\u00f6glichkeit zu vereinfachen, zu entschleunigen und bringt in uns die Essenz, was wir wirklich sind, zum Vorschein. Die Illusionen l\u00f6sen sich immer mehr auf und zeigen uns, dass es von gr\u00f6\u00dfter Wichtigkeit ist, die Verbindung zu unserer Seele wahrzunehmen und zu st\u00e4rken. Wir werden ermutigt, uns allen\u00a0<strong>sozialen Zw\u00e4ngen<\/strong>,\u00a0<strong>antrainierten Glaubenss\u00e4tzen<\/strong>\u00a0und\u00a0<strong>gepr\u00e4gten Verhaltensmustern und Verhaltensregeln<\/strong>, die den vollen Ausdruck unserer Seele einschr\u00e4nken und unterdr\u00fccken, zu erkennen, zu hinterfragen und abzustreifen. Die st\u00e4ndig eintreffenden und bewusstseinserweiternden Energien sind ein Geschenk, denn sie verhelfen uns nicht nur zu einem h\u00f6heren Bewusstsein f\u00fcr die Dinge in uns selbst und unserem Leben, sondern sie lassen uns erkennen, was sich in unserem Leben wandeln und ver\u00e4ndern muss, um aus der Dunkelheit ins Licht zu gelangen und somit ein Wegweiser f\u00fcr und in die Neue Zeit sein werden. Tiefere Einsichten werden dann auftauchen, wenn wir diesen Wegweiser befolgen und lernen unserer Intuition zu vertrauen in dem Wissen, dass wir, zu dem was jetzt notwendig ist, gef\u00fchrt werden. Mit einem erwachten Bewusstsein werden neue Wurzeln entstehen, die uns aus der Dunkelheit ins Licht f\u00fchren und den Weg in die Neue Zeit ebnen, damit unser Seelenplan seine Erf\u00fcllung findet.<\/p>\n<p><a href=\"https:\/\/amzn.to\/3CdwdNL\"><strong>Buch HIER bestellen<\/strong><\/a><\/p>\n","protected":false},"excerpt":{"rendered":"<p>Deine Welt von innen nach au\u00dfen ver\u00e4ndern! &#8222;Wenn Du weiterhin nur auf dem Narrativ bestehst, da\u00df sich Deine \u00e4u\u00dfere Welt, d.h. Deine Finanzen, Deine Arbeit, Deine Beziehungen, Deine Regierungen und ihre Politik, \u00e4ndern m\u00fcssen, wirst Du weiterhin die Macht, Dein Leben zu \u00e4ndern, an etwas au\u00dferhalb von Dir abgeben. Es wird nicht wie erwartet funktionieren. [&hellip;]<\/p>\n","protected":false},"author":1,"featured_media":0,"parent":4018,"menu_order":0,"comment_status":"closed","ping_status":"closed","template":"members-style1-nosidebar.php","meta":{"footnotes":"","_links_to":"","_links_to_target":""},"class_list":["post-4352","page","type-page","status-publish","hentry"],"_links":{"self":[{"href":"https:\/\/reich-sein.eu\/club\/wp-json\/wp\/v2\/pages\/4352","targetHints":{"allow":["GET"]}}],"collection":[{"href":"https:\/\/reich-sein.eu\/club\/wp-json\/wp\/v2\/pages"}],"about":[{"href":"https:\/\/reich-sein.eu\/club\/wp-json\/wp\/v2\/types\/page"}],"author":[{"embeddable":true,"href":"https:\/\/reich-sein.eu\/club\/wp-json\/wp\/v2\/users\/1"}],"replies":[{"embeddable":true,"href":"https:\/\/reich-sein.eu\/club\/wp-json\/wp\/v2\/comments?post=4352"}],"version-history":[{"count":10,"href":"https:\/\/reich-sein.eu\/club\/wp-json\/wp\/v2\/pages\/4352\/revisions"}],"predecessor-version":[{"id":4820,"href":"https:\/\/reich-sein.eu\/club\/wp-json\/wp\/v2\/pages\/4352\/revisions\/4820"}],"up":[{"embeddable":true,"href":"https:\/\/reich-sein.eu\/club\/wp-json\/wp\/v2\/pages\/4018"}],"wp:attachment":[{"href":"https:\/\/reich-sein.eu\/club\/wp-json\/wp\/v2\/media?parent=4352"}],"curies":[{"name":"wp","href":"https:\/\/api.w.org\/{rel}","templated":true}]}}