{"id":4374,"date":"2022-10-22T19:30:35","date_gmt":"2022-10-22T17:30:35","guid":{"rendered":"http:\/\/reich-sein.eu\/club\/?page_id=4374"},"modified":"2022-11-24T15:32:18","modified_gmt":"2022-11-24T13:32:18","slug":"ich-bin","status":"publish","type":"page","link":"https:\/\/reich-sein.eu\/club\/seins-dimensionen\/bewusstsein\/begriffliches\/ich-bin\/","title":{"rendered":"ICH BIN"},"content":{"rendered":"<h2><span style=\"color: #0000ff;\"><strong>WAS IST &#8222;ICH BIN&#8220;?<\/strong><\/span><\/h2>\n<p>BY: Yvan Poirier &#8211; 7. September 2022.<\/p>\n<p>Gr\u00fc\u00dfe Liebe Br\u00fcder und Schwestern in der Ewigkeit,<\/p>\n<p>Viele spekulieren auf unterschiedliche Weise dar\u00fcber, was das &#8222;Ich Bin&#8220; ist, ohne zu erkennen, dass es alles und nichts ist. Ist es die Quelle oder eine Figur au\u00dferhalb der Geschichte, die sich dies oder das sagt? Das verwirrt, was wir wirklich sind.<\/p>\n<p>Was das Verst\u00e4ndnis einschr\u00e4nkt, ist, dass Menschen eine Art von \u00e4u\u00dferer Identifikation oder Projektion brauchen, um zu behaupten, sie seien dies oder jenes. Es kommt von einem tiefen Mangel an ANERKENNUNG ihrer Realit\u00e4t, die sicherlich nicht das ist, was sie glauben oder was sie \u00fcber Jahrhunderte in der Gefangenschaft geh\u00f6rt haben.<\/p>\n<p>So bringt jeder seinen Standpunkt auf seine Weise zum Ausdruck. Manche sagen, sie seien Lichtwesen, andere sagen, sie seien g\u00f6ttliche Wesen, alle m\u00f6glichen Aussagen, die den Anschein von Wahrheit haben, aber durch Geschichte, Religion, Esoterik oder irgendeine Lehre verzerrt sind.<\/p>\n<p>An dem Tag, an dem wir bejahen, dass all dies in uns ist, ohne uns mit &#8222;ich bin&#8220; jemandem oder etwas zu identifizieren, manifestiert sich eine neue Ver\u00e4nderung in uns.<\/p>\n<p>Dies kann jedoch Widerstand, Zweifel und Unwillen erzeugen, zu verstehen, dass das &#8222;Ich bin&#8220; weit jenseits aller Affirmationen liegt, denn es ist die Gesamtheit von allem, was existiert und allem, was nicht existiert, das Unsichtbare und das Ungeschaffene&#8230; das ALL und das NICHTS.<\/p>\n<p>Wir alle sind Sch\u00f6pfer und Mitsch\u00f6pfer der Sch\u00f6pfung selbst. Wir sind diejenigen, die dieses St\u00fcck und alle darin enthaltenen Schriften geschrieben haben, aber wir vergessen es, weil wir uns von der Illusion der Form dieser verg\u00e4nglichen Welt \u00fcberzeugen lassen.<\/p>\n<p>Wir m\u00fcssen erkennen, dass wir alle EINS sind, dass es die Grundlage der Sch\u00f6pfung ist, die sich durch uns ausdr\u00fcckt, und dass wir all dies bereits in uns sind. Wir sind der Anfang und das Ende des Werkes, das fleischgewordene Wort, der Weg, die Wahrheit und das Leben, wir sind das Absolute und die Ewigkeit. Es ist die Gesamtheit von ALL und Nichts, die sich in uns ausdr\u00fcckt. Sie umfasst auch die Geschichte der Seele und des Egos in der Dichte.<\/p>\n<p>In Wirklichkeit sind wir das &#8222;Nichts&#8220; in einer illusorischen, fl\u00fcchtigen, holografischen Welt. Es ist nur eine Repr\u00e4sentation der Energie der Quelle in der Materie, in der Dichte, in jedem Atom und jedem subatomaren Teilchen, von dem wir nur einen sehr kleinen Teil einnehmen, w\u00e4hrend 99,99999999% von dem, was man glaubt, nichts als Leere ist.<\/p>\n<p>K\u00f6nnte die Leere der unerkannte Teil sein? Auf jeden Fall! Die Leere stellt eine der unvermuteten Realit\u00e4ten der unaussprechlichen Liebe dar, die niemand zu erkl\u00e4ren oder zu analysieren vermag. Das bedeutet, dass &#8222;Ich bin&#8220; dieses oder jenes keinen intrinsischen Wert in unserer Welt hat, egal was wir glauben zu sein oder zu leisten, denn die Leere kann nicht durch irgendeine Logik identifiziert werden, sie lebt nur im Nullpunkt, im Schwarzen Feuerloch des schwingenden Herzens, wo uns alles offenbart wird.<\/p>\n<p>Wenn wir uns in diesem Zustand der Leere befinden, erleben wir eine Umarmung, die mit dem vibrierenden Herzen verbunden ist, eine Freude, einen Frieden, eine Gelassenheit, die ihresgleichen sucht, denn diese Leichtigkeit und die Freiheit, die sie freisetzt, wird uns in dieser unerkl\u00e4rlichen, unvermeidlichen und unermesslichen Erfahrung pr\u00e4sentiert. Wir stehen nicht mehr unter dem Einfluss der Sorgen des t\u00e4glichen LEBENS, denn wir werden EINS mit ihm in diesem Jetzt, wo Vergangenheit und Zukunft keine Rolle mehr spielen, nur der gegenw\u00e4rtige Moment dient als Kommunikationsgef\u00e4\u00df zwischen uns und der Resonanz des Vibrierenden Herzens.<\/p>\n<p>Es ist der Weg, allm\u00e4hlich in klare Zust\u00e4nde des Losgel\u00f6stseins einzutreten und uns der Intelligenz des Lichts zu \u00fcberlassen, die uns auf die Pfade der \u00dcberzeitlichkeit und der Ultrasynchronit\u00e4t f\u00fchrt. In diesem Raum ist kein Platz mehr f\u00fcr die Dualit\u00e4t, die uns trennt und in Zust\u00e4nden von Streit, \u00c4rger, \u00fcbersteigerten Kr\u00e4ften und kognitiven Dissonanzen h\u00e4lt.<\/p>\n<p>In dieser Leere wird <span style=\"color: #0000ff;\"><strong>das EINE Leben installiert,<\/strong><\/span> das sich dem gew\u00f6hnlichen Leben des Charakters gegen\u00fcberstellt, um uns in Schwingungszust\u00e4nde zu erheben, in denen sich Demut, Einfachheit, Transparenz, Authentizit\u00e4t und Kindheit in uns ausdr\u00fccken, weil wir EINS werden mit dem ALLEN. So dr\u00fcckt sich die undefinierbare Pr\u00e4senz des Ewigen Absoluten darin aus, dass DAS ALLES &#8222;Nichts&#8220; ist.<\/p>\n<p>Wenn wir dies leben, erkennen wir bewusst, dass die Realit\u00e4t des &#8222;Ich bin&#8220; nur ein winziger Teil des Ganzen ist, und es h\u00e4lt uns in der Demut des Seins ohne Identifikation, ohne Vergleich und ohne die Notwendigkeit, uns auf die eine oder andere Weise zu rechtfertigen.<\/p>\n<p>By Pressegalactique<\/p>\n<p><a href=\"https:\/\/t.me\/+lkdrke5Aozc1OTNi\">https:\/\/t.me\/+lkdrke5Aozc1OTNi<\/a><\/p>\n<p>&nbsp;<\/p>\n<p>&nbsp;<\/p>\n","protected":false},"excerpt":{"rendered":"<p>WAS IST &#8222;ICH BIN&#8220;? BY: Yvan Poirier &#8211; 7. September 2022. Gr\u00fc\u00dfe Liebe Br\u00fcder und Schwestern in der Ewigkeit, Viele spekulieren auf unterschiedliche Weise dar\u00fcber, was das &#8222;Ich Bin&#8220; ist, ohne zu erkennen, dass es alles und nichts ist. Ist es die Quelle oder eine Figur au\u00dferhalb der Geschichte, die sich dies oder das sagt? [&hellip;]<\/p>\n","protected":false},"author":1,"featured_media":0,"parent":2258,"menu_order":0,"comment_status":"closed","ping_status":"closed","template":"members-style1-nosidebar.php","meta":{"footnotes":"","_links_to":"","_links_to_target":""},"class_list":["post-4374","page","type-page","status-publish","hentry"],"_links":{"self":[{"href":"https:\/\/reich-sein.eu\/club\/wp-json\/wp\/v2\/pages\/4374","targetHints":{"allow":["GET"]}}],"collection":[{"href":"https:\/\/reich-sein.eu\/club\/wp-json\/wp\/v2\/pages"}],"about":[{"href":"https:\/\/reich-sein.eu\/club\/wp-json\/wp\/v2\/types\/page"}],"author":[{"embeddable":true,"href":"https:\/\/reich-sein.eu\/club\/wp-json\/wp\/v2\/users\/1"}],"replies":[{"embeddable":true,"href":"https:\/\/reich-sein.eu\/club\/wp-json\/wp\/v2\/comments?post=4374"}],"version-history":[{"count":2,"href":"https:\/\/reich-sein.eu\/club\/wp-json\/wp\/v2\/pages\/4374\/revisions"}],"predecessor-version":[{"id":4376,"href":"https:\/\/reich-sein.eu\/club\/wp-json\/wp\/v2\/pages\/4374\/revisions\/4376"}],"up":[{"embeddable":true,"href":"https:\/\/reich-sein.eu\/club\/wp-json\/wp\/v2\/pages\/2258"}],"wp:attachment":[{"href":"https:\/\/reich-sein.eu\/club\/wp-json\/wp\/v2\/media?parent=4374"}],"curies":[{"name":"wp","href":"https:\/\/api.w.org\/{rel}","templated":true}]}}