{"id":4449,"date":"2022-10-23T19:33:36","date_gmt":"2022-10-23T17:33:36","guid":{"rendered":"http:\/\/reich-sein.eu\/club\/?page_id=4449"},"modified":"2022-11-25T17:42:30","modified_gmt":"2022-11-25T15:42:30","slug":"samadhi-tank","status":"publish","type":"page","link":"https:\/\/reich-sein.eu\/club\/spezielles\/samadhi-tank\/","title":{"rendered":"Samadhi-Tank"},"content":{"rendered":"<h2 draggable=\"false\"><span style=\"color: #0000ff;\"><strong>eBook: Im Floating-Tank abschalten, entspannen und auftanken<\/strong><\/span><\/h2>\n<div draggable=\"false\">\n<div draggable=\"false\"><strong><span draggable=\"false\">In tiefer Entspannung Stress harmonisieren sowie\u00a0<\/span><span draggable=\"false\">neue Ideen und Energie erhalten.<\/span><\/strong><\/div>\n<\/div>\n<div draggable=\"false\">Das\u00a0<strong>Floaten\u00a0<\/strong>(oder Floating) im <strong>Isolations<\/strong>&#8211; bzw.<span style=\"color: #0000ff;\"><strong> Samadhi-Tank<\/strong><\/span> wird schon seit vielen Jahren als\u00a0<strong>Geheimtip<\/strong>\u00a0von Spitzensportlern, Managern und F\u00fchrungspers\u00f6nlichkeiten, Spezialisten, kreativ t\u00e4tigen Menschen<\/div>\n<div draggable=\"false\">&#8211; zur optimalen Vorbereitung auf anstehende <strong>Spitzenleistung<\/strong> bzw.<\/div>\n<div draggable=\"false\">&#8211; zum beschleunigten und besseren <strong>Lernen<\/strong> genutzt, wie auch von Menschen,<\/div>\n<div draggable=\"false\">&#8211; die ihre <strong>Selbstheilung<\/strong> massiv f\u00f6rdern wollen oder<\/div>\n<div draggable=\"false\">&#8211; ihr <strong>Bewu\u00dftsein<\/strong> erweitern m\u00f6chten.<\/div>\n<div draggable=\"false\">&#8211; Vor allem hilft der Floating-Tank<span draggable=\"false\">\u00a0schnell und wirksam <\/span><\/div>\n<div draggable=\"false\"><span draggable=\"false\">beim Abbau von\u00a0<strong>Stress<\/strong>\u00a0und\u00a0<\/span><span draggable=\"false\">gleichzeitig <\/span><\/div>\n<div draggable=\"false\"><span draggable=\"false\">bei der Erh\u00f6hung der\u00a0<strong>Stre\u00dftoleranz.<\/strong><\/span><\/div>\n<div draggable=\"false\">In einer k\u00f6rperwarmen Salzwasserl\u00f6sung schwebend (Floaten) wird der Nutzer von Au\u00dfenreizen abgeschirmt und gelangt schnell in eine Aktivierung des Ganzhirns und inneren Bewu\u00dftseins mit verschiedenen positiven Folgen.<\/div>\n<h4 draggable=\"false\"><span style=\"color: #0000ff;\"><strong>Drei Haupteinsatzgebiete des Floating-Tanks liegen<\/strong><\/span><\/h4>\n<p draggable=\"false\"><span style=\"color: #0000ff;\"><strong>1. in der spirituellen und mentalen Arbeit<\/strong><\/span><br \/>\n<span style=\"color: #0000ff;\"><strong>2. in der Heilungs-Arbeit<\/strong><\/span><br \/>\n<span style=\"color: #0000ff;\"><strong>3. in der Wellness-Bewegung, die den Floating-Tank als \u201eOrt der Ruhe\u201c nutzt.<\/strong><\/span><\/p>\n<h4 draggable=\"false\"><span style=\"color: #0000ff;\"><strong><span draggable=\"false\">Vorteilhafte Wirkungen des Floating-Tanks:<\/span><span draggable=\"false\">\u00a0<\/span><\/strong><\/span><\/h4>\n<div draggable=\"false\">\n<div draggable=\"false\">\n<p>1.Floaten befreit das Gehirn durch Schwerelosigkeit von K\u00f6rperkontrolle gegen die Schwerkraft und kann sich nach innen wenden auf die Korrektur von Haltungs-, Muskel- und Skelettproblemen.<br \/>\n2.Floaten erm\u00f6glicht einfache und effektive Meditation durch Theta-Wellen-Produktion, was lebendige Erinnerungen und mentale Bilder, Hypnose, Kreativit\u00e4t und freie Assoziation, beschleunigtes Lernen und Gelassenheit am besten f\u00f6rdert.<br \/>\n3. Floaten bei sensorischer Deprivation schlie\u00dft die Verarbeitung externer Reize durch die linke Gehirnh\u00e4lfte aus und verbindet die linke mit der rechten Gehirnh\u00e4lfte f\u00fcr kreatives L\u00f6sen von Problemen und Entwickeln von Ideen,<br \/>\n4. Floaten bei sensorischer Deprivation h\u00e4lt die drei physiologischen Schichten des Gehirns (Stammhirn, Zwischenhirn und Gro\u00dfhirn) harmonisch und erh\u00f6ht dadurch das innere Bewu\u00dftsein.<br \/>\n5. Floaten reguliert die Neurochemikalien durch st\u00e4rkere Produktion von Endorphinen f\u00fcr geringeres Schmerzempfinden, euphorische Stimmung und nat\u00fcrliche Beruhigung sowie die f\u00fcr Stre\u00dferleben bzw. Krankheiten physischer Art (Bluthochdruck, Herzprobleme) und psychischer Art (Depression, Manie, Verwirrung) zust\u00e4ndigen Hormone.<br \/>\n6. Floaten erm\u00f6glicht bewu\u00dftes Biofeedback und Kontrolle bzw. mentale Beeinflussung von k\u00f6rperlichen Funktionen (z.B. bei Angst, Migr\u00e4ne, chronischen Schmerzen, bei Ausfallerscheinungen durch Schlaganfall oder Unf\u00e4llen, Blutdruck) so da\u00df die Floating-Therapie eine Art \u00dcbungsplatz f\u00fcr physiologische Manipulationen ist.<br \/>\n7. Floaten schafft Hom\u00f6ostase durch k\u00f6rperregulierende Funktionen bei instabilen K\u00f6rperzust\u00e4nden bzw. Stre\u00df durch andauernde Umwelteinfl\u00fcsse.<\/p>\n<h3><span style=\"color: #0000ff;\"><strong>Im Floating-Tank abschalten, entspannen und auftanken<\/strong><\/span><\/h3>\n<p><a href=\"https:\/\/www.wbarth.com\/wp-content\/uploads\/2020\/04\/Floating2.jpg\"><img loading=\"lazy\" decoding=\"async\" class=\"alignleft size-medium wp-image-2964\" src=\"https:\/\/www.wbarth.com\/wp-content\/uploads\/2020\/04\/Floating2-213x300.jpg\" sizes=\"auto, (max-width: 213px) 100vw, 213px\" srcset=\"https:\/\/www.wbarth.com\/wp-content\/uploads\/2020\/04\/Floating2-213x300.jpg 213w, https:\/\/www.wbarth.com\/wp-content\/uploads\/2020\/04\/Floating2-768x1080.jpg 768w, https:\/\/www.wbarth.com\/wp-content\/uploads\/2020\/04\/Floating2-728x1024.jpg 728w, https:\/\/www.wbarth.com\/wp-content\/uploads\/2020\/04\/Floating2.jpg 800w\" alt=\"\" width=\"213\" height=\"300\" \/><\/a><strong>Autor:\u00a0<\/strong>Dr. Wolf Barth<br \/>\n<strong>Verlag:<\/strong>\u00a0Selbstverlag, Haus 17, L-9840 Siebenaler<br \/>\n<strong>Auflage:<\/strong>\u00a02<br \/>\n<strong>Erscheinungsdatum:<\/strong>\u00a010.04.2020<br \/>\n<strong>Umfang.<\/strong>\u00a030 Seiten<\/p>\n<\/div>\n<p><strong>Gliederung:<\/strong><\/p>\n<p>1. Der \u201eTank\u201c mit vielen Begriffen und Wirkungen<br \/>\n2. Was ist ein Floating-Tank?<br \/>\n3. Was ist Floating bzw. Floaten im Samadhi-Tank?<br \/>\n4. Haupteinsatzgebiete von Floating-Tanks<br \/>\n5. Hauptwirkungen des Floatens<br \/>\n5.1. Basiseffekte<br \/>\n5.2. Physische Indikationen<br \/>\n5.3. Psychische Indikationen<br \/>\n5.4. Spirituelle Indikation<br \/>\n6. Der Zweck der Erfahrungen im Samadhi-Tank<br \/>\n6.1. Erleben von Wohlbefinden, Harmonie und Sch\u00f6nheit<br \/>\n6.2. intensive pers\u00f6nliche Begegnung und Erfahrung<br \/>\n6.3. das spirituelle, das mystische Erleben<br \/>\n6.4. Mentaltraining zur Manifestation<br \/>\n6.4.1. Funktion in Hinblick auf das Mentaltraining<br \/>\n6.5. Floaten zur Verbesserung k\u00f6rperlichen Fitness und im Leistungssport<br \/>\n7. Einsatz des Floating-Tanks im Wellness-Bereich<br \/>\n7.1. Floaten regeneriert und st\u00e4rkt die Widerstandsf\u00e4higkeit<br \/>\n7.2. Floaten bewirkt Sch\u00f6nheit und Attraktivit\u00e4t durch Entschlackung<br \/>\n7.3. Floaten streichelt die Seele<br \/>\n7.4. Floaten und Gesundheit<br \/>\n8. Vorteile des Floatens gegen\u00fcber anderen Angeboten<br \/>\n9. Wer sollte floaten? (Nutzer)<br \/>\n10. Wann ist Floaten nicht m\u00f6glich? (Nicht-Nutzer)<br \/>\n11. Platzangst im Tank?<br \/>\n13. Mega-Trends<br \/>\n13.1. Bewu\u00dftseins-Zeitalter<br \/>\n13.2. Wellness<br \/>\n14. Ressourcen<\/p>\n<\/div>\n<p><a href=\"https:\/\/www.wbarth.com\/im-floating-tank-abschalten-entspannen-und-auftanken\/\"><strong>eBook HIER bestellen<\/strong><\/a><\/p>\n","protected":false},"excerpt":{"rendered":"<p>eBook: Im Floating-Tank abschalten, entspannen und auftanken In tiefer Entspannung Stress harmonisieren sowie\u00a0neue Ideen und Energie erhalten. Das\u00a0Floaten\u00a0(oder Floating) im Isolations&#8211; bzw. Samadhi-Tank wird schon seit vielen Jahren als\u00a0Geheimtip\u00a0von Spitzensportlern, Managern und F\u00fchrungspers\u00f6nlichkeiten, Spezialisten, kreativ t\u00e4tigen Menschen &#8211; zur optimalen Vorbereitung auf anstehende Spitzenleistung bzw. &#8211; zum beschleunigten und besseren Lernen genutzt, wie auch von [&hellip;]<\/p>\n","protected":false},"author":1,"featured_media":0,"parent":2194,"menu_order":0,"comment_status":"closed","ping_status":"closed","template":"members-style1-nosidebar.php","meta":{"footnotes":"","_links_to":"","_links_to_target":""},"class_list":["post-4449","page","type-page","status-publish","hentry"],"_links":{"self":[{"href":"https:\/\/reich-sein.eu\/club\/wp-json\/wp\/v2\/pages\/4449","targetHints":{"allow":["GET"]}}],"collection":[{"href":"https:\/\/reich-sein.eu\/club\/wp-json\/wp\/v2\/pages"}],"about":[{"href":"https:\/\/reich-sein.eu\/club\/wp-json\/wp\/v2\/types\/page"}],"author":[{"embeddable":true,"href":"https:\/\/reich-sein.eu\/club\/wp-json\/wp\/v2\/users\/1"}],"replies":[{"embeddable":true,"href":"https:\/\/reich-sein.eu\/club\/wp-json\/wp\/v2\/comments?post=4449"}],"version-history":[{"count":4,"href":"https:\/\/reich-sein.eu\/club\/wp-json\/wp\/v2\/pages\/4449\/revisions"}],"predecessor-version":[{"id":5106,"href":"https:\/\/reich-sein.eu\/club\/wp-json\/wp\/v2\/pages\/4449\/revisions\/5106"}],"up":[{"embeddable":true,"href":"https:\/\/reich-sein.eu\/club\/wp-json\/wp\/v2\/pages\/2194"}],"wp:attachment":[{"href":"https:\/\/reich-sein.eu\/club\/wp-json\/wp\/v2\/media?parent=4449"}],"curies":[{"name":"wp","href":"https:\/\/api.w.org\/{rel}","templated":true}]}}