{"id":4521,"date":"2022-11-20T15:19:19","date_gmt":"2022-11-20T13:19:19","guid":{"rendered":"http:\/\/reich-sein.eu\/club\/?page_id=4521"},"modified":"2022-11-25T17:39:58","modified_gmt":"2022-11-25T15:39:58","slug":"glueck-und-erfuellung","status":"publish","type":"page","link":"https:\/\/reich-sein.eu\/club\/dr-wolf-barth\/glueck-und-erfuellung\/","title":{"rendered":"Gl\u00fcck und Erf\u00fcllung"},"content":{"rendered":"<h2><span style=\"color: #0000ff;\"><strong><em>\u201eWeisheiten f\u00fcr ein gl\u00fcckliches und erf\u00fclltes Leben.<\/em><\/strong><\/span><\/h2>\n<h2><span style=\"color: #0000ff;\"><strong><em>Auswahl Lebensregeln aus aller Welt\u201c<\/em><\/strong><\/span><\/h2>\n<p>Autoren:\u00a0<strong>Dr. Wolf Barth + Marie P\u00e9port\u00e1:\u00a0<\/strong><\/p>\n<p>Format: PDF-Datei<\/p>\n<p>Umfang: 68 Seiten<\/p>\n<p>Dateigr\u00f6\u00dfe: 2 MB<\/p>\n<div>(Wert: 20,- \u20ac)<\/div>\n<div><\/div>\n<div><a href=\"http:\/\/reich-sein.eu\/club\/wp-content\/uploads\/2022\/11\/Gratis-eBook_Weisheiten-f\u00fcr-ein-gl\u00fcckliches-und-erf\u00fclltes-Leben.pdf\"><img loading=\"lazy\" decoding=\"async\" src=\"http:\/\/reich-sein.eu\/club\/wp-content\/uploads\/2013\/07\/eCover-Weisheiten2-300x294.png\" alt=\"eCover-Weisheiten2\" width=\"300\" height=\"294\" \/><\/a><\/div>\n<h3><\/h3>\n<h3><a href=\"http:\/\/reich-sein.eu\/club\/wp-content\/uploads\/2022\/11\/Gratis-eBook_Weisheiten-f\u00fcr-ein-gl\u00fcckliches-und-erf\u00fclltes-Leben.pdf\"><strong>eBook HIER (oder mit Klick auf Titelbild) kostenfrei herunterladen<\/strong><\/a><\/h3>\n<div><\/div>\n<p>&nbsp;<\/p>\n","protected":false},"excerpt":{"rendered":"<p>\u201eWeisheiten f\u00fcr ein gl\u00fcckliches und erf\u00fclltes Leben. Auswahl Lebensregeln aus aller Welt\u201c Autoren:\u00a0Dr. Wolf Barth + Marie P\u00e9port\u00e1:\u00a0 Format: PDF-Datei Umfang: 68 Seiten Dateigr\u00f6\u00dfe: 2 MB (Wert: 20,- \u20ac) eBook HIER (oder mit Klick auf Titelbild) kostenfrei herunterladen &nbsp;<\/p>\n","protected":false},"author":1,"featured_media":0,"parent":1985,"menu_order":0,"comment_status":"closed","ping_status":"closed","template":"members-style1-nosidebar.php","meta":{"footnotes":"","_links_to":"","_links_to_target":""},"class_list":["post-4521","page","type-page","status-publish","hentry"],"_links":{"self":[{"href":"https:\/\/reich-sein.eu\/club\/wp-json\/wp\/v2\/pages\/4521","targetHints":{"allow":["GET"]}}],"collection":[{"href":"https:\/\/reich-sein.eu\/club\/wp-json\/wp\/v2\/pages"}],"about":[{"href":"https:\/\/reich-sein.eu\/club\/wp-json\/wp\/v2\/types\/page"}],"author":[{"embeddable":true,"href":"https:\/\/reich-sein.eu\/club\/wp-json\/wp\/v2\/users\/1"}],"replies":[{"embeddable":true,"href":"https:\/\/reich-sein.eu\/club\/wp-json\/wp\/v2\/comments?post=4521"}],"version-history":[{"count":8,"href":"https:\/\/reich-sein.eu\/club\/wp-json\/wp\/v2\/pages\/4521\/revisions"}],"predecessor-version":[{"id":5103,"href":"https:\/\/reich-sein.eu\/club\/wp-json\/wp\/v2\/pages\/4521\/revisions\/5103"}],"up":[{"embeddable":true,"href":"https:\/\/reich-sein.eu\/club\/wp-json\/wp\/v2\/pages\/1985"}],"wp:attachment":[{"href":"https:\/\/reich-sein.eu\/club\/wp-json\/wp\/v2\/media?parent=4521"}],"curies":[{"name":"wp","href":"https:\/\/api.w.org\/{rel}","templated":true}]}}