{"id":4691,"date":"2022-11-21T18:46:33","date_gmt":"2022-11-21T16:46:33","guid":{"rendered":"http:\/\/reich-sein.eu\/club\/?page_id=4691"},"modified":"2022-11-24T15:27:44","modified_gmt":"2022-11-24T13:27:44","slug":"segnen","status":"publish","type":"page","link":"https:\/\/reich-sein.eu\/club\/mittel\/besondere-reich-sein\/segnen\/","title":{"rendered":"Segnen"},"content":{"rendered":"<h2><span style=\"color: #0000ff;\"><strong>Segnen von Finanzen\u00a0<\/strong><\/span><\/h2>\n<p><strong>Beispiel \u2013 Segnungstext:<\/strong><\/p>\n<p><strong>All mein Wohlstand, meine Finanzen, mein Geld, mein Verm\u00f6gen, Besitz und Eigentum sind gesegnet im<\/strong><br \/>\n<strong>Inneren wie im \u00c4u\u00dferen, angehoben in ihrer G\u00d6TTLICHEN SCHWINGUNG zu meinem Wohle und zum Wohle meines Umfeldes.<\/strong><br \/>\n<strong>Ich bin voll LIEBE und DANKBARKEIT.<\/strong><br \/>\n<strong>Ich bin gesegnet und lebe in der g\u00f6ttlichen F\u00fclle.<\/strong><br \/>\n<strong>Ich bejahe den g\u00f6ttlichen Segen auf all meinem Wohlstand, meinen Finanzen, Besitz und Eigentum, meinem Verm\u00f6gen und Geld.<\/strong><br \/>\n<strong>Ich bin in tiefer LIEBE und DANKBARKEIT.<\/strong><br \/>\n<strong>Ich danke dem EWIGEN LIEBELICHT und dem HEILIGEN, EWIG-ALLEINEM SCH\u00d6PFERGEIST.<\/strong><br \/>\n<strong>Ich bin in der F\u00fclle und im universellen Energiefluss.<\/strong><br \/>\n<strong>Ich bin gesegnet und mein innerer Reichtum zeigt sich im \u00c4u\u00dferen. Die Sch\u00f6pfung ist F\u00fclle und Reichtum im \u00dcberfluss und ich bin Teil der Sch\u00f6pfung.<\/strong><br \/>\n<strong>Alles ist gesegnet.<\/strong><br \/>\n<strong>Danke. Mein Wohlstand ist gesegnet \u2013 meine Finanzen, mein Geld, alles was ich bin und habe ist gesegnet in der gro\u00dfen, ewigen ALL-LIEBE.<\/strong><br \/>\n<strong>Danke. In tiefer LIEBE und DANKBARKEIT.<\/strong><\/p>\n<p>Quelle:\u00a0<a href=\"https:\/\/avalon-earth.de\/files\/781\/starborn-1-segnungen.pdf\">starborn-1-segnungen<\/a><\/p>\n","protected":false},"excerpt":{"rendered":"<p>Segnen von Finanzen\u00a0 Beispiel \u2013 Segnungstext: All mein Wohlstand, meine Finanzen, mein Geld, mein Verm\u00f6gen, Besitz und Eigentum sind gesegnet im Inneren wie im \u00c4u\u00dferen, angehoben in ihrer G\u00d6TTLICHEN SCHWINGUNG zu meinem Wohle und zum Wohle meines Umfeldes. Ich bin voll LIEBE und DANKBARKEIT. Ich bin gesegnet und lebe in der g\u00f6ttlichen F\u00fclle. Ich bejahe [&hellip;]<\/p>\n","protected":false},"author":1,"featured_media":0,"parent":3130,"menu_order":0,"comment_status":"closed","ping_status":"closed","template":"members-style1-nosidebar.php","meta":{"footnotes":"","_links_to":"","_links_to_target":""},"class_list":["post-4691","page","type-page","status-publish","hentry"],"_links":{"self":[{"href":"https:\/\/reich-sein.eu\/club\/wp-json\/wp\/v2\/pages\/4691","targetHints":{"allow":["GET"]}}],"collection":[{"href":"https:\/\/reich-sein.eu\/club\/wp-json\/wp\/v2\/pages"}],"about":[{"href":"https:\/\/reich-sein.eu\/club\/wp-json\/wp\/v2\/types\/page"}],"author":[{"embeddable":true,"href":"https:\/\/reich-sein.eu\/club\/wp-json\/wp\/v2\/users\/1"}],"replies":[{"embeddable":true,"href":"https:\/\/reich-sein.eu\/club\/wp-json\/wp\/v2\/comments?post=4691"}],"version-history":[{"count":1,"href":"https:\/\/reich-sein.eu\/club\/wp-json\/wp\/v2\/pages\/4691\/revisions"}],"predecessor-version":[{"id":4692,"href":"https:\/\/reich-sein.eu\/club\/wp-json\/wp\/v2\/pages\/4691\/revisions\/4692"}],"up":[{"embeddable":true,"href":"https:\/\/reich-sein.eu\/club\/wp-json\/wp\/v2\/pages\/3130"}],"wp:attachment":[{"href":"https:\/\/reich-sein.eu\/club\/wp-json\/wp\/v2\/media?parent=4691"}],"curies":[{"name":"wp","href":"https:\/\/api.w.org\/{rel}","templated":true}]}}