{"id":4734,"date":"2022-11-21T21:47:00","date_gmt":"2022-11-21T19:47:00","guid":{"rendered":"http:\/\/reich-sein.eu\/club\/?page_id=4734"},"modified":"2022-12-04T12:32:33","modified_gmt":"2022-12-04T10:32:33","slug":"kurs-bewusstes-erschaffen","status":"publish","type":"page","link":"https:\/\/reich-sein.eu\/club\/manifestieren\/kurs-bewusstes-erschaffen\/","title":{"rendered":"Kurs Bewu\u00dftes Erschaffen"},"content":{"rendered":"<h2><span style=\"color: #0000ff;\"><strong>Dr. Wolf Barth: Kurs <em>&#8222;Bewu\u00dftes Erschaffen&#8220;<\/em><\/strong><\/span><\/h2>\n<p><span style=\"color: #0000ff;\"><strong>I. ER-Kennen: Begreife Dich<\/strong><\/span><br \/>\n1.\u00a0<span style=\"color: #0000ff;\"><strong>Sehe<\/strong>:<\/span>\u00a0Was siehst Du? Wahr-Nehmen, Licht ins Dunkel (Illusion, L\u00fcge, Betrug) bringen: m\u00e4nnlich (Was ist wahr? Was siehst Du? Du siehst nur mit dem Herzen gut)<br \/>\n2. <span style=\"color: #0000ff;\"><strong>ER-Lebe:<\/strong><\/span>\u00a0Was f\u00fchlst Du?\u00a0<strong>An-Nehmen<\/strong>, wie es ist, und <strong>Geben<\/strong>, was in Dir ist (Lebe Dich: Liebe): weiblich<br \/>\n3. <span style=\"color: #0000ff;\"><strong>ER-Kenne<\/strong><\/span>: Wer bist Du? Erkenne D-ICH als g\u00f6ttliches Wesen: ICH B IN<br \/>\n5. <strong><span style=\"color: #0000ff;\">ER-L\u00f6se<\/span>:<\/strong>\u00a0 Was blockiert Dich? Befreie Dich, Dein Ego, Deine Fremd-Programmierung<br \/>\n4. <span style=\"color: #0000ff;\"><strong>Wisse<\/strong><\/span>. Was wei\u00dft Du? Kenne die GESETZE des Universums, der Manifestation<br \/>\n6. <span style=\"color: #0000ff;\"><strong>Gehe:<\/strong><\/span>\u00a0Wohin gehst Du? Dein Weg als Sinn und Ziel\u00a0(ER-Fahrung, Ent-Wicklung, individuell-kollektive Aufgabe, Geh Deinen Weg!: Be-Wege Dich!) <em>&#8222;Das Leben ist ein Fluss. Wenn du es n\u00e4her betrachtest, dann wirst du sehen, dass sich alles in jedem Augenblick \u00e4ndert.&#8220;<\/em>\u00a0\u00a0(Drukpa Rinpoche, tibetischer Meister)\u00a0<em>\u201eEs ist besser, hoffnungsvoll zu reisen, als anzukommen\u201c<\/em>\u00a0 \u00a0(Shaolin-Meister)<br \/>\n7. <span style=\"color: #0000ff;\"><strong>Meistere<\/strong><\/span>\u00a0Was willst Du? Dich SELBST meistern (Dein Potential und Verm\u00f6gen:\u00a0wollen, sollen, m\u00fcssen, d\u00fcrfen, k\u00f6nnen)<\/p>\n<p><span style=\"color: #0000ff;\"><strong>II. ER-L\u00f6sen: Befreie Dich<\/strong><\/span><br \/>\n<em>&#8222;F\u00fchre\u00a0<b>uns<\/b>\u00a0nicht in Versuchung, sondern\u00a0<b>erl\u00f6se uns<\/b>\u00a0von dem\u00a0<b>B\u00f6sen\/S\u00fcnden<\/b>. (Denn dein ist das Reich und die Kraft und die Herrlichkeit in Ewigkeit.)<\/em> &#8211;\u00a0Matthaeus 6:13,\u00a0https:\/\/www.katholisch.de\/artikel\/39-das-vaterunser<br \/>\n<em><b>&#8222;Erl\u00f6se uns von<\/b>\u00a0dem B\u00f6sen&#8220;.\u00a0Gott m\u00f6ge mir helfen, fest und widerst\u00e4ndig zu sein, wo es darauf ankommt.<\/em><br \/>\n08. <span style=\"color: #0000ff;\"><strong>Spiritualit\u00e4t<\/strong><\/span><span style=\"color: #000000;\"> (Glauben und Wissen): unrichtige Glaubensmuster: Was glaubst Du? (Glaube nur an Dein h\u00f6heres Selbst)<\/span><br \/>\n09. <strong><span style=\"color: #0000ff;\">Mentalit\u00e4t<\/span> <\/strong>(Denken): falsche Denk-Gewohnheiten: Was denkst Du? (Gedankenstille)<br \/>\n10. <span style=\"color: #0000ff;\"><strong>Emotionalit\u00e4t<\/strong> <\/span>(F\u00fchlen): unerl\u00f6ste Konflikte und Traumata: Was f\u00fchlst Du? (Gef\u00fchlsneutralit\u00e4t oder positive Gef\u00fchle)<br \/>\n11. <strong><span style=\"color: #0000ff;\">Vitalit\u00e4t<\/span> <\/strong>(Energetisieren): blockierte und abgesaugte Energie: Wie stark sp\u00fcrst Du Dich? (voll geladen)<br \/>\n12. <strong><span style=\"color: #0000ff;\">Physikalit\u00e4t<\/span><\/strong> (Ver-K\u00f6rpern): kranker K\u00f6rper (Vergiftung): Wie fit ist Dein K\u00f6rper? (stark, beweglich, ausdauernd)<br \/>\n13. <strong><span style=\"color: #0000ff;\">Sozialit\u00e4t<\/span><\/strong> (Ver-Handeln,\u00a0 Kommunizieren und Ko-Operieren): Wie verbunden und einig bist Du mit anderen? (Mitgef\u00fchl, Verstehen, Zusammengehen)<br \/>\n14. <span style=\"color: #0000ff;\"><strong>ER-Holen<\/strong><\/span> <strong>und Bewahren<\/strong> (Existieren, Da-Sein = Leben, Stille): Wie entspannt und still kannst Du sein?<\/p>\n<p>In der Stille liegt die gr\u00f6sste Offenbarung. (Laotse)<\/p>\n<p><span style=\"color: #0000ff;\"><strong>III. ER-Halten: Besch\u00fctze Dich<\/strong><\/span><br \/>\n15. <span style=\"color: #0000ff;\"><strong>Gottes Waffen-R\u00fcstung<\/strong><\/span> (gegen\u00fcber satanisch-feindlich-fremden Ein-Fl\u00fcssen)<br \/>\n16.\u00a0<span style=\"color: #0000ff;\"><strong>Heil<\/strong> <\/span>(Der Helm, &#8222;Tarnkappe&#8220;): Ganzes, Einheit, Harmonie, Gesundheit, Wohl. Himmlung<br \/>\n17. <span style=\"color: #0000ff;\"><strong>Glaube<\/strong>\u00a0<\/span>(Das Schutz-Schild): klare SELBST-Absicht (= g\u00f6ttlicher Wille)<br \/>\n18. <span style=\"color: #0000ff;\"><strong>Geist<\/strong><\/span> (Das Schwert): GEHIRN: Unterscheidung, Trennung<br \/>\n19. <span style=\"color: #0000ff;\"><strong>Wahrheit<\/strong><\/span> (Der Bauch-G\u00fcrtel) BAUCH und Niere<br \/>\n20. <span style=\"color: #0000ff;\"><strong>Gerechtigkeit<\/strong><\/span> (Der Brust-Panzer) HERZ, Mit-Gef\u00fchl f\u00fcr sich und alle anderen<br \/>\n(<em><strong>Auf Herz und Nieren pr\u00fcfen:\u00a0<\/strong><\/em>Etwas \u00e4u\u00dferst gr\u00fcndlich und gewissenhaft pr\u00fcfen oder jemanden sehr kritisch, skeptisch oder \u00fcbertrieben genau beurteilen. )<br \/>\n21. <span style=\"color: #0000ff;\"><strong>Kampf-Bereitschaft<\/strong><\/span>\u00a0(Die Schuhe &#8211; der Bereitschaft, f\u00fcr Gottes Frieden zu k\u00e4mpfen): F\u00dcSSE, ER-Dung<\/p>\n<p id=\"h-shaolin-weisheit-es-lohnt-sich-zu-kampfen-um-nicht-zu-kampfen\">Shaolin-Weisheit: <em>Es lohnt sich zu k\u00e4mpfen, um nicht zu k\u00e4mpfen<\/em><\/p>\n<p><em>\u201eWas ist Sinn des Kampfes? Ganz einfach: Kampfkunst ist nur ein Instrument, um viel \u00fcber sich und das Leben zu erfahren. Der h\u00e4rteste Kampf, der aber das Herausragendste aus uns hervorbringt, ist immer der Kampf mit uns selbst. Daf\u00fcr trainieren wir, daf\u00fcr meditieren wir: um diesen Kampf in uns mit uns zu gewinnen \u2013 und jenen mit anderen zu vermeiden.\u201c\u00a0<\/em>(<a href=\"https:\/\/www.carpediem.life\/a\/shaolin-moenche-und-ihre-stille-staerke-ordnung-im-kopf-zu-schaffen\">Shi Heng Yi, Abt des Shaolin-Klosters<\/a>)<\/p>\n<p><span style=\"color: #0000ff;\"><strong>IV. ER-Schaffen: Meistere Dich<\/strong><\/span><br \/>\n22.\u00a0<span style=\"color: #0000ff;\"><strong>SEINS-DIMENSIONEN<\/strong><\/span>\u00a0(Bewu\u00dftsein &gt; Information &gt; Energie\/Magie &gt; Materie=Ausformation)<br \/>\n23.\u00a0<span style=\"color: #0000ff;\"><strong>ZEIT und RAUM\u00a0<\/strong><\/span>(Hier und Jetzt Spontan-Heilung aus dem Nichts):\u00a0\u00a0&#8222;Zeit ist eine Illusion&#8220; (Einstein)<br \/>\n24. <strong><span style=\"color: #0000ff;\">Kommuniziere<\/span><\/strong> (<strong>Beten<\/strong>: <em>Bitten<\/em>, <strong>Meditieren<\/strong>: <em>Empfangen<\/em>)<br \/>\n25. <strong><span style=\"color: #0000ff;\">Kl\u00e4re<\/span><\/strong> (Klarheit schaffen: Ab-Sicht, was ist IHR, Mein, Dein, SEIN Wille?)<br \/>\n26. <span style=\"color: #0000ff;\"><strong>Konzentriere<\/strong><\/span> (Aus-Richten, Kon-Zen-Tration)<br \/>\n27. <strong><span style=\"color: #0000ff;\">Be-Geistere<\/span><\/strong> (INNERES Wahrnehmen und Erleben, Vor-Bild, Vor-Stellen, Imagination)<br \/>\n28. <strong><span style=\"color: #0000ff;\">Be-Wege<\/span><\/strong> (E-Motion der Vor-Freude, Herzens-W\u00fcnsche)<\/p>\n<p>https:\/\/www.wissenschaft-x.com\/what-einstein-meant-by-time-is-an-illusion<\/p>\n<p><strong><span style=\"color: #0000ff;\">V. ER-F\u00fcllen<\/span> \/ Magischer Proze\u00df: <span style=\"color: #0000ff;\">Verwirkliche Dich (Ich-Magie-Niere)<\/span><\/strong><br \/>\n29. <span style=\"color: #0000ff;\"><strong>Glaube<\/strong><\/span> (<strong>INFORMATION<\/strong>: klare <strong>Gedanken<\/strong>:\u00a0<em>Es geschieht nach Deinem Glauben!<\/em>)<br \/>\n30. <span style=\"color: #0000ff;\"><strong>Be-Stimme<\/strong> <\/span>(<strong>ENERGIE<\/strong>: Dekretiere, Ent-Scheide: emotionale <strong>Worte:\u00a0<\/strong><em>&#8222;Dein Wort\u00a0ist wahr und zuverl\u00e4ssig, HERR; f\u00fcr immer\u00a0gilt, was du entschieden hast.&#8220;<\/em> (Joh 17,17)\u00a0\u00a0<em>Lass sie in deiner g\u00f6ttlichen Wirklichkeit leben und weihe sie dadurch zum Dienst. Dein Wort erschlie\u00dft diese Wirklichkeit<\/em><br \/>\n31. <strong><span style=\"color: #0000ff;\">Be-<\/span><span style=\"color: #0000ff;\">Handle<\/span><\/strong> (<strong>MATERIE:<\/strong>\u00a0<strong>Taten<\/strong> im Glauben an die Richtigkeit der Entscheidung\/Worte und zum Wohle aller: \u00a0&#8222;<em>Es gibt nichts Gutes, au\u00dfer man tut Es!&#8220;<\/em>\u00a0(K\u00e4stner)<br \/>\n32. <strong><span style=\"color: #0000ff;\">Ver-Binde:<\/span> <\/strong>Geist (Himmlung), Erde (Erdung), Menschen (Gottes Menschen-Kinder, Verbr\u00fcderung)<br \/>\n33. <strong><span style=\"color: #0000ff;\">Ver-Traue:<\/span> <\/strong>Dir SELBST, den universellen Gesetzen<br \/>\n34. <strong><span style=\"color: #0000ff;\">Ver-Folge<\/span><\/strong>: Folge den Zeichen und Symbolen: &#8222;<em>Alles, was geschieht, ist Symbol.&#8220; (Goethe)<\/em><br \/>\n35. <span style=\"color: #0000ff;\"><strong>Voll-Bringe:<\/strong><\/span>\u00a0Voll-Endung, Danken: <em>&#8222;Es ist vollbracht&#8220; <\/em>(Jesus, Joh\u00a019,30\u00a0<small class=\"noprint\" title=\"Einheits\u00fcbersetzung bei www.bibleserver.com\">EU<\/small>)<\/p>\n<p><span style=\"color: #0000ff;\"><strong>VI. Werkzeuge:<\/strong><\/span><br \/>\n36. <strong>KENNEN<\/strong>: Wege zur Selbsterkenntnis<br \/>\n37. <strong>WISSEN<\/strong>: Heiliges Wissen<br \/>\n38. <strong>EINEN:<\/strong>\u00a0Heilige Verbindung (Einheit, Resonanz)<br \/>\n39. <strong>ENERGIE:<\/strong>\u00a0Erh\u00f6hung<br \/>\n40. <strong>HARMONIE<\/strong>: Gleichgewicht<br \/>\n41. <strong>MAGIE:\u00a0<\/strong><strong>KUNST\u00a0<\/strong><b>kommt von K\u00f6nnen<\/b><br \/>\n42. <strong>ARBEIT:<\/strong> zielgerichtetes Schaffen<\/p>\n<p><strong>VII. Verm\u00f6gen (Innen-Reichtum = K\u00f6nnen: F\u00e4higkeiten und Fertigkeiten)<\/strong><\/p>\n<ol>\n<li>Meine Gaben f\u00fcr dieses Leben<\/li>\n<li>Beten (Bitten, Fragen nach innen oben)<\/li>\n<li>Meditieren (in Stille nach innen oben gehen)<\/li>\n<li>Inspirieren (Empfangen)<\/li>\n<li>Channeln<\/li>\n<li>Wahr-Nehmen (innen und au\u00dfen)<\/li>\n<li>Denken (mit dem Kopf) und Mit-Denken<\/li>\n<li>F\u00fchlen (mit dem Herzen) und Mit-F\u00fchlen<\/li>\n<li>Sp\u00fcren (mit dem Bauch)<\/li>\n<li>Formulieren<\/li>\n<li>Sprechen (Aus-Dr\u00fccken)<\/li>\n<li>Kommunizieren (Verst\u00e4ndnis verbinden)<\/li>\n<li>Verhandeln (Interessen definieren, \u00dcbereinstimmung f\u00fcr Kooperation definieren)<\/li>\n<li>Telepathieren (im Inneren Verst\u00e4ndigen)<\/li>\n<li>Ritualisieren<\/li>\n<li>Energetisieren: Aura-Arbeit<\/li>\n<li><a href=\"https:\/\/www.tattva.de\/kunst-als-magischer-akt\/\">Kunst als magischer Akt<\/a><\/li>\n<\/ol>\n<p>&nbsp;<\/p>\n<p><strong>VIII. Praktiziere:<\/strong><\/p>\n<p>T\u00e4glich harter Arbeit an sich selbst \u00fcber Jahrzehnte.<br \/>\n<em>\u201eAlles im Leben hat zwei Seiten: Bei uns Menschen sind das Geist und K\u00f6rper. Beides k\u00f6nnen wir formen. <\/em><br \/>\n<em><strong>Den Geist<\/strong> \u00fcber Buddhismus, Konfuzianismus und Taoismus. <\/em><br \/>\n<em><strong>Den K\u00f6rper<\/strong> \u00fcber Kung-Fu, Qigong, Tai-Chi und\u00a0Meditation\u201c<\/em> (Shi Heng Yi, Abt des Shaolin-Klosters)<\/p>\n<p><em>&#8222;Auf dem Weg zur Erkenntnis gibt es zwei Fehler: <\/em><br \/>\n<em>erstens, ihn nicht zu beginnen, <\/em><br \/>\n<em>zweitens, ihn nicht zu Ende zugehen. &#8220;\u00a0<\/em>(Shi Heng Yi, Abt des Shaolin-Klosters)<\/p>\n<ul>\n<li>(Bewu\u00dftseins-)Zust\u00e4nde<\/li>\n<li>Geist<\/li>\n<li>Seele<\/li>\n<li>K\u00f6rper<\/li>\n<li>Schatten<\/li>\n<li>Innen und Au\u00dfen sowie Individuell und Kollektiv<\/li>\n<li>Spiral-Entwicklung<\/li>\n<\/ul>\n<h3><span style=\"color: #0000ff;\"><strong>Bestelle diese Kurs HIER<\/strong><\/span><\/h3>\n<p>Format: t\u00e4gliche Freischaltung einer Lektion auf dieser Seite im Reich-Sein-Club<\/p>\n<p>Preis: 1.200,00 \u20ac<\/p>\n<p>Dauer: 12 Monate<\/p>\n<p>Bezahlung per Paypal: wbarth@pt.lu<\/p>\n","protected":false},"excerpt":{"rendered":"<p>Dr. Wolf Barth: Kurs &#8222;Bewu\u00dftes Erschaffen&#8220; I. ER-Kennen: Begreife Dich 1.\u00a0Sehe:\u00a0Was siehst Du? Wahr-Nehmen, Licht ins Dunkel (Illusion, L\u00fcge, Betrug) bringen: m\u00e4nnlich (Was ist wahr? Was siehst Du? Du siehst nur mit dem Herzen gut) 2. ER-Lebe:\u00a0Was f\u00fchlst Du?\u00a0An-Nehmen, wie es ist, und Geben, was in Dir ist (Lebe Dich: Liebe): weiblich 3. ER-Kenne: Wer [&hellip;]<\/p>\n","protected":false},"author":1,"featured_media":0,"parent":4021,"menu_order":0,"comment_status":"closed","ping_status":"closed","template":"members-style1-nosidebar.php","meta":{"footnotes":"","_links_to":"","_links_to_target":""},"class_list":["post-4734","page","type-page","status-publish","hentry"],"_links":{"self":[{"href":"https:\/\/reich-sein.eu\/club\/wp-json\/wp\/v2\/pages\/4734","targetHints":{"allow":["GET"]}}],"collection":[{"href":"https:\/\/reich-sein.eu\/club\/wp-json\/wp\/v2\/pages"}],"about":[{"href":"https:\/\/reich-sein.eu\/club\/wp-json\/wp\/v2\/types\/page"}],"author":[{"embeddable":true,"href":"https:\/\/reich-sein.eu\/club\/wp-json\/wp\/v2\/users\/1"}],"replies":[{"embeddable":true,"href":"https:\/\/reich-sein.eu\/club\/wp-json\/wp\/v2\/comments?post=4734"}],"version-history":[{"count":90,"href":"https:\/\/reich-sein.eu\/club\/wp-json\/wp\/v2\/pages\/4734\/revisions"}],"predecessor-version":[{"id":5305,"href":"https:\/\/reich-sein.eu\/club\/wp-json\/wp\/v2\/pages\/4734\/revisions\/5305"}],"up":[{"embeddable":true,"href":"https:\/\/reich-sein.eu\/club\/wp-json\/wp\/v2\/pages\/4021"}],"wp:attachment":[{"href":"https:\/\/reich-sein.eu\/club\/wp-json\/wp\/v2\/media?parent=4734"}],"curies":[{"name":"wp","href":"https:\/\/api.w.org\/{rel}","templated":true}]}}